-- phpMyAdmin SQL Dump
-- version 5.2.1
-- https://www.phpmyadmin.net/
--
-- Host: localhost
-- Tempo de geração: 09/09/2024 às 02:04
-- Versão do servidor: 8.0.33
-- Versão do PHP: 8.2.4

SET SQL_MODE = "NO_AUTO_VALUE_ON_ZERO";
START TRANSACTION;
SET time_zone = "+00:00";


/*!40101 SET @OLD_CHARACTER_SET_CLIENT=@@CHARACTER_SET_CLIENT */;
/*!40101 SET @OLD_CHARACTER_SET_RESULTS=@@CHARACTER_SET_RESULTS */;
/*!40101 SET @OLD_COLLATION_CONNECTION=@@COLLATION_CONNECTION */;
/*!40101 SET NAMES utf8mb4 */;

--
-- Banco de dados: `fidelidade_ivone_cabelo_cia`
--

-- --------------------------------------------------------

--
-- Estrutura para tabela `cliente`
--

CREATE TABLE `cliente` (
  `CODIGO_CLIENTE` int NOT NULL,
  `NOME` varchar(65) CHARACTER SET utf8mb3 COLLATE utf8mb3_general_ci NOT NULL,
  `TELEFONE` varchar(45) DEFAULT NULL
) ENGINE=InnoDB DEFAULT CHARSET=utf8mb3;

--
-- Despejando dados para a tabela `cliente`
--

INSERT INTO `cliente` (`CODIGO_CLIENTE`, `NOME`, `TELEFONE`) VALUES
(3, 'Cecilia Muta', NULL),
(61, 'Dineis Zago Meurer', NULL),
(84, 'Mayra De Paula ( Amiga Da Fabyana)', NULL),
(91, 'Magda M. R. F. Valadares', NULL),
(99, 'Fernanda Souza Ribeiro', NULL),
(107, 'Alessandra Worm', NULL),
(156, 'Mary Freire', NULL),
(167, 'Marilia Valadares', NULL),
(176, 'Simone Odelh Freitas', NULL),
(189, 'Ana Beatriz Dias', '63992370947'),
(232, 'Jardeth Mª R. Casimiro Prado', '63984115724'),
(245, 'Leia Ayres Cavalcante', NULL),
(254, 'Gina Leite Goubart', NULL),
(259, 'Rogeria Bertoli C.', NULL),
(267, 'Alessandra F. Bragança', '63992273555'),
(273, 'Debora Regina H. Galan', '63984032810'),
(280, 'Isa O. Machado de Freitas', NULL),
(291, 'Poliana Rocha', NULL),
(314, 'Elizângela Rodrigues Fernandes Luz', '63999479225'),
(315, 'Rubia de Oliveira C. Martins', NULL),
(351, 'Denise Dias de Santana', NULL),
(370, 'Helena Johner', NULL),
(391, 'Alessandra de Fatima Soares (amiga Lorena)', '63981210912'),
(397, 'Eloa Hegele', '63984041170'),
(423, 'Anna Paula A. M. Falcão Coelho', '63999121906'),
(441, 'Geisa  Leite', NULL),
(490, 'Monica Soa Martins', '63999733443'),
(531, 'Edna Agnolin', NULL),
(596, 'Jordana O. Rocha (mãe Valentina)', NULL),
(606, 'Maria Ines Zago Garcia', NULL),
(619, 'Luiza Paula Fernandes', '63999859100'),
(622, 'Naima   Worm', NULL),
(634, 'Kelma Lima Souza Rodrigues', '63999965052'),
(649, 'Monica Teles Camargo', '6332154302'),
(661, 'Maria Tereza Lemes Moreira', '63984575602'),
(695, 'Gisele Bertollo', NULL),
(754, 'Maria de Lurdes [lurdinha]', NULL),
(763, 'Anna Paula Falcao', '63999121906'),
(824, 'Adriana Puertas Zago (bombom)', NULL),
(863, 'Ednalva Fidelis de Brito Valadares', NULL),
(869, 'Clara Maria Veloso Neves', '63992270416'),
(903, 'Samara Teles Camargo', NULL),
(1000, 'Kleber Cardoso', '63992927110'),
(1004, 'Beatriz Militao O. Gagliardi', '63984817462'),
(1046, 'Sueli  Moreto', NULL),
(1261, 'Francielly   Alcanfor', NULL),
(1330, 'Marina Bragança [filha da Alessandra]', NULL),
(1393, 'Natalia Ferraciolle Correa', NULL),
(1419, 'Nubia Zago Garcia[filha da Ines]', NULL),
(1455, 'Cleria Rezende Silveira', '63981014347'),
(1481, 'Kesia Abreu dos Santos', NULL),
(1487, 'Camilla Martins Malta', NULL),
(1542, 'Eliene Batista de Sousa', NULL),
(1634, 'Milena Rodrigues Costa (filha Leonilda)', NULL),
(1636, 'Martha Holanda', NULL),
(1706, 'Sônia Regina B. Almeida', NULL),
(1850, 'Irenilde Batista de Oliveira Neto', '63981027452'),
(1872, 'Maria das Graças ( Gracy )', NULL),
(1891, 'Jielly Cafe', NULL),
(1922, 'Flávia Almeida Valadares', '63999765094'),
(1951, 'Iris Campos (mãe Rosania Gente Classe)', NULL),
(1987, 'Ana Luisa Barros', NULL),
(2022, 'Talyanna F. Antunes', NULL),
(2037, 'Mônica Aparecida da Rocha Silva', '63999716166'),
(2201, 'Rita de Cássia', NULL),
(2213, 'Marinalva', NULL),
(2327, 'Cinthya Iaccino', '63999551277'),
(2418, 'Amanda Carvalho Cavalcante', '63985110364'),
(2499, 'Elizangela Gomes Medeiro (filha Rosa)', NULL),
(2565, 'Solange Costa', NULL),
(2586, 'Geovanna Alves Lima', NULL),
(2617, 'Carolina Tedecos Azevedo', NULL),
(2642, 'Patricia Martins Santos Aires', NULL),
(2725, 'Milza Sonia', '63992113565'),
(2759, 'Eliene Bandeira Barros Fragoso', '63992040852'),
(2788, 'Janaina Santo Amori de Carvalho', NULL),
(2881, 'Elenir Schelive', NULL),
(2992, 'Gabriella Cristine Novak', '63992313333'),
(2995, 'Ivone de Oliveira Dias Costa', NULL),
(3178, 'Anna Carolina Soares Lopes  ( Filha Da Ivanildes)', NULL),
(3179, 'Ivanildes Ferreira Lopes', NULL),
(3411, 'Flavia Mendes Ribeiro', NULL),
(3415, 'Jaqueline Assakawa Ludgero', '63992000909'),
(3429, 'Egrimarcia', NULL),
(3473, 'Rejane Haefliger', '63981216769'),
(3504, 'Fernanda Sena', NULL),
(3526, 'Rita Helena Galdiolly Paes', '63992277304'),
(3535, 'Aline Gonçalves França', '63984135838'),
(3555, 'Marilza Gomes da Silva', NULL),
(3661, 'Fabyana Candido Teles (esposa do Vinicim)', NULL),
(3814, 'Marta Bernardes Moreira', NULL),
(3861, 'Lariane Azevedo', NULL),
(3880, 'Rafaela Rocha', '63999392096'),
(3905, 'Ana Beatriz Bandeira Fragoso(filha Eliene)', NULL),
(3920, 'Mariane Jordão', '6332133006'),
(4031, 'Luciana Ribeiro Cançado', NULL),
(4050, 'Poliana(noiva)', NULL),
(4197, 'Angela Fornari', NULL),
(4224, 'Suely S P Silva', NULL),
(4247, 'Denise Maria Cabral Martins', NULL),
(4297, 'Kamila Gomes', NULL),
(4341, 'Eliane Costa Batista Coelho', NULL),
(4369, 'Sabrina Assakawa Ludgero(noiva)', NULL),
(4383, 'Maria de Fatima Lima Cardoso', NULL),
(4477, 'Marta Moreira Soares', NULL),
(4538, 'Nadia Cristina Araujo. ', NULL),
(4665, 'Rejane Hegele', NULL),
(4687, 'Naiuzy Leite', NULL),
(4692, 'Simone BARBOSA SILVEIRA', NULL),
(4709, 'Zilania Filgueira', NULL),
(4759, 'Leticia Vieira', NULL),
(4784, 'Claudia Dourado', NULL),
(4786, 'Milena Dourado Guimaraes', NULL),
(4801, 'Pollyana Mota Prates', NULL),
(4820, 'Valtair M Cardoso ( Mãe Fernanda Cardoso) Val', NULL),
(5028, 'Maria Das Dores Lustosa Da Siva( Tov )', NULL),
(5117, 'Marcia Maria Alves', NULL),
(5140, 'T', NULL),
(5156, 'Amelia Maria', NULL),
(5263, 'Vitoria Espintula', NULL),
(5277, 'Andreia Souza', NULL),
(5327, 'Mary Fregonesi', '63981105911'),
(5362, 'Pamela Patricia', '66996692157'),
(5375, 'Marcia Cavalcante', NULL),
(5424, 'Ione', NULL),
(5585, 'Estela', NULL),
(5612, 'Euliana', NULL),
(5658, 'Carolina Malta', NULL),
(5674, 'Ana Lucia', NULL),
(5741, 'Carolina Raquel Galan', NULL),
(5746, 'Romenia Lagare', NULL),
(5778, 'Vera Lucia Azevedo', NULL),
(5829, 'Virginha', NULL),
(5840, 'Marcia Noleto', NULL),
(5877, 'Anabelle R. Bandeira', '63981042021'),
(5887, 'Juliana Fernandes', NULL),
(5894, 'Larissa Silvestre', NULL),
(5907, 'Larissa Urzedo', '62999508183'),
(5908, 'Welita Cordeiro de Freitas', NULL),
(5972, 'Tatiane Alves', NULL),
(6056, 'Virginia', NULL),
(6073, 'Leomara Lopes Martins(amiga da Fabiana)', NULL),
(6124, 'Cristina Pereira Macedo De Oliveira (Amiga Da Carla Majully)', NULL),
(6142, 'Lucymara Pereira Lima', '63984428614'),
(6275, 'Lorena Marques Almeida', NULL),
(6322, 'Maria do Socorro Moreira Borges Toledo', '63984814936'),
(6327, 'Juliana Carvalho', NULL),
(6347, 'Marta', NULL),
(6399, 'Stela Angela', NULL),
(6452, 'Maria Andressa Ortega ( Mae da Ligia Ortega)', NULL),
(6579, 'Juliana Rodrigues (filha da Maria Salma)', NULL),
(6595, 'Rosangela Coutinho', NULL),
(6624, 'Talita', NULL),
(6695, 'Karine', NULL),
(6740, 'Anisia Batista Alves', NULL),
(6788, 'Anielle Souza Pereira', '63984536080'),
(6876, 'Virlene Queiroz Torres', NULL),
(7009, 'Amelia Dantas', NULL),
(7026, 'Neila Wollmann', '63992234024'),
(7064, 'Francielly Moreira da Silva Martins', NULL),
(7105, 'Luciana Santos Monturil', '63992216514'),
(7278, 'Sueli (mae da Maria Tereza Lemos)', NULL),
(7317, 'Jacquelinne Bete', NULL),
(7342, 'Sueli', NULL),
(7350, 'Marley', NULL),
(7409, 'Thelma Couto ( Tia Alessandra De Fatima)', NULL),
(7445, 'Fernanda', NULL),
(7481, 'Carla Pereira Gomes Pinheiro Majully', NULL),
(7505, 'Michele Araujo  ( Amiga Do Kleber)', '63985014424'),
(7528, 'Cyntia Regina Barnabé', NULL),
(7555, 'Suzi Pedal', NULL),
(7564, 'Roseli Bitzcof de Moura', NULL),
(7616, 'Lara Ferreira Galvão Melo', '63999911896'),
(7636, 'Silvia Barbosa', NULL),
(7670, 'Eflavia', NULL),
(7694, 'Poliana', NULL),
(7733, 'Kamila De Oliveira Lotze', '63984969942'),
(7766, 'Araida Dias Pereira', NULL),
(7828, 'Narranny Silva Martins', NULL),
(7834, 'Janaina Fogaça', '63985110197'),
(7851, 'Ana Lucia Coelho', NULL),
(7871, 'Geralda De Sousa Pacheco', NULL),
(7884, 'Lais', NULL),
(7901, 'Caroline Calaça  Maus', '63984060154'),
(7911, 'Zizeuda Almeida da Silva', NULL),
(7916, 'Luzia (mae da Ludne)', NULL),
(8021, 'Maria Dalva', NULL),
(8134, 'Suely Ferreira', NULL),
(8147, 'Selma Soledade', NULL),
(8149, 'Elisabete Antonia Poznicov', NULL),
(8156, 'Divina Aparecida Santana', NULL),
(8212, 'Gleysi Cardoso Duarte Muller', '63981132886'),
(8216, 'Ilian Maria Pinheiro Nolasco', NULL),
(8287, 'Fernanda Gouveia', '63984797323'),
(8312, 'Ana Carolina Matte', '63981041232'),
(8517, 'Leidiane Abalem', '63981212071'),
(8521, 'Aparecida Kristênia', '63984449621'),
(8559, 'Nara Cristiane Lopes Vasconos Barbosa', '63992694000'),
(8652, 'Eldice Aires', NULL),
(8653, 'Jaqueline Ribeiro Verre', NULL),
(8802, 'Lucia de Fatima Pinhal Caland', NULL),
(8814, 'Leila  Carrilho', NULL),
(8863, 'Damiana Rosena de Lima', NULL),
(8954, 'Patricia Tavares', NULL),
(8988, 'Silvana N. Galante Santos ( Igreja)', '63984480323'),
(9007, 'Pollyana Gomes De Souza Pimenta', '63992530147'),
(9010, 'Raquelina Maria Das Dores Nunes', NULL),
(9147, 'Amelia Lima (mel)', NULL),
(9163, 'Maria de Fatima Rodrigues da Silva', NULL),
(9226, 'Adla Quinta Fayad', NULL),
(9244, 'Sarah Gellonne', NULL),
(9362, 'Nelma Souza Mota', '63984753283'),
(9374, 'Regina Ferreira Rodrigues', '63984660120'),
(9390, 'Lucirene Pereira dos Santos', NULL),
(9392, 'Raiany Batista De Sousa', NULL),
(9394, 'Yasmin Oliveira (filha Da Caroline Terezinha)', NULL),
(9396, 'Gisa Lemos (irma da Elizangela da Chacara)', NULL),
(9401, 'Iranete Marinho Dias da Silva', NULL),
(9404, 'Poliana Alves Brito', NULL),
(9406, 'Lucila Trobine', NULL),
(9418, 'Paula Cristina Araujo', '63992434223'),
(9488, 'Luisa Bandeira Fragoso', ' '),
(9510, 'Lucia Helena Salao', NULL),
(9512, 'Nadia PEREIRA DA SILVA (mae Da Naisa)', NULL),
(9517, 'Luciana Manaia C Lopes Tov', NULL),
(9522, 'Aline Fabiane Rodrigues Brito', NULL),
(9541, 'Rita Carrijo', NULL),
(9550, 'Nayane O. Alvarenga', NULL),
(9589, 'Simone Dorosz', '63984048284'),
(9642, 'Antonia Carneiro de Sousa Neto Araujo', '63984730882'),
(9649, 'Ana Marta Rocha', NULL),
(9695, 'Eliane de Assis', NULL),
(9714, 'Agatha Prado', NULL),
(9740, 'Ana Paula Viana Oliveira', '63999732476'),
(9803, 'Eduada Cristina Alves de Araujo', '63992996262'),
(9829, 'Alana Cristina dos Santos Moarais', NULL),
(9831, 'Márcia Mendes Marques Braga', '63992032377'),
(9842, 'Simone Rodrigues de Noleto', NULL),
(9847, 'Rosangela Cruz Coelho Freitas ( Tov)', NULL),
(9860, 'Katia Cristina Costa', '63984907846'),
(9878, 'Juliana Vicente', NULL),
(9880, 'Elimara Cardoso Pereira', NULL),
(9930, 'Cristiane Saldanha', '63981255377'),
(9964, 'Maria Gloria Da Costa Xavier', NULL),
(9971, 'Fabiana Brugger Rodrigues', '981334472'),
(10008, 'Ana Cristina Dos Santos Andrade Tov', NULL),
(10020, 'Egidia Cipriano De Sousa', '63984735601'),
(10034, 'Edina Fernandes Leao', NULL),
(10059, 'PETRA OLIVEIRA BRITO', NULL),
(10068, 'Noeldina Cabral ( Dina)', NULL),
(10126, 'Gessi Morreira', NULL),
(10141, 'Cintia Campos Queiros De Sousa', '63984563300'),
(10154, 'Mirian Das Meces Perreira', NULL),
(10156, 'Flavya Fernandes Alencar', NULL),
(10183, 'Alice Gomes Soares', NULL),
(10185, 'Carmem Dias De Araujo', NULL),
(10195, 'Jussara Maysa', '63999141946'),
(10210, 'Ariadna De Aguiar Vieira Nascimento', NULL),
(10240, 'MARIA GILVANETE RODRIGUES', NULL),
(10247, 'Leidiane Cristaldo', NULL),
(10251, 'Aline Lacerda', NULL),
(10268, 'Maria Goretti Nunes', NULL),
(10289, 'Esffania Gonçalves Ferreira Pereira', '63999711703'),
(10309, 'Dhuliet  F. Katerine Milhomem ', '63999180758'),
(10322, 'Kellen Cristina Rodrigues', NULL),
(10326, 'Dahelma  Teles', NULL),
(10329, 'DIVINA ETERNA VASCONCELOS FALEIRO', NULL),
(10331, 'Sara Da Silva Lima', '63984473459'),
(10332, 'Elisa Teixeira', '63992970770'),
(10350, 'Juliana Selestrina', '66992193497'),
(10351, 'Gloria Marques', NULL),
(10367, 'Noemia Sirilo Cunha', '94991093056'),
(10369, 'TERENILZA S AMORIM', NULL),
(10404, 'Maria Luisa Vasconcelos', '63992903392'),
(10410, 'Iradian Pereira De Oliveira Morais', NULL),
(10419, 'Maisa Rodrigues Pacheco', NULL),
(10420, 'Cristiane Cardoso Moreira Pinto', '62996433348'),
(10424, 'Hedi Sogra Michele Fogaça', NULL),
(10442, 'Samarah Queiroz De Oliveira', NULL),
(10444, 'SHIRLEY MARTINS FERNANDES ABREU', NULL),
(10455, 'Deyse Lemes Dos Santos', NULL),
(10466, 'Eliene Fernandes Bandeira', NULL),
(10467, 'Maria Ieda Fernandes Bandeira ( Mae Da Eliene Fernandes)', NULL),
(10471, 'Jane Maciel', NULL),
(10473, 'Silvania Barbosa De Oliveira', '63992884718'),
(10474, 'Elma Perreira', NULL),
(10479, 'Naisa Tavares Da Silva', NULL),
(10488, 'Arlette Mascarenhas', '63992625251'),
(10492, 'Luiza ( Filha Da Gisa Lemos)', NULL),
(10493, 'Julia ( Filha Da Gisa Lemos)', NULL),
(10499, 'Samila Da Silva ( Fazenda Da Esperança)', NULL),
(10511, 'Mariangela  Martins De Sousa', '63999601576'),
(10515, 'Sandra Assunção', NULL),
(10518, 'Karoline Vasconcelos De Sousa', NULL),
(10525, 'Danielle Dias Danaga', '63984212529'),
(10548, 'Manuela Santana', NULL),
(10551, 'CANDIDA MARIA DA PAZ NONATO ( Tov)', NULL),
(10556, 'Clara Bueno', NULL),
(10557, 'Lilian Kelly Neves Souza Rodrigues', '63984531085'),
(10567, 'Adriana Cavalcante', '63999790275'),
(10578, 'Celi Matte', NULL),
(10588, 'Luzia Carmem De Oliveira Barroso', NULL),
(10609, 'Noeme Pacheco Tonaco', '63999929356'),
(10620, 'Raquel Correia Barros', NULL),
(10626, 'Rosane Marizete Possebon', NULL),
(10634, 'Luiza Vasques', NULL),
(10639, 'Carmelita Mae Da Luciana Furtado CCI', NULL),
(10641, 'Maria Teresa Vasconcelos', '63984472754'),
(10644, 'MARLI MARIA CARLOS', NULL),
(10668, 'Mironeide Feitosa Prado', NULL),
(10671, 'Ellen Campos', '63999406715'),
(10686, 'Alzira Parente Moreno', NULL),
(10691, 'Fernanda Cardoso', '62999402515'),
(10695, 'Meire Benardes De Lima', NULL),
(10696, 'Maria Cecilia Alves De Sousa Moura', '63984114360'),
(10698, 'Marina Sousa Vasconceclos', NULL),
(10701, 'Regina Rodrigues Renovato', NULL),
(10703, 'Eliana De Aquino Paris', NULL),
(10706, 'Maria Do Esperito Santo ( Diarista', NULL),
(10707, 'Mara Liliana Lopes De Amaral', '63992627281'),
(10708, 'Julliany Valina Cavalcante', NULL),
(10721, 'Stela Ribeira', '63984129794'),
(10726, 'Glacielle', NULL),
(10736, 'Valentina Rocha Dantas  ( Filha Da Jordana )', NULL),
(10740, 'Dinomar Alves De Oliveira Soares', NULL),
(10741, 'Jaqueline Borges', NULL),
(10743, 'CARLA DOS REIS CORREIA ALENCA', NULL),
(10753, 'BRENDA  MELO', NULL),
(10766, 'Joselucia Lima Silva De Alencar', NULL),
(10772, 'Denise ( Mae Da Giovanna Felipe)', NULL),
(10775, 'Dhovana Ceolin', NULL),
(10779, 'Carla Adriana Fliegner', NULL),
(10783, 'Katia Maria De Oliveira Lotze', NULL),
(10794, 'Zulmira Avelino Batista', NULL),
(10801, 'Ana Lucia Soares Carvalho Aguiar', NULL),
(10805, 'Ana Paula Oliveira Dorosz', NULL),
(10811, 'Thayse Sá', NULL),
(10817, 'Hadassa ( Filha Da Regina Ferreira)', NULL),
(10819, 'Maria Carolina Oliveira', NULL),
(10820, 'Roberta Mara De Oliveira Vergara', '63981053999'),
(10822, 'ELOISA PARENTE MORENO TAVARES DE SANTANA', NULL),
(10823, 'PEDRINA SOUSA', NULL),
(10824, 'Jaqueline Ghinato', NULL),
(10825, 'Gabriela ( Gaby) ( Filha Da Katia)', NULL),
(10826, 'Paula Gorge Maia', NULL),
(10827, 'Geane Gonçalves De A Lemida', NULL),
(10833, 'Sara Falcão', NULL),
(10835, 'Isabela Bonges Rodrugues', NULL),
(10837, 'Maria Lucia Umeno Alencar', '63996465089'),
(10839, 'Regina Olveira Perreira Ananias', NULL),
(10840, 'Maria Dos Santos Marinho', NULL),
(10842, 'Solange Martins De Oliveira', '63992455458'),
(10843, 'Leticia Paz Duarte', NULL),
(10849, 'Jullianny Alves  ( Corretora)', NULL),
(10850, 'Jhanna Oliveira', NULL),
(10851, 'FERNANDA GUTIEERREZ', NULL),
(10856, 'Marildes Martins Da Silva Rocha', NULL),
(10859, 'Bianca Mãe Leticia', NULL),
(10860, 'Ueliton Luiz F Da Silva', NULL),
(10861, 'Tereza Nel Wieczoren', NULL),
(10862, 'Maria Clara Remde', NULL),
(10863, 'IRAY MARCIA BADARÓ', NULL),
(10865, 'Altaides Ivo Dos Santos', NULL),
(10867, 'Luiz Guilherme ( Filho Da Maria Tereza)', NULL),
(10868, 'Andreza Brandão', NULL),
(10869, 'Solange M Oliveira', NULL),
(10875, 'Adriana  (Professora)', NULL),
(10876, 'Alzira ( Pedal)', NULL),
(10879, 'Dr. Edna', NULL),
(10880, 'Ana Flavia', NULL),
(10882, 'Naiulse', NULL),
(10883, 'Jusceli Segala', NULL),
(10885, 'Ana Marcia Coelho', NULL),
(10889, 'Anaides Siusa', NULL),
(10892, 'Rosemary Marcondes Accioly', NULL),
(10893, 'Lane Lima', NULL),
(10895, 'Maruzia Viana Carneiro', NULL),
(10898, 'DIONE RAMOS (PARQUE DOS IDOSOS)', NULL),
(10900, 'Solange ( Cliente Da Cleyde)', NULL),
(10902, 'Zilda Da Motta', NULL),
(10903, 'Ana Luisa  ( Afilhada Da Araida)', NULL),
(10904, 'Vania Oliveira', NULL),
(10906, 'Gerusa Rocha Pinto', NULL),
(10909, 'LUCIANA ( Irma Da Pollyana Pimenta)', NULL),
(10914, 'Rayzza Cavalcante', NULL),
(10917, 'Ileana', NULL),
(10918, 'Doralice ( Mae Da Maria Gilvanete', NULL),
(10920, 'Elisandra Scapin ( Cliente Da Cleyde)', NULL),
(10928, 'Zenaide Maciel Ramos', NULL),
(10929, 'Maria Da Penha Jesus', NULL),
(10933, 'Renata Murad', NULL),
(10938, 'Vag Lan Gomes Borges ( Cliente Cleyde)', NULL),
(10939, 'Fabiana Rodrigues Da Costa Barros', NULL),
(10940, 'Francielli Marina Daniel Carvalho', NULL),
(10941, 'Marcionita Dias Teixeira Azevedo', NULL),
(10943, 'Sabrina D Lisandro', NULL),
(10944, 'Adilza Oliveira Luz', NULL),
(10946, 'Paula Alencar', NULL),
(10948, 'IDINA ( Indicação Marisa Cabelerira)', NULL),
(10949, 'Sofia  ( Filha Da Lurdinha)', NULL),
(10950, 'Celia Souza (amiga Sara Renovato)', NULL),
(10952, 'Sarah ( Filha Da Lurdinha)', NULL),
(10955, 'Rita Ferreira Rego Rogdriues', NULL),
(10956, 'Cleidijane Avelino Do Amaral', NULL),
(10958, 'Luzia Nunes', NULL),
(10960, 'Cristiane W.d.m Ataides  ( Cliente Cleyde)', NULL),
(10977, 'LEA MARIA ALVES DE ALMEIDA', NULL),
(10984, 'Anna Kassia Silva Carvalho', NULL),
(10985, 'Carmita Rofrigues Dos Santos', NULL),
(10987, 'Maria Clara ( Fiha Da Maria Socorro)', NULL),
(10990, 'Juliana Irma Da Sabrina', NULL),
(10992, 'Lorena Gusmão', NULL),
(10993, 'VANESSA GUEDES', NULL),
(10996, 'Noemia Mendes Pinheiro', NULL),
(10997, 'Isabella Vieira', NULL),
(10998, 'Roseane Maria Jeronimo', NULL),
(11001, 'Claudia Perreira Gomes Pinheiro', NULL),
(11002, 'LAYNE Galvão Mendes (escola Alfabethus', NULL),
(11003, 'MEIRE DE OLIVEIRA', NULL),
(11004, 'Marcelina Rocha', NULL),
(11005, 'Joelma Luz', NULL),
(11009, 'Nilde Marques', NULL),
(11012, 'Suzana Avelar', NULL),
(11017, 'Fabiana Martins', NULL),
(11020, 'Mayara ( Filha Da Luzia Nunes)', NULL),
(11023, 'GARVONI DOS REIS GONÇALVES (VONI) ( MAE Geane)', NULL),
(11024, 'LUCILENE FREITAS DA SILVA ( ESPOSA DO MIGUEL DA ANEETHUN', NULL);

-- --------------------------------------------------------

--
-- Estrutura para tabela `pontos_expirados`
--

CREATE TABLE `pontos_expirados` (
  `CLIENTE_CODIGO_CLIENTE` int NOT NULL,
  `CODIGO_VENDA` int NOT NULL,
  `PONTOS` int NOT NULL DEFAULT '0',
  `DATA_EXPIRACAO` date NOT NULL
) ENGINE=InnoDB DEFAULT CHARSET=utf8mb3;

--
-- Despejando dados para a tabela `pontos_expirados`
--

INSERT INTO `pontos_expirados` (`CLIENTE_CODIGO_CLIENTE`, `CODIGO_VENDA`, `PONTOS`, `DATA_EXPIRACAO`) VALUES
(7105, 127941, 3, '2024-09-06'),
(5612, 127944, 1, '2024-09-06'),
(10473, 127945, 2, '2024-09-06'),
(10824, 127961, 1, '2024-09-08'),
(622, 127963, 3, '2024-09-08'),
(9374, 127965, 2, '2024-09-08'),
(3429, 127966, 4, '2024-09-08');

-- --------------------------------------------------------

--
-- Estrutura para tabela `pontos_periodo`
--

CREATE TABLE `pontos_periodo` (
  `CLIENTE_CODIGO_CLIENTE` int NOT NULL,
  `CODIGO_VENDA` int NOT NULL DEFAULT '0',
  `PONTOS` int NOT NULL DEFAULT '0',
  `DATA_PONTUACAO` date NOT NULL,
  `PONTOS_A_EXPIRAR` int NOT NULL DEFAULT '0',
  `DATA_EXPIRACAO` date DEFAULT NULL,
  `UTILIZADO` varchar(4) NOT NULL DEFAULT 'NAO'
) ENGINE=InnoDB DEFAULT CHARSET=utf8mb3;

--
-- Despejando dados para a tabela `pontos_periodo`
--

INSERT INTO `pontos_periodo` (`CLIENTE_CODIGO_CLIENTE`, `CODIGO_VENDA`, `PONTOS`, `DATA_PONTUACAO`, `PONTOS_A_EXPIRAR`, `DATA_EXPIRACAO`, `UTILIZADO`) VALUES
(10933, 127971, 4, '2024-03-09', 4, '2024-09-09', 'NAO'),
(10326, 127972, 2, '2024-03-09', 2, '2024-09-09', 'NAO'),
(9488, 127975, 2, '2024-03-09', 2, '2024-09-09', 'NAO'),
(397, 127978, 1, '2024-03-09', 1, '2024-09-09', 'NAO'),
(10868, 127982, 4, '2024-03-09', 4, '2024-09-09', 'NAO'),
(351, 127984, 3, '2024-03-09', 3, '2024-09-09', 'SIM'),
(5375, 127987, 1, '2024-03-11', 1, '2024-09-11', 'NAO'),
(10525, 127989, 1, '2024-03-11', 1, '2024-09-11', 'NAO'),
(2759, 127990, 2, '2024-03-12', 2, '2024-09-12', 'NAO'),
(10008, 127993, 4, '2024-03-12', 4, '2024-09-12', 'NAO'),
(4692, 128006, 1, '2024-03-14', 1, '2024-09-14', 'NAO'),
(8312, 128010, 1, '2024-03-14', 1, '2024-09-14', 'SIM'),
(391, 128018, 1, '2024-03-15', 1, '2024-09-15', 'NAO'),
(6788, 128021, 1, '2024-03-15', 1, '2024-09-15', 'NAO'),
(10824, 128022, 2, '2024-03-15', 2, '2024-09-15', 'NAO'),
(5375, 128023, 1, '2024-03-15', 1, '2024-09-15', 'NAO'),
(8216, 128024, 2, '2024-03-15', 2, '2024-09-15', 'NAO'),
(10471, 128026, 1, '2024-03-15', 1, '2024-09-15', 'NAO'),
(9642, 128029, 1, '2024-03-16', 1, '2024-09-16', 'NAO'),
(9007, 128030, 4, '2024-03-16', 4, '2024-09-16', 'NAO'),
(10753, 128031, 1, '2024-03-16', 1, '2024-09-16', 'NAO'),
(10473, 128033, 1, '2024-03-16', 1, '2024-09-16', 'SIM'),
(7317, 128036, 2, '2024-03-16', 2, '2024-09-16', 'NAO'),
(9488, 128037, 1, '2024-03-18', 0, '2024-09-18', 'NAO'),
(10671, 128039, 1, '2024-03-18', 0, '2024-09-18', 'NAO'),
(4369, 128043, 3, '2024-03-18', 0, '2024-09-18', 'NAO'),
(3814, 128047, 1, '2024-03-20', 0, '2024-09-20', 'NAO'),
(10289, 128048, 1, '2024-03-20', 0, '2024-09-20', 'NAO'),
(8517, 128053, 1, '2024-03-21', 0, '2024-09-21', 'NAO'),
(1046, 128054, 4, '2024-03-21', 0, '2024-09-21', 'SIM'),
(10420, 128057, 4, '2024-03-21', 0, '2024-09-21', 'NAO'),
(7901, 128061, 1, '2024-03-22', 0, '2024-09-22', 'NAO'),
(99, 128064, 1, '2024-03-22', 0, '2024-09-22', 'NAO'),
(1872, 128070, 1, '2024-03-23', 0, '2024-09-23', 'NAO'),
(1046, 128071, 2, '2024-03-23', 0, '2024-09-23', 'SIM'),
(10938, 128080, 8, '2024-03-23', 0, '2024-09-23', 'NAO'),
(10473, 128081, 2, '2024-03-23', 0, '2024-09-23', 'SIM'),
(9488, 128083, 1, '2024-03-23', 0, '2024-09-23', 'NAO'),
(10879, 128087, 4, '2024-03-25', 0, '2024-09-25', 'SIM'),
(441, 128089, 1, '2024-03-25', 0, '2024-09-25', 'NAO'),
(10820, 128090, 2, '2024-03-25', 0, '2024-09-25', 'NAO'),
(5375, 128092, 1, '2024-03-25', 0, '2024-09-25', 'NAO'),
(10350, 128094, 2, '2024-03-26', 0, '2024-09-26', 'NAO'),
(10939, 128098, 1, '2024-03-26', 0, '2024-09-26', 'NAO'),
(10557, 128103, 3, '2024-03-26', 0, '2024-09-26', 'SIM'),
(10940, 128110, 11, '2024-03-27', 0, '2024-09-27', 'SIM'),
(9860, 128118, 2, '2024-03-28', 0, '2024-09-28', 'NAO'),
(4247, 128119, 2, '2024-03-28', 0, '2024-09-28', 'NAO'),
(10885, 128125, 4, '2024-03-30', 0, '2024-09-30', 'NAO'),
(7694, 128126, 2, '2024-03-30', 0, '2024-09-30', 'NAO'),
(10941, 128129, 1, '2024-03-30', 0, '2024-09-30', 'NAO'),
(9392, 128132, 2, '2024-03-30', 0, '2024-09-30', 'NAO'),
(10701, 128142, 1, '2024-04-01', 0, '2024-10-01', 'NAO'),
(490, 128147, 2, '2024-04-02', 0, '2024-10-02', 'NAO'),
(10268, 128148, 3, '2024-04-02', 0, '2024-10-02', 'NAO'),
(5375, 128149, 1, '2024-04-02', 0, '2024-10-02', 'NAO'),
(4247, 128152, 1, '2024-04-02', 0, '2024-10-02', 'NAO'),
(10473, 128153, 1, '2024-04-02', 0, '2024-10-02', 'SIM'),
(10929, 128160, 3, '2024-04-03', 0, '2024-10-03', 'NAO'),
(8312, 128162, 1, '2024-04-04', 0, '2024-10-04', 'SIM'),
(10943, 128164, 1, '2024-04-04', 0, '2024-10-04', 'NAO'),
(10944, 128169, 2, '2024-04-04', 0, '2024-10-04', 'NAO'),
(9642, 128171, 1, '2024-04-04', 0, '2024-10-04', 'NAO'),
(9007, 128173, 2, '2024-04-04', 0, '2024-10-04', 'NAO'),
(863, 128176, 1, '2024-04-04', 0, '2024-10-04', 'NAO'),
(1706, 128177, 2, '2024-04-04', 0, '2024-10-04', 'NAO'),
(3429, 128180, 1, '2024-04-05', 0, '2024-10-05', 'NAO'),
(397, 128183, 2, '2024-04-05', 0, '2024-10-05', 'NAO'),
(622, 128184, 1, '2024-04-05', 0, '2024-10-05', 'NAO'),
(2759, 128186, 1, '2024-04-05', 0, '2024-10-05', 'NAO'),
(391, 128187, 2, '2024-04-05', 0, '2024-10-05', 'NAO'),
(3555, 128189, 4, '2024-04-05', 0, '2024-10-05', 'NAO'),
(3429, 128190, 1, '2024-04-05', 0, '2024-10-05', 'NAO'),
(7911, 128193, 1, '2024-04-05', 0, '2024-10-05', 'NAO'),
(10743, 128195, 1, '2024-04-05', 0, '2024-10-05', 'NAO'),
(10820, 128196, 1, '2024-04-06', 0, '2024-10-06', 'NAO'),
(10326, 128197, 3, '2024-04-06', 0, '2024-10-06', 'NAO'),
(9860, 128199, 1, '2024-04-06', 0, '2024-10-06', 'NAO'),
(10707, 128200, 6, '2024-04-06', 0, '2024-10-06', 'NAO'),
(10525, 128201, 1, '2024-04-06', 0, '2024-10-06', 'NAO'),
(2725, 128204, 1, '2024-04-06', 0, '2024-10-06', 'NAO'),
(9488, 128205, 1, '2024-04-06', 0, '2024-10-06', 'NAO'),
(6624, 128206, 3, '2024-04-06', 0, '2024-10-06', 'NAO'),
(10641, 128213, 3, '2024-04-08', 0, '2024-10-08', 'NAO'),
(9362, 128217, 1, '2024-04-09', 0, '2024-10-09', 'NAO'),
(10928, 128218, 2, '2024-04-09', 0, '2024-10-09', 'NAO'),
(9374, 128220, 1, '2024-04-09', 0, '2024-10-09', 'NAO'),
(5612, 128222, 1, '2024-04-09', 0, '2024-10-09', 'NAO'),
(167, 128223, 2, '2024-04-09', 0, '2024-10-09', 'NAO'),
(10515, 128224, 2, '2024-04-09', 0, '2024-10-09', 'NAO'),
(8559, 128226, 2, '2024-04-10', 0, '2024-10-10', 'NAO'),
(10322, 128227, 1, '2024-04-11', 0, '2024-10-11', 'NAO'),
(10849, 128233, 1, '2024-04-11', 0, '2024-10-11', 'NAO'),
(10948, 128234, 1, '2024-04-11', 0, '2024-10-11', 'NAO'),
(863, 128235, 1, '2024-04-11', 0, '2024-10-11', 'NAO'),
(7911, 128237, 1, '2024-04-12', 0, '2024-10-12', 'NAO'),
(10840, 128241, 1, '2024-04-12', 0, '2024-10-12', 'NAO'),
(649, 128243, 5, '2024-04-12', 0, '2024-10-12', 'NAO'),
(4692, 128248, 3, '2024-04-12', 0, '2024-10-12', 'NAO'),
(10950, 128257, 1, '2024-04-13', 0, '2024-10-13', 'NAO'),
(9714, 128258, 2, '2024-04-13', 0, '2024-10-13', 'NAO'),
(10444, 128262, 1, '2024-04-13', 0, '2024-10-13', 'NAO'),
(10949, 128265, 2, '2024-04-13', 0, '2024-10-13', 'NAO'),
(2759, 128266, 1, '2024-04-13', 0, '2024-10-13', 'NAO'),
(1046, 128267, 2, '2024-04-13', 0, '2024-10-13', 'SIM'),
(10895, 128270, 1, '2024-04-13', 0, '2024-10-13', 'NAO'),
(291, 128273, 3, '2024-04-13', 0, '2024-10-13', 'NAO'),
(8652, 128275, 1, '2024-04-15', 0, '2024-10-15', 'NAO'),
(5375, 128276, 1, '2024-04-15', 0, '2024-10-15', 'NAO'),
(10473, 128277, 1, '2024-04-15', 0, '2024-10-15', 'NAO'),
(10952, 128282, 2, '2024-04-15', 0, '2024-10-15', 'NAO'),
(10766, 128284, 1, '2024-04-16', 0, '2024-10-16', 'NAO'),
(2992, 128285, 2, '2024-04-16', 0, '2024-10-16', 'NAO'),
(1951, 128288, 1, '2024-04-16', 0, '2024-10-16', 'NAO'),
(10351, 128297, 2, '2024-04-17', 0, '2024-10-17', 'NAO'),
(10068, 128299, 2, '2024-04-18', 0, '2024-10-18', 'NAO'),
(10955, 128300, 1, '2024-04-18', 0, '2024-10-18', 'NAO'),
(10671, 128301, 1, '2024-04-18', 0, '2024-10-18', 'NAO'),
(9374, 128303, 1, '2024-04-18', 0, '2024-10-18', 'NAO'),
(596, 128306, 1, '2024-04-18', 0, '2024-10-18', 'NAO'),
(5327, 128307, 3, '2024-04-18', 0, '2024-10-18', 'NAO'),
(869, 128310, 1, '2024-04-18', 0, '2024-10-18', 'NAO'),
(6322, 128311, 5, '2024-04-18', 0, '2024-10-18', 'NAO'),
(10946, 128312, 2, '2024-04-18', 0, '2024-10-18', 'NAO'),
(9522, 128314, 1, '2024-04-19', 0, '2024-10-19', 'NAO'),
(10882, 128320, 2, '2024-04-19', 0, '2024-10-19', 'NAO'),
(3814, 128322, 1, '2024-04-19', 0, '2024-10-19', 'NAO'),
(10525, 128323, 1, '2024-04-20', 0, '2024-10-20', 'NAO'),
(10892, 128324, 2, '2024-04-20', 0, '2024-10-20', 'NAO'),
(10695, 128325, 2, '2024-04-20', 0, '2024-10-20', 'NAO'),
(5877, 128328, 6, '2024-04-20', 0, '2024-10-20', 'NAO'),
(9390, 128329, 1, '2024-04-20', 0, '2024-10-20', 'NAO'),
(2022, 128330, 1, '2024-04-20', 0, '2024-10-20', 'NAO'),
(10956, 128331, 2, '2024-04-20', 0, '2024-10-20', 'NAO'),
(10473, 128333, 2, '2024-04-20', 0, '2024-10-20', 'NAO'),
(3429, 128334, 3, '2024-04-20', 0, '2024-10-20', 'NAO'),
(2725, 128336, 1, '2024-04-20', 0, '2024-10-20', 'NAO'),
(10960, 128343, 1, '2024-04-23', 0, '2024-10-23', 'NAO'),
(8216, 128345, 2, '2024-04-23', 0, '2024-10-23', 'NAO'),
(5375, 128346, 1, '2024-04-23', 0, '2024-10-23', 'NAO'),
(370, 128350, 1, '2024-04-23', 0, '2024-10-23', 'NAO'),
(273, 128352, 1, '2024-04-24', 0, '2024-10-24', 'NAO'),
(10819, 128360, 3, '2024-04-24', 0, '2024-10-24', 'NAO'),
(8517, 128362, 2, '2024-04-25', 0, '2024-10-25', 'NAO'),
(903, 128369, 5, '2024-04-25', 0, '2024-10-25', 'NAO'),
(10691, 128370, 4, '2024-04-26', 0, '2024-10-26', 'NAO'),
(661, 128372, 2, '2024-04-26', 0, '2024-10-26', 'SIM'),
(232, 128375, 2, '2024-04-26', 0, '2024-10-26', 'NAO'),
(10350, 128378, 1, '2024-04-26', 0, '2024-10-26', 'NAO'),
(9878, 128379, 2, '2024-04-26', 0, '2024-10-26', 'NAO'),
(7616, 128381, 1, '2024-04-26', 0, '2024-10-26', 'NAO'),
(9007, 128382, 3, '2024-04-26', 0, '2024-10-26', 'NAO'),
(10817, 128386, 2, '2024-04-26', 0, '2024-10-26', 'NAO'),
(9964, 128388, 1, '2024-04-27', 0, '2024-10-27', 'NAO'),
(9964, 128390, 1, '2024-04-27', 0, '2024-10-27', 'NAO'),
(9964, 128396, 1, '2024-04-27', 0, '2024-10-27', 'NAO'),
(10644, 128399, 2, '2024-04-27', 0, '2024-10-27', 'NAO'),
(10326, 128401, 1, '2024-04-27', 0, '2024-10-27', 'NAO'),
(2759, 128402, 1, '2024-04-27', 0, '2024-10-27', 'NAO'),
(10885, 128405, 1, '2024-04-27', 0, '2024-10-27', 'NAO'),
(10879, 128406, 3, '2024-04-27', 0, '2024-10-27', 'SIM'),
(10473, 128407, 1, '2024-04-27', 0, '2024-10-27', 'NAO'),
(351, 128409, 3, '2024-04-27', 0, '2024-10-27', 'NAO'),
(10827, 129157, 4, '2024-07-12', 0, '2025-01-12', 'NAO'),
(10707, 129158, 3, '2024-07-12', 0, '2025-01-12', 'NAO'),
(10977, 129160, 1, '2024-07-12', 0, '2025-01-12', 'NAO'),
(11003, 129161, 3, '2024-07-12', 0, '2025-01-12', 'NAO'),
(10827, 129162, 2, '2024-07-12', 0, '2025-01-12', 'NAO'),
(2022, 129169, 1, '2024-07-12', 0, '2025-01-12', 'NAO'),
(10289, 129172, 2, '2024-07-12', 0, '2025-01-12', 'NAO'),
(2037, 129173, 1, '2024-07-12', 0, '2025-01-12', 'NAO'),
(1636, 129179, 2, '2024-07-12', 0, '2025-01-12', 'NAO'),
(1636, 129183, 1, '2024-07-13', 0, '2025-01-13', 'NAO'),
(11009, 129186, 2, '2024-07-13', 0, '2025-01-13', 'NAO'),
(7481, 129189, 3, '2024-07-13', 0, '2025-01-13', 'NAO'),
(8653, 129192, 1, '2024-07-13', 0, '2025-01-13', 'NAO'),
(5156, 129195, 2, '2024-07-13', 0, '2025-01-13', 'NAO'),
(9541, 129197, 1, '2024-07-13', 0, '2025-01-13', 'NAO'),
(2725, 129198, 2, '2024-07-13', 0, '2025-01-13', 'NAO'),
(10268, 129252, 2, '2024-07-19', 0, '2025-01-19', 'NAO'),
(10473, 129253, 2, '2024-07-19', 0, '2025-01-19', 'NAO'),
(8212, 129260, 1, '2024-07-20', 0, '2025-01-20', 'NAO'),
(7733, 129262, 1, '2024-07-20', 0, '2025-01-20', 'NAO'),
(61, 129264, 2, '2024-07-20', 0, '2025-01-20', 'NAO'),
(5117, 129269, 2, '2024-07-20', 0, '2025-01-20', 'NAO'),
(10879, 129270, 2, '2024-07-20', 0, '2025-01-20', 'SIM'),
(10879, 129272, 4, '2024-07-20', 0, '2025-01-20', 'SIM'),
(10958, 129278, 1, '2024-07-22', 0, '2025-01-22', 'NAO'),
(11003, 129279, 1, '2024-07-22', 0, '2025-01-22', 'NAO'),
(11012, 129281, 1, '2024-07-22', 0, '2025-01-22', 'NAO'),
(5612, 129283, 1, '2024-07-22', 0, '2025-01-22', 'SIM'),
(3905, 129286, 7, '2024-07-23', 0, '2025-01-23', 'NAO'),
(10879, 129290, 5, '2024-07-23', 0, '2025-01-23', 'NAO'),
(9147, 129291, 3, '2024-07-23', 0, '2025-01-23', 'NAO'),
(9714, 129292, 4, '2024-07-24', 0, '2025-01-24', 'NAO'),
(9642, 129295, 2, '2024-07-24', 0, '2025-01-24', 'NAO'),
(10993, 129296, 1, '2024-07-24', 0, '2025-01-24', 'NAO'),
(10141, 129297, 3, '2024-07-24', 0, '2025-01-24', 'NAO'),
(397, 129298, 1, '2024-07-24', 0, '2025-01-24', 'NAO'),
(5612, 129300, 4, '2024-07-24', 0, '2025-01-24', 'SIM'),
(1046, 129301, 2, '2024-07-25', 0, '2025-01-25', 'NAO'),
(4247, 129302, 2, '2024-07-25', 0, '2025-01-25', 'NAO'),
(10943, 129306, 1, '2024-07-26', 0, '2025-01-26', 'NAO'),
(10819, 129307, 1, '2024-07-26', 0, '2025-01-26', 'NAO'),
(622, 129308, 2, '2024-07-26', 0, '2025-01-26', 'NAO'),
(4341, 129314, 6, '2024-07-26', 0, '2025-01-26', 'NAO'),
(2725, 129317, 2, '2024-07-27', 0, '2025-01-27', 'NAO'),
(10879, 129319, 1, '2024-07-30', 0, '2025-01-30', 'NAO'),
(9847, 129322, 2, '2024-07-30', 0, '2025-01-30', 'NAO'),
(9374, 129328, 1, '2024-07-30', 0, '2025-01-30', 'NAO'),
(10701, 129331, 1, '2024-07-31', 0, '2025-01-31', 'NAO'),
(10671, 129334, 1, '2024-08-01', 0, '2025-02-01', 'NAO'),
(10977, 129336, 1, '2024-08-01', 0, '2025-02-01', 'NAO'),
(397, 129365, 1, '2024-08-06', 0, '2025-02-06', 'NAO'),
(10515, 129368, 2, '2024-08-06', 0, '2025-02-06', 'NAO'),
(10794, 129369, 1, '2024-08-06', 0, '2025-02-06', 'NAO'),
(10473, 129371, 1, '2024-08-06', 0, '2025-02-06', 'NAO'),
(10882, 129374, 2, '2024-08-07', 0, '2025-02-07', 'NAO'),
(9396, 129376, 1, '2024-08-07', 0, '2025-02-07', 'NAO'),
(10691, 129378, 3, '2024-08-08', 0, '2025-02-08', 'NAO'),
(490, 129382, 2, '2024-08-08', 0, '2025-02-08', 'NAO'),
(2992, 129383, 2, '2024-08-08', 0, '2025-02-08', 'NAO'),
(7901, 129393, 1, '2024-08-09', 0, '2025-02-09', 'NAO'),
(267, 129399, 5, '2024-08-09', 0, '2025-02-09', 'NAO'),
(10268, 129403, 2, '2024-08-09', 0, '2025-02-09', 'NAO'),
(10850, 129405, 4, '2024-08-10', 0, '2025-02-10', 'NAO'),
(391, 129407, 2, '2024-08-10', 0, '2025-02-10', 'NAO'),
(11017, 129409, 2, '2024-08-10', 0, '2025-02-10', 'NAO'),
(4197, 129411, 1, '2024-08-10', 0, '2025-02-10', 'NAO'),
(8521, 129413, 4, '2024-08-10', 0, '2025-02-10', 'NAO'),
(2725, 129416, 1, '2024-08-10', 0, '2025-02-10', 'NAO'),
(9488, 129417, 2, '2024-08-10', 0, '2025-02-10', 'NAO'),
(10879, 129418, 4, '2024-08-10', 0, '2025-02-10', 'NAO'),
(7105, 129424, 2, '2024-08-13', 0, '2025-02-13', 'NAO'),
(10998, 129428, 1, '2024-08-13', 0, '2025-02-13', 'NAO'),
(8517, 129432, 1, '2024-08-13', 0, '2025-02-13', 'NAO'),
(5327, 129435, 2, '2024-08-14', 0, '2025-02-14', 'NAO'),
(397, 129437, 1, '2024-08-14', 0, '2025-02-14', 'NAO'),
(11020, 129444, 1, '2024-08-14', 0, '2025-02-14', 'NAO'),
(10987, 129447, 1, '2024-08-15', 0, '2025-02-15', 'NAO'),
(9517, 129451, 2, '2024-08-15', 0, '2025-02-15', 'NAO'),
(9649, 129459, 1, '2024-08-16', 0, '2025-02-16', 'NAO'),
(1636, 129460, 1, '2024-08-16', 0, '2025-02-16', 'NAO'),
(10671, 129462, 1, '2024-08-16', 0, '2025-02-16', 'NAO'),
(10641, 129463, 3, '2024-08-16', 0, '2025-02-16', 'NAO'),
(10329, 129466, 2, '2024-08-16', 0, '2025-02-16', 'NAO'),
(1046, 129468, 1, '2024-08-16', 0, '2025-02-16', 'NAO'),
(10557, 129469, 1, '2024-08-16', 0, '2025-02-16', 'NAO'),
(1046, 129475, 1, '2024-08-17', 0, '2025-02-17', 'NAO'),
(9860, 129478, 2, '2024-08-17', 0, '2025-02-17', 'NAO'),
(2418, 129486, 1, '2024-08-17', 0, '2025-02-17', 'NAO'),
(10835, 129487, 3, '2024-08-17', 0, '2025-02-17', 'NAO'),
(10900, 129489, 5, '2024-08-17', 0, '2025-02-17', 'NAO'),
(5327, 129493, 2, '2024-08-20', 0, '2025-02-20', 'NAO'),
(10473, 129494, 1, '2024-08-20', 0, '2025-02-20', 'NAO'),
(10455, 129497, 1, '2024-08-21', 0, '2025-02-21', 'NAO'),
(695, 129499, 1, '2024-08-21', 0, '2025-02-21', 'NAO'),
(5907, 129503, 2, '2024-08-22', 0, '2025-02-22', 'NAO'),
(3814, 129504, 1, '2024-08-22', 0, '2025-02-22', 'NAO'),
(1419, 129506, 1, '2024-08-22', 0, '2025-02-22', 'NAO'),
(3429, 129510, 3, '2024-08-22', 0, '2025-02-22', 'NAO'),
(5829, 129511, 1, '2024-08-22', 0, '2025-02-22', 'NAO'),
(5894, 129512, 1, '2024-08-22', 0, '2025-02-22', 'NAO'),
(9880, 129530, 1, '2024-08-24', 0, '2025-02-24', 'NAO'),
(7911, 129531, 2, '2024-08-24', 0, '2025-02-24', 'NAO'),
(441, 129532, 1, '2024-08-24', 0, '2025-02-24', 'NAO'),
(6056, 129533, 6, '2024-08-24', 0, '2025-02-24', 'NAO'),
(10753, 129534, 1, '2024-08-24', 0, '2025-02-24', 'NAO'),
(10985, 129539, 2, '2024-08-24', 0, '2025-02-24', 'NAO'),
(10473, 129541, 1, '2024-08-24', 0, '2025-02-24', 'NAO'),
(2725, 129542, 1, '2024-08-24', 0, '2025-02-24', 'NAO'),
(7064, 129543, 1, '2024-08-24', 0, '2025-02-24', 'NAO'),
(10772, 129547, 8, '2024-08-27', 0, '2025-02-27', 'NAO'),
(2759, 129549, 1, '2024-08-28', 0, '2025-02-28', 'NAO'),
(7026, 129550, 1, '2024-08-28', 0, '2025-02-28', 'NAO'),
(10251, 129551, 1, '2024-08-28', 0, '2025-02-28', 'NAO'),
(10620, 129555, 3, '2024-08-28', 0, '2025-02-28', 'NAO'),
(7911, 129558, 2, '2024-08-28', 0, '2025-02-28', 'NAO'),
(8517, 129563, 1, '2024-08-29', 0, '2025-02-28', 'NAO'),
(10820, 129564, 3, '2024-08-29', 0, '2025-02-28', 'NAO'),
(10827, 129568, 4, '2024-08-29', 0, '2025-02-28', 'NAO'),
(10794, 129569, 1, '2024-08-30', 0, '2025-02-28', 'NAO'),
(5887, 129571, 1, '2024-08-30', 0, '2025-02-28', 'NAO'),
(10525, 129572, 1, '2024-08-30', 0, '2025-02-28', 'NAO'),
(8988, 129582, 1, '2024-08-30', 0, '2025-02-28', 'NAO'),
(10479, 129590, 6, '2024-08-31', 0, '2025-02-28', 'NAO'),
(6452, 129592, 2, '2024-08-31', 0, '2025-02-28', 'NAO'),
(10473, 129598, 1, '2024-08-31', 0, '2025-02-28', 'NAO'),
(2725, 129599, 1, '2024-08-31', 0, '2025-02-28', 'NAO'),
(6124, 129453, 1, '2024-08-31', 0, '2025-02-28', 'NAO'),
(8517, 129454, 2, '2024-08-31', 0, '2025-02-28', 'NAO'),
(1004, 128714, 1, '2024-06-01', 0, '2024-12-01', 'NAO'),
(10849, 128715, 2, '2024-06-01', 0, '2024-12-01', 'NAO'),
(9362, 128717, 1, '2024-06-01', 0, '2024-12-01', 'NAO'),
(3178, 128718, 1, '2024-06-01', 0, '2024-12-01', 'NAO'),
(9860, 128721, 1, '2024-06-01', 0, '2024-12-01', 'NAO'),
(5327, 128722, 1, '2024-06-01', 0, '2024-12-01', 'NAO'),
(397, 128723, 1, '2024-06-01', 0, '2024-12-01', 'NAO'),
(10849, 128724, 1, '2024-06-01', 0, '2024-12-01', 'NAO'),
(6124, 128729, 4, '2024-06-01', 0, '2024-12-01', 'NAO'),
(6399, 128734, 4, '2024-06-03', 0, '2024-12-03', 'NAO'),
(10350, 128736, 1, '2024-06-04', 0, '2024-12-04', 'NAO'),
(7105, 128740, 2, '2024-06-04', 0, '2024-12-04', 'NAO'),
(7871, 128741, 1, '2024-06-04', 0, '2024-12-04', 'NAO'),
(10473, 128744, 0, '2024-06-05', 0, '2024-12-05', 'NAO'),
(490, 128745, 1, '2024-06-05', 0, '2024-12-05', 'NAO'),
(8814, 128747, 2, '2024-06-05', 0, '2024-12-05', 'NAO'),
(5375, 128749, 2, '2024-06-05', 0, '2024-12-05', 'NAO'),
(5327, 128760, 0, '2024-06-06', 0, '2024-12-06', 'NAO'),
(10984, 128763, 3, '2024-06-06', 0, '2024-12-06', 'NAO'),
(9964, 128764, 2, '2024-06-06', 0, '2024-12-06', 'NAO'),
(1004, 128767, 7, '2024-06-06', 0, '2024-12-06', 'NAO'),
(5156, 128774, 3, '2024-06-07', 0, '2024-12-07', 'NAO'),
(863, 128776, 2, '2024-06-07', 0, '2024-12-07', 'NAO'),
(91, 128777, 5, '2024-06-07', 0, '2024-12-07', 'NAO'),
(10641, 128784, 2, '2024-06-08', 0, '2024-12-08', 'NAO'),
(2037, 128788, 1, '2024-06-08', 0, '2024-12-08', 'NAO'),
(10703, 128792, 1, '2024-06-08', 0, '2024-12-08', 'NAO'),
(10879, 128795, 0, '2024-06-08', 0, '2024-12-08', 'NAO'),
(8216, 128796, 2, '2024-06-10', 0, '2024-12-10', 'NAO'),
(1636, 128798, 2, '2024-06-10', 0, '2024-12-10', 'NAO'),
(5375, 128800, 1, '2024-06-10', 0, '2024-12-10', 'NAO'),
(10525, 128801, 1, '2024-06-10', 0, '2024-12-10', 'NAO'),
(9362, 128804, 2, '2024-06-11', 0, '2024-12-11', 'NAO'),
(10898, 128805, 1, '2024-06-11', 0, '2024-12-11', 'NAO'),
(10987, 128806, 1, '2024-06-11', 0, '2024-12-11', 'NAO'),
(10772, 128809, 1, '2024-06-11', 0, '2024-12-11', 'NAO'),
(1891, 128813, 5, '2024-06-11', 0, '2024-12-11', 'NAO'),
(10350, 128814, 2, '2024-06-11', 0, '2024-12-11', 'NAO'),
(10958, 128828, 1, '2024-06-12', 0, '2024-12-12', 'NAO'),
(10794, 128834, 1, '2024-06-13', 0, '2024-12-13', 'NAO'),
(9374, 128847, 1, '2024-06-14', 0, '2024-12-14', 'NAO'),
(8517, 128856, 1, '2024-06-14', 0, '2024-12-14', 'NAO'),
(7026, 128858, 1, '2024-06-14', 0, '2024-12-14', 'NAO'),
(351, 128864, 1, '2024-06-15', 0, '2024-12-15', 'NAO'),
(10933, 128866, 1, '2024-06-15', 0, '2024-12-15', 'NAO'),
(9860, 128869, 3, '2024-06-15', 0, '2024-12-15', 'NAO'),
(10990, 128870, 2, '2024-06-15', 0, '2024-12-15', 'NAO'),
(10473, 128873, 0, '2024-06-15', 0, '2024-12-15', 'NAO'),
(7766, 128876, 2, '2024-06-15', 0, '2024-12-15', 'NAO'),
(10701, 128884, 1, '2024-06-18', 0, '2024-12-18', 'NAO'),
(10992, 128893, 1, '2024-06-19', 0, '2024-12-19', 'NAO'),
(10141, 128894, 1, '2024-06-19', 0, '2024-12-19', 'NAO'),
(2759, 128898, 1, '2024-06-20', 0, '2024-12-20', 'NAO'),
(423, 128900, 1, '2024-06-20', 0, '2024-12-20', 'NAO'),
(10154, 128903, 1, '2024-06-20', 0, '2024-12-20', 'NAO'),
(9510, 128909, 1, '2024-06-20', 0, '2024-12-20', 'NAO'),
(10977, 128912, 2, '2024-06-21', 0, '2024-12-21', 'NAO'),
(1987, 128913, 1, '2024-06-21', 0, '2024-12-21', 'NAO'),
(3178, 128915, 1, '2024-06-21', 0, '2024-12-21', 'NAO'),
(2418, 128918, 1, '2024-06-21', 0, '2024-12-21', 'NAO'),
(10268, 128924, 0, '2024-06-21', 0, '2024-12-21', 'NAO'),
(10996, 128929, 2, '2024-06-22', 0, '2024-12-22', 'NAO'),
(5140, 128931, 1, '2024-06-22', 0, '2024-12-22', 'NAO'),
(351, 128934, 2, '2024-06-22', 0, '2024-12-22', 'NAO'),
(9964, 128935, 1, '2024-06-22', 0, '2024-12-22', 'NAO'),
(10467, 128937, 1, '2024-06-22', 0, '2024-12-22', 'NAO'),
(10473, 128940, 0, '2024-06-22', 0, '2024-12-22', 'NAO'),
(2725, 128941, 0, '2024-06-22', 0, '2024-12-22', 'NAO'),
(10444, 128945, 1, '2024-06-24', 0, '2024-12-24', 'NAO'),
(10556, 128946, 2, '2024-06-25', 0, '2024-12-25', 'NAO'),
(2213, 128948, 2, '2024-06-25', 0, '2024-12-25', 'NAO'),
(649, 128949, 2, '2024-06-25', 0, '2024-12-25', 'NAO'),
(10993, 128951, 1, '2024-06-25', 0, '2024-12-25', 'NAO'),
(91, 128952, 1, '2024-06-25', 0, '2024-12-25', 'NAO'),
(10525, 128954, 1, '2024-06-25', 0, '2024-12-25', 'NAO'),
(10766, 128957, 1, '2024-06-26', 0, '2024-12-26', 'NAO'),
(9488, 128958, 2, '2024-06-26', 0, '2024-12-26', 'NAO'),
(10766, 128959, 1, '2024-06-26', 0, '2024-12-26', 'NAO'),
(10997, 128961, 1, '2024-06-26', 0, '2024-12-26', 'NAO'),
(10474, 128964, 1, '2024-06-26', 0, '2024-12-26', 'NAO'),
(9517, 128966, 2, '2024-06-27', 0, '2024-12-27', 'NAO'),
(649, 128967, 1, '2024-06-27', 0, '2024-12-27', 'NAO'),
(10998, 128972, 1, '2024-06-27', 0, '2024-12-27', 'NAO'),
(9374, 128976, 1, '2024-06-27', 0, '2024-12-27', 'NAO'),
(3429, 128981, 0, '2024-06-27', 0, '2024-12-27', 'NAO'),
(397, 128983, 0, '2024-06-27', 0, '2024-12-27', 'NAO'),
(9362, 128991, 2, '2024-06-28', 0, '2024-12-28', 'NAO'),
(903, 128995, 2, '2024-06-28', 0, '2024-12-28', 'NAO'),
(9404, 128997, 2, '2024-06-28', 0, '2024-12-28', 'NAO'),
(6322, 128998, 0, '2024-06-28', 0, '2024-12-28', 'NAO'),
(5907, 129004, 4, '2024-06-29', 0, '2024-12-29', 'NAO'),
(1481, 129006, 1, '2024-06-29', 0, '2024-12-29', 'NAO'),
(7911, 129010, 3, '2024-06-29', 0, '2024-12-29', 'NAO'),
(10473, 129011, 0, '2024-06-29', 0, '2024-12-29', 'NAO'),
(2725, 129012, 0, '2024-06-29', 0, '2024-12-29', 'NAO'),
(11001, 129015, 2, '2024-07-01', 0, '2025-01-01', 'NAO'),
(11002, 129018, 1, '2024-07-01', 0, '2025-01-01', 'NAO'),
(10993, 129030, 2, '2024-07-02', 0, '2025-01-02', 'NAO'),
(11005, 129033, 1, '2024-07-02', 0, '2025-01-02', 'NAO'),
(7105, 129034, 4, '2024-07-02', 0, '2025-01-02', 'NAO'),
(10126, 129036, 1, '2024-07-03', 0, '2025-01-03', 'NAO'),
(3415, 129041, 2, '2024-07-03', 0, '2025-01-03', 'NAO'),
(7409, 129044, 1, '2024-07-03', 0, '2025-01-03', 'NAO'),
(1046, 129045, 0, '2024-07-03', 0, '2025-01-03', 'NAO'),
(10578, 129046, 1, '2024-07-03', 0, '2025-01-03', 'NAO'),
(10641, 129049, 0, '2024-07-03', 0, '2025-01-03', 'NAO'),
(10473, 129051, 0, '2024-07-03', 0, '2025-01-03', 'NAO'),
(11004, 129052, 3, '2024-07-03', 0, '2025-01-03', 'NAO'),
(8988, 129053, 1, '2024-07-03', 0, '2025-01-03', 'NAO'),
(2992, 129054, 1, '2024-07-04', 0, '2025-01-04', 'NAO'),
(9642, 129061, 1, '2024-07-04', 0, '2025-01-04', 'NAO'),
(7317, 129062, 2, '2024-07-04', 0, '2025-01-04', 'NAO'),
(10879, 129065, 0, '2024-07-04', 0, '2025-01-04', 'NAO'),
(863, 129067, 3, '2024-07-04', 0, '2025-01-04', 'NAO'),
(10641, 129068, 1, '2024-07-04', 0, '2025-01-04', 'NAO'),
(10958, 129070, 1, '2024-07-04', 0, '2025-01-04', 'NAO'),
(2327, 129073, 1, '2024-07-04', 0, '2025-01-04', 'NAO'),
(10892, 129080, 1, '2024-07-05', 0, '2025-01-05', 'NAO'),
(1419, 129081, 1, '2024-07-05', 0, '2025-01-05', 'NAO'),
(314, 129087, 1, '2024-07-05', 0, '2025-01-05', 'NAO'),
(4383, 129088, 1, '2024-07-05', 0, '2025-01-05', 'NAO'),
(7901, 129089, 1, '2024-07-05', 0, '2025-01-05', 'NAO'),
(1850, 129093, 1, '2024-07-06', 0, '2025-01-06', 'NAO'),
(1634, 129095, 2, '2024-07-06', 0, '2025-01-06', 'NAO'),
(7505, 129096, 3, '2024-07-06', 0, '2025-01-06', 'NAO'),
(7636, 129098, 2, '2024-07-06', 0, '2025-01-06', 'NAO'),
(7064, 129100, 1, '2024-07-06', 0, '2025-01-06', 'NAO'),
(11004, 129102, 1, '2024-07-06', 0, '2025-01-06', 'NAO'),
(10691, 129106, 1, '2024-07-06', 0, '2025-01-06', 'NAO'),
(10557, 129108, 3, '2024-07-08', 0, '2025-01-08', 'NAO'),
(10557, 129111, 0, '2024-07-09', 0, '2025-01-09', 'NAO'),
(273, 129114, 1, '2024-07-09', 0, '2025-01-09', 'NAO'),
(315, 129117, 1, '2024-07-09', 0, '2025-01-09', 'NAO'),
(10794, 129123, 1, '2024-07-09', 0, '2025-01-09', 'NAO'),
(315, 129124, 1, '2024-07-09', 0, '2025-01-09', 'NAO'),
(9860, 129128, 0, '2024-07-10', 0, '2025-01-10', 'NAO'),
(232, 129129, 1, '2024-07-10', 0, '2025-01-10', 'NAO'),
(3814, 129130, 2, '2024-07-10', 0, '2025-01-10', 'NAO'),
(441, 129131, 1, '2024-07-10', 0, '2025-01-10', 'NAO'),
(10820, 129132, 2, '2024-07-10', 0, '2025-01-10', 'NAO'),
(8517, 129143, 1, '2024-07-11', 0, '2025-01-11', 'NAO'),
(4538, 129145, 1, '2024-07-11', 0, '2025-01-11', 'NAO'),
(6788, 129146, 1, '2024-07-11', 0, '2025-01-11', 'NAO'),
(8312, 129148, 1, '2024-07-11', 0, '2025-01-11', 'NAO'),
(9396, 129149, 1, '2024-07-11', 0, '2025-01-11', 'NAO'),
(5327, 129151, 0, '2024-07-11', 0, '2025-01-11', 'NAO'),
(10557, 129153, 1, '2024-07-11', 0, '2025-01-11', 'NAO'),
(10703, 129156, 1, '2024-07-11', 0, '2025-01-11', 'NAO'),
(4197, 129199, 6, '2024-07-15', 0, '2025-01-15', 'NAO'),
(10958, 129200, 1, '2024-07-15', 0, '2025-01-15', 'NAO'),
(2759, 129201, 1, '2024-07-15', 0, '2025-01-15', 'NAO'),
(2788, 129204, 1, '2024-07-15', 0, '2025-01-15', 'NAO'),
(10251, 129206, 1, '2024-07-15', 0, '2025-01-15', 'NAO'),
(10805, 129209, 1, '2024-07-16', 0, '2025-01-16', 'NAO'),
(351, 129211, 0, '2024-07-16', 0, '2025-01-16', 'NAO'),
(10879, 129212, 0, '2024-07-16', 0, '2025-01-16', 'NAO'),
(7350, 129215, 1, '2024-07-17', 0, '2025-01-17', 'NAO'),
(189, 129217, 3, '2024-07-17', 0, '2025-01-17', 'NAO'),
(10641, 129218, 0, '2024-07-17', 0, '2025-01-17', 'NAO'),
(7342, 129220, 2, '2024-07-17', 0, '2025-01-17', 'NAO'),
(3526, 129222, 2, '2024-07-17', 0, '2025-01-17', 'NAO'),
(10879, 129224, 0, '2024-07-17', 0, '2025-01-17', 'NAO'),
(10404, 129226, 2, '2024-07-17', 0, '2025-01-17', 'NAO'),
(4820, 129228, 2, '2024-07-18', 0, '2025-01-18', 'NAO'),
(5375, 129229, 0, '2024-07-18', 0, '2025-01-18', 'NAO'),
(423, 129230, 4, '2024-07-18', 0, '2025-01-18', 'NAO'),
(4709, 129237, 5, '2024-07-18', 0, '2025-01-18', 'NAO'),
(10641, 129238, 0, '2024-07-18', 0, '2025-01-18', 'NAO'),
(5327, 129240, 1, '2024-07-18', 0, '2025-01-18', 'NAO'),
(10879, 129243, 0, '2024-07-18', 0, '2025-01-18', 'NAO'),
(661, 129244, 2, '2024-07-18', 0, '2025-01-18', 'NAO'),
(10326, 129246, 1, '2024-07-18', 0, '2025-01-18', 'NAO'),
(7064, 129247, 2, '2024-07-18', 0, '2025-01-18', 'NAO'),
(10879, 129273, 0, '2024-07-20', 0, '2025-01-20', 'NAO'),
(10879, 129274, 0, '2024-07-20', 0, '2025-01-20', 'NAO'),
(10641, 129275, 0, '2024-07-20', 0, '2025-01-20', 'NAO'),
(10879, 129277, 0, '2024-07-20', 0, '2025-01-20', 'NAO'),
(280, 129341, 5, '2024-08-02', 0, '2025-02-02', 'NAO'),
(8517, 129345, 0, '2024-08-02', 0, '2025-02-02', 'NAO'),
(7911, 129346, 0, '2024-08-02', 0, '2025-02-02', 'NAO'),
(10473, 129347, 0, '2024-08-02', 0, '2025-02-02', 'NAO'),
(6327, 129354, 2, '2024-08-03', 0, '2025-02-03', 'NAO'),
(4341, 129355, 1, '2024-08-03', 0, '2025-02-03', 'NAO'),
(10933, 129357, 2, '2024-08-03', 0, '2025-02-03', 'NAO'),
(2725, 129363, 0, '2024-08-03', 0, '2025-02-03', 'NAO'),
(2418, 129404, 1, '2024-08-09', 0, '2025-02-09', 'NAO'),
(3555, 129472, 4, '2024-08-16', 0, '2025-02-16', 'NAO'),
(2725, 129490, 0, '2024-08-17', 0, '2025-02-17', 'NAO'),
(9488, 129491, 0, '2024-08-17', 0, '2025-02-17', 'NAO'),
(5156, 129516, 4, '2024-08-23', 0, '2025-02-23', 'NAO'),
(84, 129517, 2, '2024-08-23', 0, '2025-02-23', 'NAO'),
(314, 129527, 2, '2024-08-23', 0, '2025-02-23', 'NAO'),
(10557, 129528, 0, '2024-08-23', 0, '2025-02-23', 'NAO'),
(11023, 129585, 2, '2024-08-30', 0, '2025-02-28', 'NAO'),
(3, 129588, 1, '2024-08-30', 0, '2025-02-28', 'NAO'),
(176, 129589, 1, '2024-08-30', 0, '2025-02-28', 'NAO'),
(9374, 129610, 2, '2024-09-04', 0, '2025-03-04', 'NAO'),
(4665, 129620, 1, '2024-09-05', 0, '2025-03-05', 'NAO'),
(4197, 129621, 1, '2024-09-05', 0, '2025-03-05', 'NAO'),
(3814, 129622, 2, '2024-09-05', 0, '2025-03-05', 'NAO'),
(1891, 129626, 1, '2024-09-05', 0, '2025-03-05', 'NAO'),
(10943, 129632, 2, '2024-09-05', 0, '2025-03-05', 'NAO'),
(10008, 129634, 1, '2024-09-05', 0, '2025-03-05', 'NAO'),
(10008, 129635, 2, '2024-09-05', 0, '2025-03-05', 'NAO'),
(273, 129637, 1, '2024-09-06', 0, '2025-03-06', 'NAO'),
(4247, 129638, 1, '2024-09-06', 0, '2025-03-06', 'NAO'),
(10958, 129640, 1, '2024-09-06', 0, '2025-03-06', 'NAO'),
(10671, 129641, 1, '2024-09-06', 0, '2025-03-06', 'NAO'),
(10326, 129642, 1, '2024-09-06', 0, '2025-03-06', 'NAO'),
(10977, 129643, 1, '2024-09-06', 0, '2025-03-06', 'NAO'),
(10455, 129648, 2, '2024-09-06', 0, '2025-03-06', 'NAO'),
(9362, 129650, 1, '2024-09-06', 0, '2025-03-06', 'NAO'),
(11024, 129651, 1, '2024-09-06', 0, '2025-03-06', 'NAO'),
(9860, 129652, 0, '2024-09-06', 0, '2025-03-06', 'NAO'),
(9971, 129653, 1, '2024-09-06', 0, '2025-03-06', 'NAO'),
(10906, 129654, 1, '2024-09-06', 0, '2025-03-06', 'NAO'),
(2586, 129658, 3, '2024-09-06', 0, '2025-03-06', 'NAO');

-- --------------------------------------------------------

--
-- Estrutura para tabela `resgate`
--

CREATE TABLE `resgate` (
  `CLIENTE_CODIGO_CLIENTE` int NOT NULL,
  `DATA_RESGATE` date NOT NULL,
  `HORA_RESGATE` time NOT NULL
) ENGINE=InnoDB DEFAULT CHARSET=utf8mb3;

--
-- Despejando dados para a tabela `resgate`
--

INSERT INTO `resgate` (`CLIENTE_CODIGO_CLIENTE`, `DATA_RESGATE`, `HORA_RESGATE`) VALUES
(8212, '2023-06-28', '16:29:56'),
(10309, '2023-06-28', '16:58:39'),
(10473, '2023-06-29', '17:00:35'),
(763, '2023-07-05', '16:14:40'),
(10289, '2023-07-27', '12:02:59'),
(1000, '2023-07-28', '22:02:31'),
(1000, '2023-07-28', '22:10:57'),
(2725, '2023-07-29', '17:23:17'),
(2759, '2023-08-01', '09:45:41'),
(10557, '2023-08-01', '15:49:55'),
(267, '2023-08-04', '15:01:17'),
(6322, '2023-08-04', '16:13:13'),
(7026, '2023-08-04', '18:01:21'),
(6788, '2023-08-08', '11:01:40'),
(5327, '2023-08-19', '15:06:11'),
(1850, '2023-08-23', '12:08:00'),
(10641, '2023-08-23', '12:13:04'),
(10331, '2023-08-23', '12:16:26'),
(10473, '2023-08-26', '16:41:40'),
(232, '2023-09-13', '15:56:24'),
(7105, '2023-10-03', '15:58:18'),
(490, '2023-10-07', '14:59:27'),
(2992, '2023-10-11', '15:57:04'),
(10525, '2023-10-14', '15:50:33'),
(6322, '2023-10-26', '15:16:54'),
(1850, '2023-11-06', '11:46:52'),
(9488, '2023-11-20', '11:27:00'),
(8517, '2023-11-20', '11:27:06'),
(5327, '2023-11-21', '15:16:33'),
(10772, '2023-11-28', '12:13:19'),
(9374, '2023-12-05', '16:34:58'),
(10879, '2023-12-13', '16:06:16'),
(10350, '2023-12-14', '10:48:01'),
(10068, '2023-12-15', '12:04:03'),
(10837, '2023-12-22', '16:52:53'),
(10691, '2024-01-12', '16:55:49'),
(10820, '2024-01-20', '10:42:08'),
(7834, '2024-01-25', '17:33:20'),
(649, '2024-01-29', '10:41:54'),
(9362, '2024-01-29', '15:41:36'),
(10268, '2024-02-01', '10:09:56'),
(5375, '2024-02-02', '14:52:16'),
(10567, '2024-02-14', '16:07:37'),
(8521, '2024-02-26', '10:25:14'),
(10827, '2024-02-26', '10:30:33'),
(10707, '2024-02-29', '16:54:46'),
(5327, '2024-03-05', '15:36:16'),
(397, '2024-03-12', '16:24:38'),
(10820, '2024-04-06', '10:26:41'),
(10641, '2024-04-08', '16:55:56'),
(351, '2024-04-27', '18:06:50'),
(4692, '2024-05-02', '15:49:51'),
(622, '2024-05-03', '16:22:14'),
(863, '2024-05-04', '09:26:46'),
(8312, '2024-05-07', '16:09:34'),
(7342, '2024-05-07', '16:10:38'),
(5156, '2024-05-07', '16:10:45'),
(10879, '2024-05-07', '16:10:58'),
(1046, '2024-05-07', '16:11:39'),
(10557, '2024-05-16', '17:39:43'),
(10940, '2024-07-01', '18:57:40'),
(10824, '2024-07-01', '19:00:20'),
(7505, '2024-07-02', '11:09:20'),
(9007, '2024-07-09', '14:50:50'),
(7911, '2024-08-02', '14:23:03'),
(661, '2024-08-16', '17:53:29'),
(5612, '2024-08-16', '17:55:30');

-- --------------------------------------------------------

--
-- Estrutura para tabela `update_manual_pontos`
--

CREATE TABLE `update_manual_pontos` (
  `DATA_UPDATE` date NOT NULL,
  `HORA_UPDATE` time NOT NULL,
  `QTD_PONTOS_UPDATE` int NOT NULL,
  `CLIENTE_CODIGO_CLIENTE` int NOT NULL
) ENGINE=InnoDB DEFAULT CHARSET=utf8mb3;

--
-- Despejando dados para a tabela `update_manual_pontos`
--

INSERT INTO `update_manual_pontos` (`DATA_UPDATE`, `HORA_UPDATE`, `QTD_PONTOS_UPDATE`, `CLIENTE_CODIGO_CLIENTE`) VALUES
('2023-06-10', '16:54:37', 10, 232),
('2023-06-27', '21:05:22', 7, 2725),
('2023-06-29', '19:55:35', 2, 10473),
('2023-07-28', '22:02:25', 10, 1000),
('2023-07-28', '22:10:52', 11, 1000),
('2023-07-28', '22:12:33', 1, 10289),
('2023-08-02', '20:31:22', 2, 10557),
('2023-08-02', '21:16:57', 4, 10557),
('2023-09-23', '16:39:09', 0, 10473),
('2023-10-23', '18:02:31', 6, 10289),
('2023-11-07', '10:05:22', 0, 3905),
('2023-11-07', '10:05:49', 7, 9488),
('2023-11-07', '10:09:13', 9, 9488),
('2023-11-07', '10:09:25', 0, 2759),
('2023-11-14', '12:56:23', 0, 2759),
('2023-11-14', '12:56:41', 10, 9488),
('2023-12-01', '19:00:54', 0, 10466),
('2023-12-01', '19:01:09', 4, 9488),
('2023-12-01', '19:02:11', 10, 10068),
('2023-12-01', '19:02:27', 6, 4247),
('2023-12-14', '10:47:46', 10, 10350),
('2024-01-12', '17:40:46', 3, 10641),
('2024-02-24', '13:10:06', 3, 1850),
('2024-05-16', '15:36:13', 3, 10289),
('2024-07-01', '18:57:58', 0, 10940),
('2024-07-01', '19:00:35', 0, 10824),
('2024-07-01', '19:01:19', 0, 10837),
('2024-07-01', '19:02:15', 0, 10885),
('2024-07-01', '19:04:17', 7, 5877),
('2024-07-01', '19:08:01', 10, 7505),
('2024-07-03', '09:37:14', 0, 3905),
('2024-07-03', '09:46:06', 0, 9488),
('2024-07-11', '17:06:19', 2, 10557),
('2024-08-15', '14:26:16', 5, 9517),
('2024-08-15', '22:31:33', 0, 391),
('2024-08-27', '17:00:39', 6, 10772),
('2024-08-28', '11:34:23', 0, 3905),
('2024-08-28', '11:34:39', 3, 2759),
('2024-08-28', '12:46:12', 0, 824);

-- --------------------------------------------------------

--
-- Estrutura para tabela `vendas`
--

CREATE TABLE `vendas` (
  `CODIGO_VENDA` int NOT NULL,
  `DATA_VENDA` date NOT NULL,
  `VALOR` int NOT NULL,
  `CLIENTE_CODIGO_CLIENTE` int NOT NULL
) ENGINE=InnoDB DEFAULT CHARSET=utf8mb3;

--
-- Despejando dados para a tabela `vendas`
--

INSERT INTO `vendas` (`CODIGO_VENDA`, `DATA_VENDA`, `VALOR`, `CLIENTE_CODIGO_CLIENTE`) VALUES
(777, '2023-01-22', 150, 1000),
(125626, '2023-05-17', 165, 10289),
(125627, '2023-05-17', 113, 5907),
(125630, '2023-05-17', 170, 619),
(125633, '2023-05-18', 198, 9418),
(125637, '2023-05-18', 85, 8312),
(125642, '2023-05-18', 120, 8954),
(125643, '2023-05-18', 128, 9740),
(125646, '2023-05-18', 215, 6322),
(125647, '2023-05-18', 88, 10721),
(125653, '2023-05-19', 95, 10671),
(125655, '2023-05-19', 100, 10473),
(125661, '2023-05-23', 73, 2759),
(125663, '2023-05-23', 290, 10609),
(125666, '2023-05-23', 115, 2418),
(125669, '2023-05-23', 248, 490),
(125671, '2023-05-24', 110, 8559),
(125673, '2023-05-24', 75, 7733),
(125674, '2023-05-24', 290, 7026),
(125678, '2023-05-24', 98, 3526),
(125681, '2023-05-24', 373, 10641),
(125686, '2023-05-25', 85, 3920),
(125687, '2023-05-25', 90, 10691),
(125688, '2023-05-25', 80, 10609),
(125700, '2023-05-26', 108, 634),
(125701, '2023-05-26', 100, 10668),
(125703, '2023-05-26', 368, 9007),
(125705, '2023-05-26', 150, 314),
(125713, '2023-05-27', 210, 9362),
(125716, '2023-05-27', 200, 3535),
(125717, '2023-05-27', 120, 10473),
(125720, '2023-05-30', 80, 10156),
(125728, '2023-05-30', 90, 10471),
(125730, '2023-05-30', 180, 10331),
(125733, '2023-05-30', 320, 7105),
(125735, '2023-05-30', 168, 10525),
(125739, '2023-05-31', 260, 9803),
(125740, '2023-05-31', 192, 9374),
(125745, '2023-05-31', 80, 8021),
(125749, '2023-06-01', 160, 1850),
(125750, '2023-06-01', 160, 1850),
(125753, '2023-06-01', 80, 10350),
(125756, '2023-06-01', 80, 10473),
(125763, '2023-06-02', 578, 3473),
(125765, '2023-06-02', 90, 232),
(125766, '2023-06-02', 270, 9488),
(125770, '2023-06-02', 220, 267),
(125772, '2023-06-03', 110, 9642),
(125777, '2023-06-03', 75, 9860),
(125784, '2023-06-03', 530, 3415),
(125785, '2023-06-03', 138, 2725),
(125786, '2023-06-03', 280, 2992),
(125787, '2023-06-06', 310, 5327),
(125789, '2023-06-06', 200, 8517),
(125791, '2023-06-06', 260, 10289),
(125796, '2023-06-07', 813, 6322),
(125798, '2023-06-07', 88, 4477),
(125800, '2023-06-07', 318, 10557),
(125801, '2023-06-07', 345, 619),
(125803, '2023-06-07', 330, 1542),
(125805, '2023-06-09', 165, 273),
(125806, '2023-06-09', 100, 7670),
(125814, '2023-06-09', 395, 3880),
(125816, '2023-06-09', 80, 10801),
(125817, '2023-06-09', 108, 189),
(125818, '2023-06-09', 600, 8287),
(125822, '2023-06-09', 123, 10141),
(125823, '2023-06-10', 400, 10420),
(125828, '2023-06-10', 210, 10473),
(125829, '2023-06-10', 150, 2995),
(125831, '2023-06-10', 110, 10488),
(125836, '2023-06-13', 178, 10350),
(125837, '2023-06-13', 83, 10588),
(125843, '2023-06-13', 500, 649),
(125848, '2023-06-14', 600, 10691),
(125854, '2023-06-14', 135, 8802),
(125857, '2023-06-15', 130, 10708),
(125868, '2023-06-16', 80, 9401),
(125877, '2023-06-16', 280, 10620),
(125881, '2023-06-16', 228, 634),
(125882, '2023-06-16', 90, 7901),
(125890, '2023-06-17', 130, 10473),
(125891, '2023-06-17', 340, 2992),
(125893, '2023-06-17', 260, 397),
(125896, '2023-06-17', 470, 2327),
(125902, '2023-06-17', 75, 10736),
(125905, '2023-06-17', 210, 2725),
(125908, '2023-06-17', 226, 490),
(125911, '2023-06-20', 80, 869),
(125914, '2023-06-21', 78, 10466),
(125917, '2023-06-21', 70, 9374),
(125920, '2023-06-21', 210, 10805),
(125922, '2023-06-21', 70, 9642),
(125928, '2023-06-22', 80, 2992),
(125935, '2023-06-23', 170, 10350),
(125940, '2023-06-23', 88, 7026),
(125945, '2023-06-23', 70, 314),
(125948, '2023-06-23', 170, 649),
(125950, '2023-06-23', 125, 8517),
(125954, '2023-06-24', 138, 5327),
(125955, '2023-06-24', 170, 1850),
(125962, '2023-06-24', 135, 9550),
(125963, '2023-06-24', 520, 267),
(125964, '2023-06-24', 218, 2725),
(125966, '2023-06-27', 218, 2725),
(125967, '2023-06-27', 78, 10466),
(125971, '2023-06-27', 300, 10473),
(125975, '2023-06-27', 150, 10811),
(125976, '2023-06-27', 85, 5375),
(125980, '2023-06-28', 175, 2418),
(125983, '2023-06-28', 163, 6322),
(125986, '2023-06-28', 226, 8212),
(125988, '2023-06-28', 175, 10309),
(125989, '2023-06-28', 115, 10455),
(125992, '2023-06-29', 290, 10626),
(125994, '2023-06-29', 145, 10154),
(125997, '2023-06-29', 168, 10609),
(125998, '2023-06-29', 108, 10126),
(125999, '2023-06-29', 222, 391),
(126000, '2023-06-29', 140, 10473),
(126002, '2023-06-29', 170, 8517),
(126016, '2023-06-30', 330, 10557),
(126018, '2023-06-30', 83, 9374),
(126019, '2023-06-30', 98, 2499),
(126021, '2023-07-01', 90, 5263),
(126022, '2023-07-01', 318, 5327),
(126025, '2023-07-01', 340, 9842),
(126027, '2023-07-01', 108, 2022),
(126028, '2023-07-01', 328, 7828),
(126030, '2023-07-01', 93, 2725),
(126033, '2023-07-01', 135, 6595),
(126034, '2023-07-03', 130, 7278),
(126036, '2023-07-04', 100, 10289),
(126038, '2023-07-04', 70, 5028),
(126039, '2023-07-04', 200, 10499),
(126045, '2023-07-04', 393, 10641),
(126046, '2023-07-04', 270, 6322),
(126047, '2023-07-04', 150, 10701),
(126063, '2023-07-05', 108, 6876),
(126064, '2023-07-05', 300, 423),
(126071, '2023-07-06', 450, 9374),
(126075, '2023-07-06', 270, 314),
(126077, '2023-07-06', 270, 10404),
(126079, '2023-07-06', 108, 10473),
(126083, '2023-07-07', 70, 314),
(126087, '2023-07-07', 100, 10141),
(126089, '2023-07-07', 403, 7105),
(126091, '2023-07-11', 80, 10518),
(126092, '2023-07-11', 228, 9860),
(126094, '2023-07-11', 230, 9362),
(126131, '2023-07-14', 230, 10772),
(126132, '2023-07-14', 168, 9649),
(126133, '2023-07-14', 160, 8312),
(126134, '2023-07-14', 73, 10772),
(126135, '2023-07-14', 210, 9374),
(126138, '2023-07-14', 310, 10068),
(126139, '2023-07-14', 245, 10367),
(126140, '2023-07-15', 125, 619),
(126142, '2023-07-15', 198, 1850),
(126143, '2023-07-15', 518, 7834),
(126144, '2023-07-15', 128, 5907),
(126146, '2023-07-15', 93, 2725),
(126147, '2023-07-17', 108, 254),
(126148, '2023-07-17', 88, 661),
(126150, '2023-07-17', 245, 9374),
(126152, '2023-07-18', 105, 10551),
(126155, '2023-07-18', 388, 7505),
(126158, '2023-07-18', 115, 2037),
(126159, '2023-07-18', 70, 9541),
(126160, '2023-07-19', 190, 10499),
(126161, '2023-07-19', 148, 10424),
(126162, '2023-07-19', 78, 9374),
(126164, '2023-07-19', 358, 10473),
(126167, '2023-07-20', 115, 10059),
(126169, '2023-07-20', 110, 3526),
(126174, '2023-07-21', 108, 6788),
(126179, '2023-07-21', 195, 10268),
(126180, '2023-07-21', 325, 7766),
(126182, '2023-07-21', 88, 2022),
(126183, '2023-07-21', 260, 10008),
(126184, '2023-07-22', 205, 754),
(126187, '2023-07-22', 390, 10525),
(126190, '2023-07-22', 110, 9394),
(126191, '2023-07-22', 160, 397),
(126195, '2023-07-22', 228, 2759),
(126197, '2023-07-22', 70, 3661),
(126198, '2023-07-22', 175, 754),
(126199, '2023-07-22', 100, 245),
(126201, '2023-07-22', 138, 2725),
(126207, '2023-07-24', 338, 6322),
(126208, '2023-07-24', 195, 7409),
(126213, '2023-07-25', 120, 5375),
(126215, '2023-07-25', 95, 490),
(126219, '2023-07-25', 240, 10515),
(126221, '2023-07-25', 168, 6788),
(126223, '2023-07-26', 80, 2642),
(126228, '2023-07-26', 178, 10548),
(126229, '2023-07-26', 198, 10350),
(126230, '2023-07-26', 250, 10819),
(126236, '2023-07-27', 280, 10289),
(126239, '2023-07-27', 248, 5327),
(126243, '2023-07-27', 250, 9392),
(126250, '2023-07-28', 310, 10820),
(126257, '2023-07-28', 140, 10420),
(126260, '2023-07-28', 203, 9589),
(126263, '2023-07-28', 250, 6788),
(126264, '2023-07-29', 298, 5362),
(126269, '2023-07-29', 160, 10822),
(126270, '2023-07-29', 103, 10473),
(126271, '2023-07-29', 120, 10823),
(126272, '2023-07-29', 180, 10185),
(126274, '2023-07-31', 80, 6073),
(126279, '2023-07-31', 100, 3905),
(126282, '2023-08-01', 78, 10825),
(126283, '2023-08-01', 165, 10824),
(126284, '2023-08-01', 280, 661),
(126285, '2023-08-01', 290, 10557),
(126286, '2023-08-01', 163, 9374),
(126287, '2023-08-01', 108, 2022),
(126289, '2023-08-02', 160, 10826),
(126291, '2023-08-02', 185, 391),
(126295, '2023-08-02', 150, 10701),
(126296, '2023-08-02', 250, 8517),
(126297, '2023-08-02', 128, 9740),
(126300, '2023-08-02', 80, 5746),
(126301, '2023-08-02', 760, 7026),
(126306, '2023-08-03', 228, 5327),
(126307, '2023-08-03', 583, 8988),
(126308, '2023-08-03', 155, 10473),
(126309, '2023-08-04', 145, 9860),
(126313, '2023-08-04', 450, 8521),
(126316, '2023-08-04', 145, 6322),
(126321, '2023-08-04', 100, 7026),
(126322, '2023-08-04', 80, 9517),
(126324, '2023-08-05', 235, 10641),
(126333, '2023-08-09', 220, 8559),
(126335, '2023-08-09', 150, 10367),
(126338, '2023-08-10', 105, 10419),
(126339, '2023-08-10', 180, 1850),
(126341, '2023-08-10', 110, 10801),
(126342, '2023-08-10', 190, 397),
(126349, '2023-08-11', 600, 5877),
(126350, '2023-08-11', 450, 1850),
(126365, '2023-08-14', 100, 9541),
(126373, '2023-08-17', 170, 9418),
(126376, '2023-08-17', 190, 490),
(126379, '2023-08-19', 600, 10331),
(126383, '2023-08-19', 245, 10473),
(126384, '2023-08-19', 220, 5277),
(126385, '2023-08-19', 340, 10210),
(126390, '2023-08-22', 180, 9695),
(126398, '2023-08-24', 110, 10289),
(126405, '2023-08-26', 350, 423),
(126407, '2023-08-26', 120, 10835),
(126411, '2023-08-29', 90, 10811),
(126412, '2023-08-29', 120, 5375),
(126413, '2023-08-29', 140, 10268),
(126414, '2023-08-30', 90, 10641),
(126415, '2023-08-30', 80, 10471),
(126420, '2023-08-30', 350, 7105),
(126422, '2023-08-30', 80, 5840),
(126427, '2023-08-31', 135, 1419),
(126428, '2023-08-31', 130, 596),
(126429, '2023-08-31', 85, 6579),
(126430, '2023-08-31', 360, 4692),
(126433, '2023-08-31', 95, 3880),
(126434, '2023-09-01', 300, 9589),
(126435, '2023-09-01', 85, 7911),
(126436, '2023-09-01', 445, 6322),
(126437, '2023-09-01', 85, 4786),
(126439, '2023-09-01', 130, 2788),
(126440, '2023-09-01', 330, 863),
(126442, '2023-09-01', 105, 10805),
(126443, '2023-09-01', 135, 9244),
(126444, '2023-09-02', 70, 314),
(126445, '2023-09-02', 305, 10820),
(126446, '2023-09-02', 160, 1850),
(126447, '2023-09-02', 260, 4247),
(126448, '2023-09-02', 70, 10671),
(126449, '2023-09-02', 185, 10525),
(126450, '2023-09-02', 205, 7834),
(126451, '2023-09-02', 100, 2499),
(126453, '2023-09-02', 185, 9860),
(126454, '2023-09-02', 105, 10473),
(126463, '2023-09-05', 345, 10641),
(126464, '2023-09-05', 260, 9803),
(126465, '2023-09-05', 310, 9374),
(126467, '2023-09-05', 330, 10668),
(126469, '2023-09-05', 540, 10837),
(126473, '2023-09-06', 200, 4538),
(126481, '2023-09-06', 240, 9847),
(126483, '2023-09-06', 115, 10840),
(126484, '2023-09-06', 80, 4297),
(126492, '2023-09-09', 260, 5327),
(126493, '2023-09-09', 580, 10842),
(126494, '2023-09-09', 300, 4369),
(126495, '2023-09-09', 600, 10772),
(126496, '2023-09-09', 650, 1922),
(126497, '2023-09-09', 300, 10833),
(126498, '2023-09-11', 80, 9374),
(126501, '2023-09-12', 110, 9488),
(126503, '2023-09-13', 110, 10839),
(126504, '2023-09-13', 330, 9007),
(126505, '2023-09-13', 150, 9007),
(126506, '2023-09-13', 105, 10671),
(126510, '2023-09-13', 70, 2327),
(126513, '2023-09-14', 75, 7733),
(126518, '2023-09-14', 90, 8156),
(126521, '2023-09-14', 300, 9878),
(126522, '2023-09-14', 180, 10843),
(126523, '2023-09-15', 80, 2759),
(126524, '2023-09-15', 300, 2992),
(126525, '2023-09-15', 230, 8134),
(126527, '2023-09-15', 340, 10557),
(126528, '2023-09-15', 70, 7884),
(126529, '2023-09-15', 110, 3526),
(126532, '2023-09-16', 90, 273),
(126533, '2023-09-16', 70, 3411),
(126535, '2023-09-16', 200, 10499),
(126536, '2023-09-16', 190, 6740),
(126537, '2023-09-16', 150, 7911),
(126538, '2023-09-16', 200, 7409),
(126541, '2023-09-16', 215, 10473),
(126542, '2023-09-16', 160, 863),
(126543, '2023-09-16', 160, 8134),
(126547, '2023-09-18', 280, 10289),
(126552, '2023-09-20', 105, 9418),
(126553, '2023-09-20', 130, 10499),
(126554, '2023-09-20', 200, 490),
(126563, '2023-09-21', 70, 490),
(126564, '2023-09-21', 70, 10741),
(126565, '2023-09-21', 180, 7026),
(126566, '2023-09-22', 125, 8312),
(126569, '2023-09-22', 110, 9589),
(126571, '2023-09-22', 110, 3411),
(126572, '2023-09-22', 80, 2617),
(126574, '2023-09-23', 120, 8212),
(126578, '2023-09-26', 210, 189),
(126581, '2023-09-26', 180, 3179),
(126582, '2023-09-26', 70, 7026),
(126583, '2023-09-26', 230, 8134),
(126585, '2023-09-27', 70, 314),
(126586, '2023-09-27', 80, 10811),
(126587, '2023-09-28', 390, 7911),
(126588, '2023-09-28', 280, 156),
(126593, '2023-09-29', 88, 5375),
(126595, '2023-09-29', 205, 6322),
(126597, '2023-09-29', 85, 869),
(126598, '2023-09-29', 70, 10840),
(126603, '2023-09-29', 225, 9362),
(126604, '2023-09-29', 148, 9860),
(126605, '2023-09-29', 108, 259),
(126607, '2023-09-29', 400, 259),
(126608, '2023-09-29', 113, 10473),
(126611, '2023-09-30', 135, 10851),
(126613, '2023-09-30', 440, 9714),
(126615, '2023-09-30', 200, 10849),
(126618, '2023-09-30', 160, 10824),
(126620, '2023-09-30', 500, 649),
(126624, '2023-09-30', 150, 7555),
(126626, '2023-09-30', 75, 10753),
(126628, '2023-09-30', 70, 2725),
(126630, '2023-10-02', 255, 2881),
(126633, '2023-10-02', 255, 2881),
(126635, '2023-10-02', 180, 5612),
(126636, '2023-10-02', 600, 4050),
(126637, '2023-10-02', 440, 622),
(126639, '2023-10-03', 160, 273),
(126642, '2023-10-03', 230, 9396),
(126643, '2023-10-03', 115, 7105),
(126646, '2023-10-03', 100, 695),
(126651, '2023-10-03', 100, 754),
(126652, '2023-10-03', 300, 6275),
(126655, '2023-10-03', 90, 6073),
(126660, '2023-10-04', 130, 10671),
(126661, '2023-10-04', 250, 10548),
(126662, '2023-10-04', 160, 2759),
(126663, '2023-10-04', 110, 4687),
(126664, '2023-10-04', 90, 5746),
(126665, '2023-10-04', 145, 8517),
(126667, '2023-10-04', 90, 1487),
(126669, '2023-10-04', 320, 351),
(126675, '2023-10-06', 230, 5327),
(126678, '2023-10-06', 160, 10779),
(126683, '2023-10-07', 220, 10824),
(126688, '2023-10-07', 70, 661),
(126691, '2023-10-09', 85, 9829),
(126701, '2023-10-10', 70, 490),
(126702, '2023-10-10', 235, 10268),
(126703, '2023-10-11', 140, 10126),
(126704, '2023-10-11', 85, 10609),
(126706, '2023-10-11', 140, 9512),
(126707, '2023-10-11', 675, 9517),
(126710, '2023-10-11', 280, 2992),
(126712, '2023-10-11', 100, 4692),
(126714, '2023-10-11', 540, 10837),
(126715, '2023-10-11', 120, 8156),
(126717, '2023-10-13', 110, 5327),
(126718, '2023-10-13', 140, 423),
(126719, '2023-10-13', 640, 10827),
(126720, '2023-10-13', 120, 10634),
(126726, '2023-10-13', 160, 7901),
(126727, '2023-10-13', 230, 7342),
(126728, '2023-10-13', 140, 3905),
(126729, '2023-10-13', 130, 3),
(126731, '2023-10-14', 230, 1850),
(126732, '2023-10-14', 580, 10691),
(126733, '2023-10-14', 394, 9226),
(126735, '2023-10-14', 140, 10567),
(126736, '2023-10-14', 200, 5362),
(126737, '2023-10-14', 160, 10686),
(126739, '2023-10-14', 200, 5362),
(126741, '2023-10-14', 150, 2725),
(126747, '2023-10-16', 70, 4784),
(126748, '2023-10-16', 255, 5907),
(126750, '2023-10-17', 300, 6452),
(126752, '2023-10-17', 90, 10811),
(126754, '2023-10-17', 130, 596),
(126755, '2023-10-17', 90, 10736),
(126757, '2023-10-17', 230, 7528),
(126759, '2023-10-17', 175, 10805),
(126762, '2023-10-18', 210, 10154),
(126766, '2023-10-18', 150, 10701),
(126768, '2023-10-19', 250, 606),
(126770, '2023-10-19', 800, 9406),
(126773, '2023-10-19', 700, 4786),
(126776, '2023-10-20', 160, 8312),
(126777, '2023-10-20', 240, 10856),
(126778, '2023-10-20', 70, 314),
(126781, '2023-10-20', 290, 10183),
(126784, '2023-10-21', 75, 7555),
(126787, '2023-10-21', 70, 10671),
(126789, '2023-10-21', 270, 10404),
(126794, '2023-10-21', 110, 7911),
(126796, '2023-10-21', 107, 10473),
(126797, '2023-10-21', 180, 2759),
(126800, '2023-10-21', 92, 2725),
(126801, '2023-10-21', 168, 2725),
(126802, '2023-10-21', 360, 10849),
(126806, '2023-10-23', 120, 9488),
(126807, '2023-10-23', 180, 5908),
(126808, '2023-10-23', 175, 10289),
(126809, '2023-10-23', 300, 10859),
(126810, '2023-10-24', 285, 3535),
(126812, '2023-10-24', 510, 10350),
(126817, '2023-10-24', 475, 7064),
(126822, '2023-10-25', 90, 9010),
(126826, '2023-10-25', 420, 3814),
(126833, '2023-10-26', 260, 10707),
(126840, '2023-10-26', 170, 6322),
(126841, '2023-10-26', 90, 9550),
(126844, '2023-10-26', 90, 4031),
(126847, '2023-10-27', 100, 7445),
(126853, '2023-10-27', 120, 8517),
(126854, '2023-10-27', 115, 6788),
(126856, '2023-10-27', 180, 5908),
(126857, '2023-10-27', 180, 10860),
(126858, '2023-10-27', 115, 8156),
(126859, '2023-10-27', 260, 9396),
(126863, '2023-10-28', 270, 10862),
(126864, '2023-10-28', 550, 4224),
(126865, '2023-10-28', 230, 1261),
(126866, '2023-10-28', 70, 10525),
(126867, '2023-10-28', 102, 10034),
(126868, '2023-10-28', 669, 10861),
(126869, '2023-10-28', 175, 10493),
(126870, '2023-10-28', 157, 10473),
(126871, '2023-10-28', 460, 5156),
(126882, '2023-10-30', 120, 10783),
(126884, '2023-10-30', 150, 10863),
(126887, '2023-10-31', 160, 10794),
(126888, '2023-10-31', 180, 10706),
(126891, '2023-11-01', 460, 1046),
(126900, '2023-11-01', 190, 10548),
(126901, '2023-11-01', 170, 9541),
(126902, '2023-11-01', 200, 7871),
(126903, '2023-11-01', 140, 7871),
(126909, '2023-11-03', 110, 107),
(126913, '2023-11-03', 120, 10865),
(126918, '2023-11-03', 105, 10473),
(126923, '2023-11-03', 325, 10641),
(126924, '2023-11-03', 530, 531),
(126925, '2023-11-03', 290, 10811),
(126928, '2023-11-04', 150, 10849),
(126929, '2023-11-04', 720, 5327),
(126930, '2023-11-04', 140, 1850),
(126931, '2023-11-04', 600, 3415),
(126932, '2023-11-04', 340, 10557),
(126937, '2023-11-06', 250, 1891),
(126939, '2023-11-07', 140, 2759),
(126941, '2023-11-07', 330, 10240),
(126942, '2023-11-07', 100, 10867),
(126945, '2023-11-07', 375, 7766),
(126948, '2023-11-07', 800, 6695),
(126950, '2023-11-08', 105, 10671),
(126951, '2023-11-08', 90, 10410),
(126955, '2023-11-09', 70, 7317),
(126956, '2023-11-09', 110, 10240),
(126957, '2023-11-09', 145, 7409),
(126960, '2023-11-09', 260, 10820),
(126961, '2023-11-09', 200, 9847),
(126968, '2023-11-10', 120, 10839),
(126969, '2023-11-10', 228, 10706),
(126970, '2023-11-10', 140, 10868),
(126973, '2023-11-10', 150, 9007),
(126976, '2023-11-10', 160, 490),
(126977, '2023-11-10', 260, 9714),
(126979, '2023-11-10', 100, 490),
(126981, '2023-11-11', 140, 10424),
(126983, '2023-11-11', 170, 10824),
(126984, '2023-11-11', 310, 7911),
(126985, '2023-11-11', 110, 5375),
(126987, '2023-11-11', 430, 10869),
(126988, '2023-11-11', 90, 7528),
(126992, '2023-11-11', 340, 397),
(126993, '2023-11-11', 235, 9541),
(126994, '2023-11-11', 207, 10473),
(126995, '2023-11-11', 207, 10473),
(127003, '2023-11-13', 355, 9374),
(127005, '2023-11-13', 230, 6322),
(127007, '2023-11-14', 90, 2759),
(127008, '2023-11-14', 180, 5612),
(127010, '2023-11-14', 322, 10706),
(127013, '2023-11-14', 180, 10775),
(127014, '2023-11-14', 290, 6322),
(127015, '2023-11-14', 70, 9488),
(127016, '2023-11-14', 150, 10819),
(127019, '2023-11-16', 150, 10701),
(127021, '2023-11-16', 397, 391),
(127024, '2023-11-16', 150, 5612),
(127026, '2023-11-16', 345, 2037),
(127028, '2023-11-17', 110, 10126),
(127029, '2023-11-17', 260, 273),
(127031, '2023-11-17', 175, 10183),
(127032, '2023-11-17', 90, 10525),
(127033, '2023-11-17', 70, 314),
(127034, '2023-11-17', 350, 10837),
(127035, '2023-11-17', 370, 10837),
(127038, '2023-11-18', 120, 863),
(127039, '2023-11-18', 540, 9362),
(127040, '2023-11-18', 155, 8517),
(127041, '2023-11-18', 120, 8517),
(127042, '2023-11-18', 300, 8147),
(127043, '2023-11-18', 800, 3504),
(127052, '2023-11-20', 85, 9878),
(127053, '2023-11-20', 180, 5375),
(127054, '2023-11-20', 250, 863),
(127055, '2023-11-20', 530, 4759),
(127058, '2023-11-20', 150, 2201),
(127085, '2023-11-24', 150, 10875),
(127087, '2023-11-24', 85, 10698),
(127090, '2023-11-24', 250, 10876),
(127092, '2023-11-24', 70, 10840),
(127093, '2023-11-24', 225, 619),
(127097, '2023-11-24', 240, 634),
(127098, '2023-11-25', 170, 1850),
(127099, '2023-11-25', 120, 10567),
(127103, '2023-11-25', 250, 10473),
(127104, '2023-11-25', 345, 5972),
(127110, '2023-11-28', 820, 10772),
(127111, '2023-11-28', 270, 9488),
(127113, '2023-11-28', 90, 3535),
(127115, '2023-11-28', 230, 7342),
(127119, '2023-11-29', 560, 4247),
(127123, '2023-11-29', 450, 8212),
(127141, '2023-12-01', 220, 9362),
(127143, '2023-12-01', 300, 7911),
(127144, '2023-12-01', 142, 9396),
(127153, '2023-12-01', 255, 7733),
(127154, '2023-12-01', 260, 9803),
(127156, '2023-12-01', 220, 8312),
(127157, '2023-12-01', 540, 10068),
(127158, '2023-12-01', 400, 7009),
(127159, '2023-12-01', 85, 869),
(127162, '2023-12-02', 70, 10322),
(127165, '2023-12-02', 200, 10880),
(127169, '2023-12-04', 870, 10879),
(127170, '2023-12-04', 70, 5028),
(127173, '2023-12-05', 150, 10701),
(127175, '2023-12-05', 142, 9488),
(127178, '2023-12-05', 130, 754),
(127191, '2023-12-06', 135, 10882),
(127195, '2023-12-06', 250, 5612),
(127197, '2023-12-06', 550, 2499),
(127198, '2023-12-06', 240, 10883),
(127209, '2023-12-07', 100, 10557),
(127210, '2023-12-07', 90, 10556),
(127214, '2023-12-08', 90, 8149),
(127216, '2023-12-08', 205, 622),
(127218, '2023-12-08', 695, 10726),
(127220, '2023-12-08', 240, 10008),
(127222, '2023-12-08', 80, 189),
(127225, '2023-12-08', 450, 9847),
(127227, '2023-12-08', 230, 5156),
(127236, '2023-12-09', 130, 314),
(127237, '2023-12-09', 120, 10889),
(127239, '2023-12-09', 620, 5877),
(127241, '2023-12-09', 150, 10849),
(127244, '2023-12-09', 120, 10567),
(127245, '2023-12-09', 325, 351),
(127246, '2023-12-09', 350, 10879),
(127250, '2023-12-11', 90, 10442),
(127251, '2023-12-11', 70, 9374),
(127252, '2023-12-11', 80, 10805),
(127255, '2023-12-11', 180, 1004),
(127256, '2023-12-11', 460, 10641),
(127262, '2023-12-12', 200, 10743),
(127264, '2023-12-12', 100, 2992),
(127265, '2023-12-12', 120, 6322),
(127268, '2023-12-13', 75, 9878),
(127269, '2023-12-13', 140, 10893),
(127270, '2023-12-13', 150, 10892),
(127273, '2023-12-13', 260, 7916),
(127274, '2023-12-13', 110, 5375),
(127275, '2023-12-13', 70, 10840),
(127285, '2023-12-14', 230, 10609),
(127288, '2023-12-14', 170, 1850),
(127289, '2023-12-14', 415, 5327),
(127292, '2023-12-14', 142, 10898),
(127294, '2023-12-14', 110, 6788),
(127296, '2023-12-15', 175, 9589),
(127297, '2023-12-15', 370, 10473),
(127302, '2023-12-15', 110, 10775),
(127306, '2023-12-15', 182, 9860),
(127307, '2023-12-15', 85, 9878),
(127310, '2023-12-15', 90, 9374),
(127311, '2023-12-15', 245, 10824),
(127312, '2023-12-15', 365, 661),
(127313, '2023-12-15', 240, 9163),
(127317, '2023-12-16', 390, 7505),
(127326, '2023-12-18', 120, 490),
(127333, '2023-12-18', 70, 9971),
(127338, '2023-12-19', 90, 7901),
(127339, '2023-12-19', 190, 397),
(127341, '2023-12-19', 85, 9878),
(127344, '2023-12-19', 750, 7505),
(127345, '2023-12-20', 720, 7505),
(127348, '2023-12-20', 200, 10268),
(127349, '2023-12-20', 120, 314),
(127351, '2023-12-20', 150, 10726),
(127352, '2023-12-20', 452, 10557),
(127353, '2023-12-20', 330, 10885),
(127354, '2023-12-20', 100, 8212),
(127358, '2023-12-21', 180, 9226),
(127359, '2023-12-21', 100, 3411),
(127360, '2023-12-21', 100, 5907),
(127361, '2023-12-21', 100, 4692),
(127364, '2023-12-21', 320, 10902),
(127367, '2023-12-21', 95, 1419),
(127371, '2023-12-21', 120, 7834),
(127372, '2023-12-21', 330, 3),
(127380, '2023-12-22', 370, 10903),
(127382, '2023-12-22', 370, 10903),
(127384, '2023-12-22', 330, 3814),
(127385, '2023-12-22', 160, 314),
(127386, '2023-12-22', 90, 1330),
(127387, '2023-12-22', 160, 7911),
(127388, '2023-12-22', 130, 5375),
(127389, '2023-12-22', 161, 869),
(127392, '2023-12-22', 480, 10837),
(127395, '2023-12-22', 150, 2759),
(127400, '2023-12-23', 150, 2327),
(127401, '2023-12-23', 280, 7342),
(127402, '2023-12-23', 440, 3880),
(127404, '2023-12-23', 80, 10473),
(127407, '2023-12-23', 260, 9642),
(127408, '2023-12-26', 530, 10879),
(127409, '2023-12-26', 160, 3),
(127411, '2023-12-26', 550, 5658),
(127412, '2023-12-26', 150, 596),
(127414, '2023-12-26', 200, 4801),
(127415, '2023-12-26', 110, 5375),
(127416, '2023-12-26', 150, 10849),
(127418, '2023-12-26', 550, 5658),
(127419, '2023-12-26', 300, 10473),
(127421, '2023-12-27', 265, 10473),
(127422, '2023-12-27', 370, 10740),
(127424, '2023-12-28', 120, 9714),
(127433, '2023-12-29', 80, 10740),
(127434, '2023-12-29', 163, 10466),
(127437, '2023-12-29', 440, 9007),
(127438, '2023-12-29', 105, 4692),
(127440, '2023-12-29', 240, 8216),
(127442, '2023-12-30', 120, 397),
(127443, '2023-12-30', 175, 8517),
(127446, '2024-01-02', 120, 6347),
(127451, '2024-01-03', 102, 9488),
(127455, '2024-01-04', 325, 10515),
(127456, '2024-01-04', 150, 441),
(127459, '2024-01-05', 245, 10701),
(127460, '2024-01-05', 125, 8312),
(127461, '2024-01-05', 260, 10369),
(127462, '2024-01-05', 283, 10268),
(127464, '2024-01-05', 130, 3861),
(127471, '2024-01-06', 250, 9147),
(127472, '2024-01-06', 290, 5327),
(127473, '2024-01-06', 530, 7342),
(127474, '2024-01-06', 350, 1891),
(127476, '2024-01-06', 140, 5674),
(127478, '2024-01-06', 75, 2725),
(127482, '2024-01-08', 110, 5375),
(127483, '2024-01-08', 80, 10691),
(127484, '2024-01-08', 90, 10639),
(127485, '2024-01-08', 110, 5741),
(127487, '2024-01-09', 120, 490),
(127488, '2024-01-09', 230, 6322),
(127490, '2024-01-09', 340, 10904),
(127495, '2024-01-10', 280, 7342),
(127496, '2024-01-10', 90, 10811),
(127498, '2024-01-10', 330, 10620),
(127501, '2024-01-10', 460, 8521),
(127502, '2024-01-11', 130, 273),
(127504, '2024-01-11', 200, 10548),
(127506, '2024-01-11', 70, 9642),
(127508, '2024-01-11', 250, 1850),
(127509, '2024-01-11', 95, 863),
(127511, '2024-01-11', 80, 5840),
(127512, '2024-01-11', 110, 9964),
(127515, '2024-01-12', 230, 4538),
(127516, '2024-01-12', 200, 10820),
(127517, '2024-01-12', 345, 10641),
(127518, '2024-01-12', 155, 5375),
(127524, '2024-01-13', 350, 7911),
(127530, '2024-01-16', 120, 7851),
(127533, '2024-01-17', 190, 754),
(127535, '2024-01-18', 280, 10909),
(127537, '2024-01-18', 155, 10473),
(127538, '2024-01-18', 253, 3473),
(127548, '2024-01-19', 415, 10827),
(127551, '2024-01-19', 400, 596),
(127553, '2024-01-19', 475, 10914),
(127556, '2024-01-20', 330, 8652),
(127558, '2024-01-20', 460, 10849),
(127570, '2024-01-22', 330, 10879),
(127580, '2024-01-23', 190, 5612),
(127581, '2024-01-23', 120, 10268),
(127585, '2024-01-23', 110, 5375),
(127591, '2024-01-24', 170, 8517),
(127593, '2024-01-24', 232, 10824),
(127597, '2024-01-24', 180, 9362),
(127598, '2024-01-24', 420, 10707),
(127600, '2024-01-25', 100, 10824),
(127601, '2024-01-25', 390, 10420),
(127603, '2024-01-25', 100, 10867),
(127604, '2024-01-25', 480, 7834),
(127608, '2024-01-26', 120, 3905),
(127609, '2024-01-26', 120, 3905),
(127615, '2024-01-26', 500, 10817),
(127616, '2024-01-26', 160, 10511),
(127618, '2024-01-26', 430, 5156),
(127621, '2024-01-27', 145, 9860),
(127626, '2024-01-27', 120, 10473),
(127630, '2024-01-27', 160, 397),
(127632, '2024-01-27', 210, 10247),
(127636, '2024-01-27', 280, 351),
(127640, '2024-01-27', 600, 10885),
(127648, '2024-01-29', 130, 10671),
(127650, '2024-01-29', 200, 9362),
(127656, '2024-01-29', 250, 8863),
(127657, '2024-01-30', 260, 10879),
(127666, '2024-02-01', 300, 6452),
(127671, '2024-02-01', 292, 10849),
(127677, '2024-02-02', 120, 5375),
(127678, '2024-02-02', 300, 4687),
(127679, '2024-02-02', 460, 1046),
(127680, '2024-02-02', 200, 10779),
(127683, '2024-02-02', 460, 1046),
(127688, '2024-02-03', 260, 9964),
(127690, '2024-02-03', 110, 9642),
(127692, '2024-02-03', 190, 10492),
(127693, '2024-02-03', 110, 9642),
(127694, '2024-02-03', 210, 10473),
(127697, '2024-02-03', 410, 2565),
(127698, '2024-02-03', 300, 7564),
(127701, '2024-02-05', 190, 10641),
(127708, '2024-02-06', 240, 10525),
(127709, '2024-02-06', 350, 5327),
(127714, '2024-02-07', 170, 9396),
(127721, '2024-02-08', 160, 10918),
(127726, '2024-02-08', 200, 10126),
(127728, '2024-02-08', 190, 754),
(127730, '2024-02-08', 330, 189),
(127732, '2024-02-08', 330, 10557),
(127733, '2024-02-08', 220, 10641),
(127735, '2024-02-09', 240, 10240),
(127738, '2024-02-09', 170, 6788),
(127744, '2024-02-09', 120, 490),
(127746, '2024-02-09', 230, 10641),
(127748, '2024-02-09', 120, 441),
(127752, '2024-02-10', 138, 7481),
(127754, '2024-02-10', 120, 5778),
(127757, '2024-02-12', 220, 9541),
(127759, '2024-02-12', 200, 8212),
(127761, '2024-02-12', 110, 10473),
(127762, '2024-02-12', 230, 2565),
(127763, '2024-02-12', 100, 10920),
(127764, '2024-02-12', 110, 5375),
(127765, '2024-02-14', 210, 7064),
(127768, '2024-02-14', 250, 5778),
(127769, '2024-02-14', 200, 10567),
(127772, '2024-02-14', 285, 10268),
(127773, '2024-02-14', 150, 7026),
(127778, '2024-02-15', 425, 6322),
(127779, '2024-02-15', 140, 5327),
(127780, '2024-02-15', 125, 8312),
(127783, '2024-02-15', 150, 754),
(127787, '2024-02-16', 180, 10141),
(127789, '2024-02-16', 150, 3526),
(127792, '2024-02-16', 210, 7911),
(127796, '2024-02-17', 300, 863),
(127803, '2024-02-17', 260, 10849),
(127804, '2024-02-17', 400, 2725),
(127805, '2024-02-17', 135, 2725),
(127806, '2024-02-17', 560, 10879),
(127808, '2024-02-17', 410, 10210),
(127812, '2024-02-20', 105, 397),
(127813, '2024-02-20', 170, 490),
(127818, '2024-02-21', 280, 7342),
(127819, '2024-02-21', 225, 10473),
(127824, '2024-02-22', 700, 10820),
(127829, '2024-02-22', 170, 5327),
(127833, '2024-02-23', 150, 8517),
(127839, '2024-02-23', 160, 5375),
(127843, '2024-02-23', 400, 10772),
(127844, '2024-02-23', 490, 10917),
(127846, '2024-02-23', 100, 10557),
(127854, '2024-02-24', 140, 2759),
(127858, '2024-02-24', 390, 1542),
(127860, '2024-02-24', 140, 1850),
(127863, '2024-02-24', 110, 10473),
(127873, '2024-02-27', 130, 10766),
(127877, '2024-02-27', 120, 10369),
(127878, '2024-02-27', 130, 5424),
(127879, '2024-02-27', 125, 7409),
(127896, '2024-02-29', 200, 10701),
(127901, '2024-02-29', 190, 10511),
(127909, '2024-03-01', 130, 10671),
(127910, '2024-03-01', 110, 10691),
(127915, '2024-03-01', 350, 10641),
(127916, '2024-03-01', 120, 9860),
(127919, '2024-03-02', 170, 273),
(127922, '2024-03-02', 450, 10849),
(127923, '2024-03-02', 250, 10928),
(127924, '2024-03-02', 380, 5585),
(127932, '2024-03-04', 590, 5156),
(127934, '2024-03-05', 120, 9396),
(127935, '2024-03-05', 230, 5327),
(127941, '2024-03-06', 370, 7105),
(127944, '2024-03-06', 190, 5612),
(127945, '2024-03-06', 205, 10473),
(127948, '2024-03-07', 150, 7911),
(127950, '2024-03-07', 190, 3814),
(127952, '2024-03-07', 103, 10424),
(127954, '2024-03-07', 150, 1393),
(127955, '2024-03-07', 600, 10920),
(127961, '2024-03-08', 100, 10824),
(127963, '2024-03-08', 315, 622),
(127965, '2024-03-08', 228, 9374),
(127966, '2024-03-08', 420, 3429),
(127971, '2024-03-09', 400, 10933),
(127972, '2024-03-09', 250, 10326),
(127975, '2024-03-09', 285, 9488),
(127978, '2024-03-09', 160, 397),
(127982, '2024-03-09', 420, 10868),
(127984, '2024-03-09', 345, 351),
(127987, '2024-03-11', 110, 5375),
(127989, '2024-03-11', 190, 10525),
(127990, '2024-03-12', 288, 2759),
(127993, '2024-03-12', 445, 10008),
(128006, '2024-03-14', 105, 4692),
(128010, '2024-03-14', 175, 8312),
(128018, '2024-03-15', 107, 391),
(128021, '2024-03-15', 150, 6788),
(128022, '2024-03-15', 230, 10824),
(128023, '2024-03-15', 160, 5375),
(128024, '2024-03-15', 240, 8216),
(128026, '2024-03-15', 120, 10471),
(128029, '2024-03-16', 190, 9642),
(128030, '2024-03-16', 400, 9007),
(128031, '2024-03-16', 120, 10753),
(128033, '2024-03-16', 110, 10473),
(128036, '2024-03-16', 260, 7317),
(128037, '2024-03-18', 190, 9488),
(128039, '2024-03-18', 120, 10671),
(128043, '2024-03-18', 300, 4369),
(128047, '2024-03-20', 120, 3814),
(128048, '2024-03-20', 120, 10289),
(128053, '2024-03-21', 150, 8517),
(128054, '2024-03-21', 480, 1046),
(128057, '2024-03-21', 480, 10420),
(128061, '2024-03-22', 100, 7901),
(128064, '2024-03-22', 100, 99),
(128070, '2024-03-23', 120, 1872),
(128071, '2024-03-23', 230, 1046),
(128080, '2024-03-23', 800, 10938),
(128081, '2024-03-23', 205, 10473),
(128083, '2024-03-23', 120, 9488),
(128087, '2024-03-25', 400, 10879),
(128089, '2024-03-25', 160, 441),
(128090, '2024-03-25', 210, 10820),
(128092, '2024-03-25', 110, 5375),
(128094, '2024-03-26', 230, 10350),
(128098, '2024-03-26', 115, 10939),
(128103, '2024-03-26', 363, 10557),
(128110, '2024-03-27', 1180, 10940),
(128118, '2024-03-28', 220, 9860),
(128119, '2024-03-28', 260, 4247),
(128125, '2024-03-30', 450, 10885),
(128126, '2024-03-30', 200, 7694),
(128129, '2024-03-30', 105, 10941),
(128132, '2024-03-30', 280, 9392),
(128142, '2024-04-01', 150, 10701),
(128147, '2024-04-02', 230, 490),
(128148, '2024-04-02', 325, 10268),
(128149, '2024-04-02', 110, 5375),
(128152, '2024-04-02', 180, 4247),
(128153, '2024-04-02', 180, 10473),
(128160, '2024-04-03', 320, 10929),
(128162, '2024-04-04', 125, 8312),
(128164, '2024-04-04', 170, 10943),
(128169, '2024-04-04', 200, 10944),
(128171, '2024-04-04', 160, 9642),
(128173, '2024-04-04', 230, 9007),
(128176, '2024-04-04', 145, 863),
(128177, '2024-04-04', 200, 1706),
(128180, '2024-04-05', 180, 3429),
(128183, '2024-04-05', 270, 397),
(128184, '2024-04-05', 145, 622),
(128186, '2024-04-05', 113, 2759),
(128187, '2024-04-05', 210, 391),
(128189, '2024-04-05', 400, 3555),
(128190, '2024-04-05', 120, 3429),
(128193, '2024-04-05', 180, 7911),
(128195, '2024-04-05', 120, 10743),
(128196, '2024-04-06', 120, 10820),
(128197, '2024-04-06', 360, 10326),
(128199, '2024-04-06', 130, 9860),
(128200, '2024-04-06', 615, 10707),
(128201, '2024-04-06', 140, 10525),
(128204, '2024-04-06', 100, 2725),
(128205, '2024-04-06', 173, 9488),
(128206, '2024-04-06', 360, 6624),
(128213, '2024-04-08', 310, 10641),
(128217, '2024-04-09', 180, 9362),
(128218, '2024-04-09', 200, 10928),
(128220, '2024-04-09', 155, 9374),
(128222, '2024-04-09', 190, 5612),
(128223, '2024-04-09', 220, 167),
(128224, '2024-04-09', 270, 10515),
(128226, '2024-04-10', 230, 8559),
(128227, '2024-04-11', 100, 10322),
(128233, '2024-04-11', 180, 10849),
(128234, '2024-04-11', 110, 10948),
(128235, '2024-04-11', 140, 863),
(128237, '2024-04-12', 160, 7911),
(128241, '2024-04-12', 180, 10840),
(128243, '2024-04-12', 590, 649),
(128248, '2024-04-12', 315, 4692),
(128257, '2024-04-13', 180, 10950),
(128258, '2024-04-13', 250, 9714),
(128262, '2024-04-13', 110, 10444),
(128265, '2024-04-13', 280, 10949),
(128266, '2024-04-13', 103, 2759),
(128267, '2024-04-13', 280, 1046),
(128270, '2024-04-13', 110, 10895),
(128273, '2024-04-13', 330, 291),
(128275, '2024-04-15', 130, 8652),
(128276, '2024-04-15', 110, 5375),
(128277, '2024-04-15', 110, 10473),
(128282, '2024-04-15', 250, 10952),
(128284, '2024-04-16', 130, 10766),
(128285, '2024-04-16', 290, 2992),
(128288, '2024-04-16', 180, 1951),
(128297, '2024-04-17', 220, 10351),
(128299, '2024-04-18', 220, 10068),
(128300, '2024-04-18', 100, 10955),
(128301, '2024-04-18', 120, 10671),
(128303, '2024-04-18', 190, 9374),
(128306, '2024-04-18', 175, 596),
(128307, '2024-04-18', 330, 5327),
(128310, '2024-04-18', 130, 869),
(128311, '2024-04-18', 505, 6322),
(128312, '2024-04-18', 230, 10946),
(128314, '2024-04-19', 100, 9522),
(128320, '2024-04-19', 230, 10882),
(128322, '2024-04-19', 100, 3814),
(128323, '2024-04-20', 100, 10525),
(128324, '2024-04-20', 250, 10892),
(128325, '2024-04-20', 290, 10695),
(128328, '2024-04-20', 640, 5877),
(128329, '2024-04-20', 120, 9390),
(128330, '2024-04-20', 170, 2022),
(128331, '2024-04-20', 260, 10956),
(128333, '2024-04-20', 205, 10473),
(128334, '2024-04-20', 320, 3429),
(128336, '2024-04-20', 155, 2725),
(128343, '2024-04-23', 120, 10960),
(128345, '2024-04-23', 290, 8216),
(128346, '2024-04-23', 110, 5375),
(128350, '2024-04-23', 115, 370),
(128352, '2024-04-24', 110, 273),
(128360, '2024-04-24', 350, 10819),
(128362, '2024-04-25', 255, 8517),
(128369, '2024-04-25', 520, 903),
(128370, '2024-04-26', 425, 10691),
(128372, '2024-04-26', 280, 661),
(128375, '2024-04-26', 225, 232),
(128378, '2024-04-26', 150, 10350),
(128379, '2024-04-26', 235, 9878),
(128381, '2024-04-26', 105, 7616),
(128382, '2024-04-26', 380, 9007),
(128386, '2024-04-26', 200, 10817),
(128388, '2024-04-27', 160, 9964),
(128390, '2024-04-27', 160, 9964),
(128396, '2024-04-27', 160, 9964),
(128399, '2024-04-27', 200, 10644),
(128401, '2024-04-27', 100, 10326),
(128402, '2024-04-27', 180, 2759),
(128405, '2024-04-27', 120, 10885),
(128406, '2024-04-27', 380, 10879),
(128407, '2024-04-27', 103, 10473),
(128409, '2024-04-27', 330, 351),
(128714, '2024-06-01', 145, 1004),
(128715, '2024-06-01', 223, 10849),
(128717, '2024-06-01', 180, 9362),
(128718, '2024-06-01', 120, 3178),
(128721, '2024-06-01', 120, 9860),
(128722, '2024-06-01', 120, 5327),
(128723, '2024-06-01', 190, 397),
(128724, '2024-06-01', 123, 10849),
(128729, '2024-06-01', 410, 6124),
(128734, '2024-06-03', 475, 6399),
(128736, '2024-06-04', 110, 10350),
(128740, '2024-06-04', 265, 7105),
(128741, '2024-06-04', 110, 7871),
(128744, '2024-06-05', 295, 10473),
(128745, '2024-06-05', 160, 490),
(128747, '2024-06-05', 210, 8814),
(128749, '2024-06-05', 215, 5375),
(128760, '2024-06-06', 330, 5327),
(128763, '2024-06-06', 330, 10984),
(128764, '2024-06-06', 290, 9964),
(128767, '2024-06-06', 725, 1004),
(128774, '2024-06-07', 360, 5156),
(128776, '2024-06-07', 280, 863),
(128777, '2024-06-07', 515, 91),
(128784, '2024-06-08', 290, 10641),
(128788, '2024-06-08', 150, 2037),
(128792, '2024-06-08', 110, 10703),
(128795, '2024-06-08', 250, 10879),
(128796, '2024-06-10', 290, 8216),
(128798, '2024-06-10', 200, 1636),
(128800, '2024-06-10', 140, 5375),
(128801, '2024-06-10', 140, 10525),
(128804, '2024-06-11', 240, 9362),
(128805, '2024-06-11', 118, 10898),
(128806, '2024-06-11', 160, 10987),
(128809, '2024-06-11', 120, 10772),
(128813, '2024-06-11', 580, 1891),
(128814, '2024-06-11', 220, 10350),
(128828, '2024-06-12', 195, 10958),
(128834, '2024-06-13', 100, 10794),
(128847, '2024-06-14', 125, 9374),
(128856, '2024-06-14', 130, 8517),
(128858, '2024-06-14', 100, 7026),
(128864, '2024-06-15', 150, 351),
(128866, '2024-06-15', 150, 10933),
(128869, '2024-06-15', 370, 9860),
(128870, '2024-06-15', 250, 10990),
(128873, '2024-06-15', 135, 10473),
(128876, '2024-06-15', 250, 7766),
(128884, '2024-06-18', 150, 10701),
(128893, '2024-06-19', 150, 10992),
(128894, '2024-06-19', 180, 10141),
(128898, '2024-06-20', 108, 2759),
(128900, '2024-06-20', 140, 423),
(128903, '2024-06-20', 168, 10154),
(128909, '2024-06-20', 106, 9510),
(128912, '2024-06-21', 250, 10977),
(128913, '2024-06-21', 140, 1987),
(128915, '2024-06-21', 100, 3178),
(128918, '2024-06-21', 140, 2418),
(128924, '2024-06-21', 350, 10268),
(128929, '2024-06-22', 280, 10996),
(128931, '2024-06-22', 110, 5140),
(128934, '2024-06-22', 205, 351),
(128935, '2024-06-22', 165, 9964),
(128937, '2024-06-22', 140, 10467),
(128940, '2024-06-22', 215, 10473),
(128941, '2024-06-22', 250, 2725),
(128945, '2024-06-24', 123, 10444),
(128946, '2024-06-25', 203, 10556),
(128948, '2024-06-25', 200, 2213),
(128949, '2024-06-25', 230, 649),
(128951, '2024-06-25', 120, 10993),
(128952, '2024-06-25', 100, 91),
(128954, '2024-06-25', 110, 10525),
(128957, '2024-06-26', 130, 10766),
(128958, '2024-06-26', 270, 9488),
(128959, '2024-06-26', 140, 10766),
(128961, '2024-06-26', 155, 10997),
(128964, '2024-06-26', 100, 10474),
(128966, '2024-06-27', 230, 9517),
(128967, '2024-06-27', 130, 649),
(128972, '2024-06-27', 100, 10998),
(128976, '2024-06-27', 140, 9374),
(128981, '2024-06-27', 340, 3429),
(128983, '2024-06-27', 320, 397),
(128991, '2024-06-28', 210, 9362),
(128995, '2024-06-28', 250, 903),
(128997, '2024-06-28', 210, 9404),
(128998, '2024-06-28', 710, 6322),
(129004, '2024-06-29', 470, 5907),
(129006, '2024-06-29', 170, 1481),
(129010, '2024-06-29', 355, 7911),
(129011, '2024-06-29', 155, 10473),
(129012, '2024-06-29', 120, 2725),
(129015, '2024-07-01', 250, 11001),
(129018, '2024-07-01', 120, 11002),
(129030, '2024-07-02', 200, 10993),
(129033, '2024-07-02', 120, 11005),
(129034, '2024-07-02', 435, 7105),
(129036, '2024-07-03', 120, 10126),
(129041, '2024-07-03', 280, 3415),
(129044, '2024-07-03', 135, 7409),
(129045, '2024-07-03', 290, 1046),
(129046, '2024-07-03', 190, 10578),
(129049, '2024-07-03', 330, 10641),
(129051, '2024-07-03', 235, 10473),
(129052, '2024-07-03', 300, 11004),
(129053, '2024-07-03', 153, 8988),
(129054, '2024-07-04', 150, 2992),
(129061, '2024-07-04', 120, 9642),
(129062, '2024-07-04', 280, 7317),
(129065, '2024-07-04', 600, 10879),
(129067, '2024-07-04', 325, 863),
(129068, '2024-07-04', 180, 10641),
(129070, '2024-07-04', 100, 10958),
(129073, '2024-07-04', 150, 2327),
(129080, '2024-07-05', 150, 10892),
(129081, '2024-07-05', 105, 1419),
(129087, '2024-07-05', 170, 314),
(129088, '2024-07-05', 100, 4383),
(129089, '2024-07-05', 150, 7901),
(129093, '2024-07-06', 120, 1850),
(129095, '2024-07-06', 280, 1634),
(129096, '2024-07-06', 350, 7505),
(129098, '2024-07-06', 215, 7636),
(129100, '2024-07-06', 140, 7064),
(129102, '2024-07-06', 120, 11004),
(129106, '2024-07-06', 115, 10691),
(129108, '2024-07-08', 315, 10557),
(129111, '2024-07-09', 315, 10557),
(129114, '2024-07-09', 160, 273),
(129117, '2024-07-09', 100, 315),
(129123, '2024-07-09', 120, 10794),
(129124, '2024-07-09', 120, 315),
(129128, '2024-07-10', 240, 9860),
(129129, '2024-07-10', 130, 232),
(129130, '2024-07-10', 220, 3814),
(129131, '2024-07-10', 140, 441),
(129132, '2024-07-10', 290, 10820),
(129143, '2024-07-11', 165, 8517),
(129145, '2024-07-11', 180, 4538),
(129146, '2024-07-11', 170, 6788),
(129148, '2024-07-11', 180, 8312),
(129149, '2024-07-11', 100, 9396),
(129151, '2024-07-11', 470, 5327),
(129153, '2024-07-11', 173, 10557),
(129156, '2024-07-11', 170, 10703),
(129157, '2024-07-12', 405, 10827),
(129158, '2024-07-12', 340, 10707),
(129160, '2024-07-12', 150, 10977),
(129161, '2024-07-12', 350, 11003),
(129162, '2024-07-12', 270, 10827),
(129169, '2024-07-12', 100, 2022),
(129172, '2024-07-12', 270, 10289),
(129173, '2024-07-12', 125, 2037),
(129179, '2024-07-12', 230, 1636),
(129183, '2024-07-13', 130, 1636),
(129186, '2024-07-13', 280, 11009),
(129189, '2024-07-13', 356, 7481),
(129192, '2024-07-13', 140, 8653),
(129195, '2024-07-13', 230, 5156),
(129197, '2024-07-13', 140, 9541),
(129198, '2024-07-13', 250, 2725),
(129199, '2024-07-15', 650, 4197),
(129200, '2024-07-15', 125, 10958),
(129201, '2024-07-15', 108, 2759),
(129204, '2024-07-15', 100, 2788),
(129206, '2024-07-15', 110, 10251),
(129209, '2024-07-16', 120, 10805),
(129211, '2024-07-16', 145, 351),
(129212, '2024-07-16', 820, 10879),
(129215, '2024-07-17', 150, 7350),
(129217, '2024-07-17', 340, 189),
(129218, '2024-07-17', 350, 10641),
(129220, '2024-07-17', 260, 7342),
(129222, '2024-07-17', 200, 3526),
(129224, '2024-07-17', 360, 10879),
(129226, '2024-07-17', 270, 10404),
(129228, '2024-07-18', 270, 4820),
(129229, '2024-07-18', 170, 5375),
(129230, '2024-07-18', 400, 423),
(129237, '2024-07-18', 520, 4709),
(129238, '2024-07-18', 240, 10641),
(129240, '2024-07-18', 110, 5327),
(129243, '2024-07-18', 610, 10879),
(129244, '2024-07-18', 200, 661),
(129246, '2024-07-18', 180, 10326),
(129247, '2024-07-18', 270, 7064),
(129252, '2024-07-19', 210, 10268),
(129253, '2024-07-19', 215, 10473),
(129260, '2024-07-20', 120, 8212),
(129262, '2024-07-20', 105, 7733),
(129264, '2024-07-20', 220, 61),
(129269, '2024-07-20', 295, 5117),
(129270, '2024-07-20', 265, 10879),
(129272, '2024-07-20', 425, 10879),
(129273, '2024-07-20', 265, 10879),
(129274, '2024-07-20', 265, 10879),
(129275, '2024-07-20', 1370, 10641),
(129277, '2024-07-20', 310, 10879),
(129278, '2024-07-22', 150, 10958),
(129279, '2024-07-22', 120, 11003),
(129281, '2024-07-22', 160, 11012),
(129283, '2024-07-22', 190, 5612),
(129286, '2024-07-23', 720, 3905),
(129290, '2024-07-23', 500, 10879),
(129291, '2024-07-23', 380, 9147),
(129292, '2024-07-24', 400, 9714),
(129295, '2024-07-24', 240, 9642),
(129296, '2024-07-24', 120, 10993),
(129297, '2024-07-24', 360, 10141),
(129298, '2024-07-24', 155, 397),
(129300, '2024-07-24', 400, 5612),
(129301, '2024-07-25', 250, 1046),
(129302, '2024-07-25', 270, 4247),
(129306, '2024-07-26', 170, 10943),
(129307, '2024-07-26', 150, 10819),
(129308, '2024-07-26', 270, 622),
(129314, '2024-07-26', 600, 4341),
(129317, '2024-07-27', 200, 2725),
(129319, '2024-07-30', 150, 10879),
(129322, '2024-07-30', 220, 9847),
(129328, '2024-07-30', 145, 9374),
(129331, '2024-07-31', 180, 10701),
(129334, '2024-08-01', 120, 10671),
(129336, '2024-08-01', 170, 10977),
(129341, '2024-08-02', 530, 280),
(129345, '2024-08-02', 150, 8517),
(129346, '2024-08-02', 145, 7911),
(129347, '2024-08-02', 145, 10473),
(129354, '2024-08-03', 210, 6327),
(129355, '2024-08-03', 140, 4341),
(129357, '2024-08-03', 200, 10933),
(129363, '2024-08-03', 270, 2725),
(129365, '2024-08-06', 170, 397),
(129368, '2024-08-06', 240, 10515),
(129369, '2024-08-06', 100, 10794),
(129371, '2024-08-06', 155, 10473),
(129374, '2024-08-07', 280, 10882),
(129376, '2024-08-07', 170, 9396),
(129378, '2024-08-08', 340, 10691),
(129382, '2024-08-08', 210, 490),
(129383, '2024-08-08', 290, 2992),
(129393, '2024-08-09', 100, 7901),
(129399, '2024-08-09', 590, 267),
(129403, '2024-08-09', 220, 10268),
(129404, '2024-08-09', 145, 2418),
(129405, '2024-08-10', 430, 10850),
(129407, '2024-08-10', 216, 391),
(129409, '2024-08-10', 245, 11017),
(129411, '2024-08-10', 170, 4197),
(129413, '2024-08-10', 480, 8521),
(129416, '2024-08-10', 115, 2725),
(129417, '2024-08-10', 215, 9488),
(129418, '2024-08-10', 480, 10879),
(129424, '2024-08-13', 270, 7105),
(129428, '2024-08-13', 100, 10998),
(129432, '2024-08-13', 120, 8517),
(129435, '2024-08-14', 240, 5327),
(129437, '2024-08-14', 130, 397),
(129444, '2024-08-14', 115, 11020),
(129447, '2024-08-15', 160, 10987),
(129451, '2024-08-15', 225, 9517),
(129453, '2024-08-15', 150, 6124),
(129454, '2024-08-15', 205, 8517),
(129459, '2024-08-16', 115, 9649),
(129460, '2024-08-16', 130, 1636),
(129462, '2024-08-16', 130, 10671),
(129463, '2024-08-16', 340, 10641),
(129466, '2024-08-16', 230, 10329),
(129468, '2024-08-16', 130, 1046),
(129469, '2024-08-16', 153, 10557),
(129472, '2024-08-16', 400, 3555),
(129475, '2024-08-17', 120, 1046),
(129478, '2024-08-17', 200, 9860),
(129486, '2024-08-17', 120, 2418),
(129487, '2024-08-17', 320, 10835),
(129489, '2024-08-17', 560, 10900),
(129490, '2024-08-17', 170, 2725),
(129491, '2024-08-17', 173, 9488),
(129493, '2024-08-20', 230, 5327),
(129494, '2024-08-20', 165, 10473),
(129497, '2024-08-21', 170, 10455),
(129499, '2024-08-21', 140, 695),
(129503, '2024-08-22', 290, 5907),
(129504, '2024-08-22', 110, 3814),
(129506, '2024-08-22', 105, 1419),
(129510, '2024-08-22', 320, 3429),
(129511, '2024-08-22', 150, 5829),
(129512, '2024-08-22', 110, 5894),
(129516, '2024-08-23', 450, 5156),
(129517, '2024-08-23', 220, 84),
(129527, '2024-08-23', 220, 314),
(129528, '2024-08-23', 420, 10557),
(129530, '2024-08-24', 180, 9880),
(129531, '2024-08-24', 260, 7911),
(129532, '2024-08-24', 160, 441),
(129533, '2024-08-24', 600, 6056),
(129534, '2024-08-24', 100, 10753),
(129539, '2024-08-24', 255, 10985),
(129541, '2024-08-24', 110, 10473),
(129542, '2024-08-24', 100, 2725),
(129543, '2024-08-24', 140, 7064),
(129547, '2024-08-27', 800, 10772),
(129549, '2024-08-28', 108, 2759),
(129550, '2024-08-28', 170, 7026),
(129551, '2024-08-28', 150, 10251),
(129555, '2024-08-28', 300, 10620),
(129558, '2024-08-28', 200, 7911),
(129563, '2024-08-29', 150, 8517),
(129564, '2024-08-29', 390, 10820),
(129568, '2024-08-29', 470, 10827),
(129569, '2024-08-30', 100, 10794),
(129571, '2024-08-30', 170, 5887),
(129572, '2024-08-30', 140, 10525),
(129582, '2024-08-30', 100, 8988),
(129585, '2024-08-30', 240, 11023),
(129588, '2024-08-30', 180, 3),
(129589, '2024-08-30', 120, 176),
(129590, '2024-08-31', 600, 10479),
(129592, '2024-08-31', 260, 6452),
(129598, '2024-08-31', 110, 10473),
(129599, '2024-08-31', 100, 2725),
(129610, '2024-09-04', 220, 9374),
(129620, '2024-09-05', 160, 4665),
(129621, '2024-09-05', 180, 4197),
(129622, '2024-09-05', 245, 3814),
(129626, '2024-09-05', 150, 1891),
(129632, '2024-09-05', 200, 10943),
(129634, '2024-09-05', 120, 10008),
(129635, '2024-09-05', 240, 10008),
(129637, '2024-09-06', 160, 273),
(129638, '2024-09-06', 130, 4247),
(129640, '2024-09-06', 100, 10958),
(129641, '2024-09-06', 135, 10671),
(129642, '2024-09-06', 120, 10326),
(129643, '2024-09-06', 175, 10977),
(129648, '2024-09-06', 200, 10455),
(129650, '2024-09-06', 150, 9362),
(129651, '2024-09-06', 122, 11024),
(129652, '2024-09-06', 315, 9860),
(129653, '2024-09-06', 100, 9971),
(129654, '2024-09-06', 190, 10906),
(129658, '2024-09-06', 330, 2586);

--
-- Índices para tabelas despejadas
--

--
-- Índices de tabela `cliente`
--
ALTER TABLE `cliente`
  ADD PRIMARY KEY (`CODIGO_CLIENTE`);

--
-- Índices de tabela `pontos_expirados`
--
ALTER TABLE `pontos_expirados`
  ADD KEY `CLIENTE_CODIGO_CLIENTE` (`CLIENTE_CODIGO_CLIENTE`);

--
-- Índices de tabela `pontos_periodo`
--
ALTER TABLE `pontos_periodo`
  ADD KEY `CLIENTE_CODIGO_CLIENTE` (`CLIENTE_CODIGO_CLIENTE`),
  ADD KEY `CODIGO_VENDA` (`CODIGO_VENDA`);

--
-- Índices de tabela `resgate`
--
ALTER TABLE `resgate`
  ADD KEY `fk_resgate_cliente1_idx` (`CLIENTE_CODIGO_CLIENTE`);

--
-- Índices de tabela `update_manual_pontos`
--
ALTER TABLE `update_manual_pontos`
  ADD KEY `fk_update_manual_pontos_cliente1_idx` (`CLIENTE_CODIGO_CLIENTE`);

--
-- Índices de tabela `vendas`
--
ALTER TABLE `vendas`
  ADD UNIQUE KEY `CODIGO_VENDA` (`CODIGO_VENDA`),
  ADD KEY `fk_vendas_cliente_idx` (`CLIENTE_CODIGO_CLIENTE`);

--
-- Restrições para tabelas despejadas
--

--
-- Restrições para tabelas `pontos_expirados`
--
ALTER TABLE `pontos_expirados`
  ADD CONSTRAINT `pontos_expirados_ibfk_1` FOREIGN KEY (`CLIENTE_CODIGO_CLIENTE`) REFERENCES `cliente` (`CODIGO_CLIENTE`) ON DELETE CASCADE ON UPDATE CASCADE;

--
-- Restrições para tabelas `pontos_periodo`
--
ALTER TABLE `pontos_periodo`
  ADD CONSTRAINT `pontos_periodo_ibfk_1` FOREIGN KEY (`CLIENTE_CODIGO_CLIENTE`) REFERENCES `cliente` (`CODIGO_CLIENTE`) ON DELETE CASCADE ON UPDATE CASCADE,
  ADD CONSTRAINT `pontos_periodo_ibfk_2` FOREIGN KEY (`CODIGO_VENDA`) REFERENCES `vendas` (`CODIGO_VENDA`) ON DELETE CASCADE ON UPDATE CASCADE;

--
-- Restrições para tabelas `resgate`
--
ALTER TABLE `resgate`
  ADD CONSTRAINT `fk_resgate_cliente1` FOREIGN KEY (`CLIENTE_CODIGO_CLIENTE`) REFERENCES `cliente` (`CODIGO_CLIENTE`);

--
-- Restrições para tabelas `vendas`
--
ALTER TABLE `vendas`
  ADD CONSTRAINT `fk_vendas_cliente` FOREIGN KEY (`CLIENTE_CODIGO_CLIENTE`) REFERENCES `cliente` (`CODIGO_CLIENTE`);
COMMIT;

/*!40101 SET CHARACTER_SET_CLIENT=@OLD_CHARACTER_SET_CLIENT */;
/*!40101 SET CHARACTER_SET_RESULTS=@OLD_CHARACTER_SET_RESULTS */;
/*!40101 SET COLLATION_CONNECTION=@OLD_COLLATION_CONNECTION */;
