-- https://www.phpmyadmin.net/
--
-- Tempo de geração: 04/11/2025 às 17:37
-- Versão do servidor: 8.0.33
-- Versão do PHP: 8.2.4

START TRANSACTION;



--
-- Banco de dados: `acampamentos`
--

-- --------------------------------------------------------

--
-- Estrutura para tabela `anjo_tribo`
--

CREATE TABLE `anjo_tribo` (
  `id` int NOT NULL,
  `servos_id` int NOT NULL,
  `tribos_id` int NOT NULL,
  `edicao_id` int NOT NULL
) ENGINE=InnoDB DEFAULT CHARSET=latin1 COLLATE=latin1_general_ci;

--
-- Despejando dados para a tabela `anjo_tribo`
--

INSERT INTO `anjo_tribo` (`id`, `servos_id`, `tribos_id`, `edicao_id`) VALUES
(1, 49, 5, 2),
(2, 35, 5, 2),
(3, 28, 1, 2);

-- --------------------------------------------------------

--
-- Estrutura para tabela `contatos`
--

CREATE TABLE `contatos` (
  `idcontatos` int NOT NULL,
  `nome_contato` varchar(100) CHARACTER SET utf8mb4 COLLATE utf8mb4_general_ci DEFAULT NULL,
  `telefone_contato` varchar(20) CHARACTER SET utf8mb4 COLLATE utf8mb4_general_ci DEFAULT NULL,
  `grau_parentesco` varchar(80) CHARACTER SET utf8mb4 COLLATE utf8mb4_general_ci DEFAULT NULL,
  `campista` enum('S','N') CHARACTER SET utf8mb4 COLLATE utf8mb4_general_ci DEFAULT NULL,
  `inscrito_id` int NOT NULL
) ENGINE=InnoDB DEFAULT CHARSET=utf8mb4 COLLATE=utf8mb4_general_ci;

--
-- Despejando dados para a tabela `contatos`
--

INSERT INTO `contatos` (`idcontatos`, `nome_contato`, `telefone_contato`, `grau_parentesco`, `campista`, `inscrito_id`) VALUES
(9, 'Lorena O C Cardoso', '(63) 99209-0555', 'Cônjuge', 'S', 156),
(10, 'Wesley Majully', '(63) 98124-2279', 'Amigo', 'N', 156),
(11, 'Lorena O C Cardoso', '(63) 99209-0555', 'Cônjuge', 'S', 157),
(12, 'Wesley Majully', '(63) 98124-2279', 'Amigo', 'N', 157);

-- --------------------------------------------------------

--
-- Estrutura para tabela `coordenador`
--

CREATE TABLE `coordenador` (
  `id` int NOT NULL,
  `nome_coordenador` varchar(100) CHARACTER SET utf8mb4 COLLATE utf8mb4_general_ci DEFAULT NULL,
  `ministerio_id` int NOT NULL,
  `telefone` varchar(20) CHARACTER SET utf8mb4 COLLATE utf8mb4_general_ci DEFAULT NULL,
  `edicao_id` int NOT NULL
) ENGINE=InnoDB DEFAULT CHARSET=utf8mb4 COLLATE=utf8mb4_general_ci;

--
-- Despejando dados para a tabela `coordenador`
--

INSERT INTO `coordenador` (`id`, `nome_coordenador`, `ministerio_id`, `telefone`, `edicao_id`) VALUES
(5, 'Lorena Oliveira Costa Cardoso', 2, '(63) 99209-0555', 2),
(8, 'Kleber de Azevedo Cardoso', 6, '(63) 99292-7110', 2);

-- --------------------------------------------------------

--
-- Estrutura para tabela `edicao`
--

CREATE TABLE `edicao` (
  `id` int NOT NULL,
  `nome_acampamento` varchar(80) CHARACTER SET latin1 COLLATE latin1_swedish_ci DEFAULT NULL,
  `tema` varchar(200) CHARACTER SET latin1 COLLATE latin1_swedish_ci DEFAULT NULL,
  `data_criacao` timestamp NOT NULL DEFAULT CURRENT_TIMESTAMP,
  `data_atualizacao` timestamp NOT NULL DEFAULT CURRENT_TIMESTAMP,
  `ativo` tinyint(1) NOT NULL DEFAULT '0',
  `data_inicio` date DEFAULT NULL,
  `data_fim` date DEFAULT NULL,
  `cidade` varchar(100) CHARACTER SET latin1 DEFAULT NULL,
  `estado` varchar(100) CHARACTER SET latin1 DEFAULT NULL
) ENGINE=InnoDB DEFAULT CHARSET=utf8mb4 COLLATE=utf8mb4_general_ci;

--
-- Despejando dados para a tabela `edicao`
--

INSERT INTO `edicao` (`id`, `nome_acampamento`, `tema`, `data_criacao`, `data_atualizacao`, `ativo`, `data_inicio`, `data_fim`, `cidade`, `estado`) VALUES
(1, 'II Acampamento Sênior', 'Encontrei Meu Lugar', '2025-09-29 02:34:11', '0000-00-00 00:00:00', 0, '2024-10-16', '2024-10-20', 'Palmas', 'TO'),
(2, 'III Acampamento Sênior', 'Tua Graça me Basta', '2025-09-30 02:41:24', '2025-09-30 02:41:24', 1, '2025-06-18', '2025-06-22', 'Palmas', 'TO'),
(3, 'I FAC', 'Eu Te Encontrei', '2025-08-29 00:54:46', '2025-10-04 00:54:46', 0, '2025-08-28', '2025-08-31', 'Palmas', 'TO'),
(4, 'IV Acampamento Sênior', 'Estou Aqui', '2025-10-20 14:20:47', '2025-10-20 14:20:47', 0, '2025-10-15', '2025-10-19', 'Palmas', 'TO');

-- --------------------------------------------------------

--
-- Estrutura para tabela `inscritos`
--

CREATE TABLE `inscritos` (
  `id` int NOT NULL,
  `nome_inscrito` varchar(100) CHARACTER SET utf8mb4 COLLATE utf8mb4_general_ci NOT NULL,
  `sexo` enum('M','F') CHARACTER SET utf8mb4 COLLATE utf8mb4_general_ci NOT NULL,
  `telefone` varchar(20) CHARACTER SET utf8mb4 COLLATE utf8mb4_general_ci NOT NULL,
  `endereco` varchar(150) CHARACTER SET utf8mb4 COLLATE utf8mb4_general_ci NOT NULL,
  `cidade` varchar(100) CHARACTER SET utf8mb4 COLLATE utf8mb4_general_ci NOT NULL,
  `estado` char(2) CHARACTER SET utf8mb4 COLLATE utf8mb4_general_ci NOT NULL,
  `peso` decimal(5,2) DEFAULT NULL,
  `tam_camiseta` enum('PP','P','M','G','GG','XG') CHARACTER SET utf8mb4 COLLATE utf8mb4_general_ci DEFAULT NULL,
  `estado_civil` enum('solteiro','casado','viuvo','separado','divorciado') CHARACTER SET utf8mb4 COLLATE utf8mb4_general_ci DEFAULT NULL,
  `batizado` enum('S','N') CHARACTER SET utf8mb4 COLLATE utf8mb4_general_ci DEFAULT 'N',
  `pastoral` varchar(150) CHARACTER SET utf8mb4 COLLATE utf8mb4_general_ci DEFAULT NULL,
  `problema_saude` enum('S','N') CHARACTER SET utf8mb4 COLLATE utf8mb4_general_ci DEFAULT 'N',
  `qual_prob_saude` varchar(255) CHARACTER SET utf8mb4 COLLATE utf8mb4_general_ci DEFAULT NULL,
  `medicacao` enum('S','N') CHARACTER SET utf8mb4 COLLATE utf8mb4_general_ci DEFAULT 'N',
  `indicacao` varchar(255) CHARACTER SET utf8mb4 COLLATE utf8mb4_general_ci DEFAULT NULL,
  `conjuge_inscrito` enum('S','N') CHARACTER SET utf8mb4 COLLATE utf8mb4_general_ci DEFAULT 'N',
  `selecionado` enum('S','N','L','D') CHARACTER SET utf8mb4 COLLATE utf8mb4_general_ci DEFAULT 'N',
  `motivo_nao_selecao` enum('Desistente','Nao_Selecionado') CHARACTER SET utf8mb4 COLLATE utf8mb4_general_ci DEFAULT NULL,
  `taxa` enum('S','N') CHARACTER SET utf8mb4 COLLATE utf8mb4_general_ci DEFAULT 'N',
  `confirmado` enum('S','N') CHARACTER SET utf8mb4 COLLATE utf8mb4_general_ci DEFAULT 'N',
  `tribos_id` int DEFAULT NULL,
  `nome_acampamento_id` int NOT NULL,
  `cpf` varchar(14) CHARACTER SET utf8mb4 COLLATE utf8mb4_general_ci DEFAULT NULL,
  `foto` varchar(255) CHARACTER SET utf8mb4 COLLATE utf8mb4_general_ci DEFAULT NULL,
  `data_nascimento` date DEFAULT NULL,
  `qual_medicacao` varchar(80) CHARACTER SET utf8mb4 COLLATE utf8mb4_general_ci DEFAULT NULL,
  `cep` varchar(45) CHARACTER SET utf8mb4 COLLATE utf8mb4_general_ci DEFAULT NULL,
  `data_cadastro` datetime DEFAULT CURRENT_TIMESTAMP,
  `nome_conjuge` varchar(100) CHARACTER SET utf8mb4 COLLATE utf8mb4_general_ci DEFAULT NULL,
  `altura` decimal(5,2) DEFAULT NULL,
  `bairro` varchar(100) CHARACTER SET utf8mb4 COLLATE utf8mb4_general_ci DEFAULT NULL,
  `nome_conhecido` varchar(150) CHARACTER SET utf8mb4 COLLATE utf8mb4_general_ci DEFAULT NULL,
  `numero` int DEFAULT NULL,
  `casado_igreja` enum('S','N') CHARACTER SET utf8mb4 COLLATE utf8mb4_general_ci DEFAULT NULL,
  `paroquia_id` int NOT NULL,
  `dizimista` enum('S','N') CHARACTER SET utf8mb4 COLLATE utf8mb4_general_ci DEFAULT NULL,
  `disponibilidade` enum('S','N') CHARACTER SET utf8mb4 COLLATE utf8mb4_general_ci DEFAULT 'N',
  `confirma_dados` enum('S','N') CHARACTER SET utf8mb4 COLLATE utf8mb4_general_ci DEFAULT 'N',
  `comunhao` enum('S','N') CHARACTER SET utf8mb4 COLLATE utf8mb4_0900_ai_ci DEFAULT NULL,
  `crisma` enum('S','N') CHARACTER SET utf8mb4 COLLATE utf8mb4_general_ci DEFAULT NULL
) ENGINE=InnoDB DEFAULT CHARSET=utf8mb4 COLLATE=utf8mb4_general_ci;

--
-- Despejando dados para a tabela `inscritos`
--

INSERT INTO `inscritos` (`id`, `nome_inscrito`, `sexo`, `telefone`, `endereco`, `cidade`, `estado`, `peso`, `tam_camiseta`, `estado_civil`, `batizado`, `pastoral`, `problema_saude`, `qual_prob_saude`, `medicacao`, `indicacao`, `conjuge_inscrito`, `selecionado`, `motivo_nao_selecao`, `taxa`, `confirmado`, `tribos_id`, `nome_acampamento_id`, `cpf`, `foto`, `data_nascimento`, `qual_medicacao`, `cep`, `data_cadastro`, `nome_conjuge`, `altura`, `bairro`, `nome_conhecido`, `numero`, `casado_igreja`, `paroquia_id`, `dizimista`, `disponibilidade`, `confirma_dados`, `comunhao`, `crisma`) VALUES
(1, 'Emilly da Cruz', 'F', '5563992090555', 'Fazenda Vieira, 29', 'Farias do Galho', 'RO', 81.80, 'G', 'divorciado', 'S', 'Acolhida', 'S', 'Vero', 'S', 'Irmão', 'S', 'S', NULL, 'N', 'S', 1, 2, '021.963.457-25', 'uploads/fotos/inscrito_1.png', '1992-08-07', 'Ea', NULL, '2025-10-08 15:53:39', 'Ana Clara Barros', 1.85, 'Plano Diretor Sul', NULL, NULL, NULL, 0, NULL, NULL, NULL, 'N', 'N'),
(3, 'Isabel Melo', 'F', '5563992090555', 'Praia Novaes, 75', 'Ferreira da Serra', 'ES', 81.74, 'XG', 'casado', 'N', 'Liturgia', 'S', 'Ab', 'S', 'Colega', 'N', 'S', NULL, 'N', 'S', 10, 2, '651.372.084-26', 'uploads/fotos/inscrito_3.png', '2010-11-23', 'Illum', NULL, '2025-10-08 15:53:39', 'Isabela Garcia', 1.85, 'Plano Diretor Sul', NULL, NULL, NULL, 0, NULL, NULL, NULL, 'N', 'N'),
(4, 'Pedro Lucas Almeida', 'M', '5563992090555', 'Pátio Ferreira, 31', 'Cardoso Paulista', 'RJ', 88.28, 'XG', 'viuvo', 'N', 'Liturgia', 'N', NULL, 'N', 'Irmão', 'S', 'N', NULL, 'N', 'N', NULL, 2, '647.832.519-91', 'uploads/fotos/inscrito_4.png', '2009-03-08', NULL, NULL, '2025-10-08 15:53:39', 'Isabela Garcia', 1.85, 'Plano Diretor Sul', NULL, NULL, NULL, 0, NULL, NULL, NULL, 'N', 'N'),
(5, 'Renan Rodrigues', 'M', '5563992090555', 'Estação de Pereira, 95', 'Barros do Sul', 'PB', 74.91, 'G', 'casado', 'S', 'Coral', 'N', NULL, 'N', 'Esposo', 'S', 'N', NULL, 'N', 'N', NULL, 2, '271.906.345-25', 'uploads/fotos/inscrito_5.png', '1988-04-18', NULL, NULL, '2025-10-08 15:53:39', 'Giovana Fagundes', 1.85, 'Plano Diretor Sul', NULL, NULL, NULL, 0, NULL, NULL, NULL, 'N', 'N'),
(6, 'Brenda das Neves', 'F', '5563992090555', 'Rua Almeida', 'Azevedo de Monteiro', 'SE', 85.03, 'M', 'solteiro', 'S', 'Coral', 'N', NULL, 'N', 'Esposo', 'S', 'L', NULL, 'N', 'N', 11, 2, '102.678.594-49', 'uploads/fotos/inscrito_6.png', '2009-09-05', NULL, NULL, '2025-10-08 15:53:39', 'Hugo Mota', 1.85, 'Plano Diretor Sul', NULL, NULL, NULL, 0, NULL, NULL, NULL, 'N', 'N'),
(7, 'Antônio Farias', 'M', '5563992090555', 'Viela Rezende, 8', 'Mendes', 'RJ', 51.93, 'P', 'separado', 'S', 'Catequese', 'S', 'Totam', 'S', 'Esposa', 'N', 'S', NULL, 'N', 'S', 2, 2, '285.360.147-17', 'uploads/fotos/inscrito_7.png', '1985-06-27', 'Reprehenderit', NULL, '2025-10-08 15:53:39', 'Ana Clara Barros', 1.85, 'Plano Diretor Sul', NULL, NULL, NULL, 0, NULL, NULL, NULL, 'N', 'N'),
(8, 'Manuela Lopes', 'F', '5563992090555', 'Trecho Gustavo Freitas, 8', 'Araújo do Sul', 'CE', 75.82, 'GG', 'casado', 'S', 'Pastoral da música', 'S', 'Officia', 'S', 'Parente', 'N', 'S', NULL, 'N', 'S', 6, 2, '251.360.847-07', 'uploads/fotos/inscrito_8.png', '2000-03-01', 'Amet', NULL, '2025-10-08 15:53:39', 'AntonioFagundes', 1.85, 'Plano Diretor Sul', NULL, NULL, NULL, 0, NULL, NULL, NULL, 'N', 'N'),
(9, 'Enzo Gabriel da Mota', 'M', '5563992090555', 'Distrito de Vieira, 8', 'Santos', 'SC', 69.31, 'PP', 'separado', 'N', 'Pastoral da música', 'S', 'Alias', 'S', 'Irmão', 'S', 'S', NULL, 'N', 'S', 8, 2, '127.908.643-22', 'uploads/fotos/inscrito_9.png', '2003-09-07', 'Sunt', NULL, '2025-10-08 15:53:39', 'Maria Silva', 1.85, 'Plano Diretor Sul', NULL, NULL, NULL, 0, NULL, NULL, NULL, 'N', 'N'),
(10, 'Raquel Silva', 'F', '5563992090555', 'Loteamento Cardoso, 5', 'Rocha dos Dourados', 'GO', 89.01, 'G', 'casado', 'N', 'Coral', 'N', NULL, 'N', 'Esposo', 'N', 'S', NULL, 'N', 'S', 9, 2, '039.756.142-34', 'uploads/fotos/inscrito_10.png', '1987-02-28', NULL, NULL, '2025-10-08 15:53:39', 'Hugo Mota', 1.85, 'Plano Diretor Sul', NULL, NULL, NULL, 0, NULL, NULL, NULL, 'N', 'N'),
(40, 'Benício Porto', 'M', '5563992090555', 'Recanto de da Luz, 88', 'Araújo da Serra', 'RJ', 53.86, 'P', 'viuvo', 'S', 'Liturgia', 'N', NULL, 'N', 'Parente', 'S', 'S', NULL, 'N', 'S', 4, 2, '046.827.159-76', 'uploads/fotos/inscrito_11.png', '2000-08-29', NULL, NULL, '2025-10-08 15:53:39', 'Isabela Garcia', 1.85, 'Plano Diretor Sul', NULL, NULL, NULL, 0, NULL, NULL, NULL, 'N', 'N'),
(41, 'Vitória Ramos', 'F', '5563992090555', 'Feira Gonçalves, 15', 'Aragão', 'MS', 92.75, 'GG', 'casado', 'S', 'Pastoral da música', 'S', 'Dolores', 'S', 'Amigo', 'N', 'S', NULL, 'S', 'S', 12, 2, '597.431.682-73', 'uploads/fotos/inscrito_3.png', '1979-09-06', 'Culpa', NULL, '2025-10-08 15:53:39', 'João Silva', 1.85, 'Plano Diretor Sul', NULL, NULL, NULL, 0, NULL, NULL, NULL, 'N', 'N'),
(42, 'Ana Beatriz Carvalho', 'F', '5563992090555', 'Trecho Pietro Azevedo, 50', 'Silva', 'AM', 69.49, 'GG', 'casado', 'S', 'Liturgia', 'S', 'Consequuntur', 'S', 'Parente', 'S', 'N', NULL, 'N', 'N', NULL, 2, '217.609.354-25', 'uploads/fotos/inscrito_1.png', '1999-03-25', 'Consequatur', NULL, '2025-10-08 15:53:39', 'Diego Costa', 1.85, 'Plano Diretor Sul', NULL, NULL, NULL, 0, NULL, NULL, NULL, 'N', 'N'),
(43, 'Davi Novaes', 'M', '5563992090555', 'Rodovia Ramos, 42', 'das Neves das Pedras', 'AC', 86.57, 'XG', 'separado', 'S', 'Catequese', 'N', NULL, 'N', 'Esposo', 'N', 'S', NULL, 'N', 'S', 6, 2, '420.316.798-13', 'uploads/fotos/inscrito_9.png', '2003-12-28', NULL, NULL, '2025-10-08 15:53:39', 'Giovana Fagundes', 1.85, 'Plano Diretor Sul', NULL, NULL, NULL, 0, NULL, NULL, NULL, 'N', 'N'),
(44, 'Bernardo Lima', 'M', '5563992090555', 'Alameda Laura Sales, 63', 'Freitas', 'SC', 55.20, 'G', 'viuvo', 'N', 'Jovens', 'N', NULL, 'N', 'Amiga', 'S', 'S', NULL, 'N', 'S', 4, 2, '874.362.015-90', 'uploads/fotos/inscrito_7.png', '1980-12-31', NULL, NULL, '2025-10-08 15:53:39', 'Ana Clara Barros', 1.85, 'Plano Diretor Sul', NULL, NULL, NULL, 0, NULL, NULL, NULL, 'N', 'N'),
(45, 'Isabel Almeida', 'F', '5563992090555', 'Núcleo da Rocha, 73', 'Farias de Goiás', 'GO', 77.36, 'GG', 'solteiro', 'N', 'Coral', 'S', 'Voluptate', 'S', 'Parente', 'N', 'S', NULL, 'N', 'S', 2, 2, '369.504.871-93', 'uploads/fotos/inscrito_1.png', '1992-01-12', 'Consequatur', NULL, '2025-10-08 15:53:39', 'Fernando Farias', 1.85, 'Plano Diretor Sul', NULL, NULL, NULL, 0, NULL, NULL, NULL, 'N', 'N'),
(46, 'Yuri Costela', 'M', '5563992090555', 'Estrada de Moreira', 'Porto', 'RR', 69.67, 'M', 'casado', 'S', 'Catequese', 'S', 'Porro', 'S', 'Vizinho', 'N', 'L', NULL, 'N', 'N', NULL, 2, '816.705.392-02', 'uploads/fotos/inscrito_8.png', '2003-11-24', 'Laudantium', NULL, '2025-10-08 15:53:39', 'Giovana Fagundes', 1.85, 'Plano Diretor Sul', NULL, NULL, NULL, 0, NULL, NULL, NULL, 'N', 'N'),
(47, 'Diego Novaes', 'M', '5563992090555', 'Alameda Ana Júlia Dias, 58', 'Barros Paulista', 'AP', 62.88, 'XG', 'viuvo', 'N', 'Jovens', 'N', NULL, 'N', 'Esposa', 'N', 'S', NULL, 'N', 'S', 7, 2, '267.813.495-46', 'uploads/fotos/inscrito_4.png', '1977-12-15', NULL, NULL, '2025-10-08 15:53:39', 'Diego Costa', 1.85, 'Plano Diretor Sul', NULL, NULL, NULL, 0, NULL, NULL, NULL, 'N', 'N'),
(48, 'Maria Fernanda Oliveira', 'F', '5563992090555', 'Praça Fogaça, 54', 'Cardoso do Galho', 'MG', 74.98, 'PP', 'separado', 'N', 'Catequese', 'S', 'Quam', 'S', 'Amiga', 'N', 'S', NULL, 'N', 'S', 7, 2, '719.680.234-96', 'uploads/fotos/inscrito_7.png', '2011-04-22', 'Soluta', NULL, '2025-10-08 15:53:39', 'Bruno Garcia', 1.85, 'Plano Diretor Sul', NULL, NULL, NULL, 0, NULL, NULL, NULL, 'N', 'N'),
(49, 'Kaique Melo', 'M', '5563992090555', 'Feira da Rocha, 16', 'Rodrigues', 'RN', 67.13, 'PP', 'separado', 'N', 'Coral', 'N', NULL, 'N', 'Parente', 'N', 'S', NULL, 'N', 'S', 10, 2, '685.042.713-07', 'uploads/fotos/inscrito_10.png', '1984-02-23', NULL, NULL, '2025-10-08 15:53:39', 'Diego Costa', 1.85, 'Plano Diretor Sul', NULL, NULL, NULL, 0, NULL, NULL, NULL, 'N', 'N'),
(59, 'Davi Araújo', 'M', '5563992090555', 'Passarela de Viana, 76', 'Almeida Alegre', 'RN', 77.48, 'GG', 'separado', 'N', 'Catequese', 'N', NULL, 'N', 'Parente', 'S', 'S', NULL, 'S', 'S', 5, 2, '142.675.803-08', 'uploads/fotos/inscrito_7.png', '1974-09-13', NULL, NULL, '2025-10-08 15:53:39', 'Diego Costa', 1.85, 'Plano Diretor Sul', NULL, NULL, NULL, 0, NULL, NULL, NULL, 'N', 'N'),
(67, 'Paulo Almeida', 'M', '5563992090555', 'Colônia de Porto', 'da Cunha', 'BA', 82.92, 'M', 'divorciado', 'S', 'Coral', 'S', 'Reiciendis', 'S', 'Parente', 'S', 'L', NULL, 'N', 'N', NULL, 2, '603.159.287-86', 'uploads/fotos/inscrito_3.png', '2001-09-13', 'Doloremque', NULL, '2025-10-08 15:53:39', 'Hugo Mota', 1.85, 'Plano Diretor Sul', NULL, NULL, NULL, 0, NULL, NULL, NULL, 'N', 'N'),
(68, 'André da Rosa', 'M', '5563992090555', 'Rua Moraes', 'Melo do Campo', 'RN', 83.25, 'GG', 'solteiro', 'N', 'Liturgia', 'N', NULL, 'N', 'Esposa', 'N', 'S', NULL, 'N', 'S', 1, 2, '817.450.362-53', 'uploads/fotos/inscrito_6.png', '2006-06-14', NULL, NULL, '2025-10-08 15:53:39', 'Isabela Garcia', 1.85, 'Plano Diretor Sul', NULL, NULL, NULL, 0, NULL, NULL, NULL, 'N', 'N'),
(69, 'Joaquim da Luz', 'M', '5563992090555', 'Sítio de da Mata, 13', 'Silva', 'RJ', 71.80, 'XG', 'casado', 'S', 'Acolhida', 'S', 'Minima', 'S', 'Esposo', 'S', 'S', NULL, 'N', 'S', 9, 2, '879.463.105-01', 'uploads/fotos/inscrito_5.png', '2010-12-27', 'Dolore', NULL, '2025-10-08 15:53:39', 'Ana Clara Barros', 1.85, 'Plano Diretor Sul', NULL, NULL, NULL, 0, NULL, NULL, NULL, 'N', 'N'),
(70, 'Luiza Novaes', 'F', '5563992090555', 'Residencial Cardoso, 4', 'Teixeira da Prata', 'RR', 74.91, 'M', 'viuvo', 'S', 'Catequese', 'S', 'Delectus', 'S', 'Amiga', 'N', 'S', NULL, 'N', 'S', 5, 2, '615.427.038-08', 'uploads/fotos/inscrito_4.png', '2003-06-26', 'Repellendus', NULL, '2025-10-08 15:53:39', 'Fernando Farias', 1.85, 'Plano Diretor Sul', NULL, NULL, NULL, 0, NULL, NULL, NULL, 'N', 'N'),
(71, 'Luiz Otávio Pinto', 'M', '5563992090555', 'Via Mirella Campos, 73', 'Campos do Norte', 'SC', 79.44, 'P', 'viuvo', 'N', 'Catequese', 'S', 'Cupiditate', 'S', 'Irmã', 'N', 'L', NULL, 'N', 'N', NULL, 2, '760.821.594-11', 'uploads/fotos/inscrito_3.png', '1970-03-06', 'Sequi', NULL, '2025-10-08 15:53:39', 'Vitoria Lima', 1.85, 'Plano Diretor Sul', NULL, NULL, NULL, 0, NULL, NULL, NULL, 'N', 'N'),
(72, 'Mariane Duarte', 'F', '5563992090555', 'Viela de Rocha, 81', 'Moreira de Souza', 'RR', 73.01, 'XG', 'casado', 'N', 'Liturgia', 'N', NULL, 'N', 'Vizinho', 'S', 'S', NULL, 'N', 'S', 8, 2, '639.475.208-83', 'uploads/fotos/inscrito_11.png', '1983-06-06', NULL, NULL, '2025-10-08 15:53:39', 'Mauro Torres', 1.85, 'Plano Diretor Sul', NULL, NULL, NULL, 0, NULL, NULL, NULL, 'N', 'N'),
(73, 'Juliana Fernandes', 'F', '5563992090555', 'Ladeira de Caldeira, 28', 'Sales', 'RS', 81.51, 'P', 'viuvo', 'N', 'Coral', 'N', NULL, 'N', 'Irmã', 'S', 'S', NULL, 'N', 'S', 4, 2, '137.602.594-99', 'uploads/fotos/inscrito_11.png', '2004-01-08', NULL, NULL, '2025-10-08 15:53:39', 'Miguel Gomes', 1.85, 'Plano Diretor Sul', NULL, NULL, NULL, 0, NULL, NULL, NULL, 'N', 'N'),
(74, 'Luigi Duarte', 'M', '5563992090555', 'Setor Mendes, 70', 'Nascimento', 'RN', 76.18, 'PP', 'solteiro', 'S', 'Acolhida', 'N', NULL, 'N', 'Parente', 'S', 'S', NULL, 'N', 'S', 12, 2, '312.560.789-21', 'uploads/fotos/inscrito_11.png', '1992-06-11', NULL, NULL, '2025-10-08 15:53:39', 'Fernando Farias', 1.85, 'Plano Diretor Sul', NULL, NULL, NULL, 0, NULL, NULL, NULL, 'N', 'N'),
(75, 'Isabella Carvalho', 'F', '5563992090555', 'Ladeira Maria Eduarda Nunes, 7', 'Souza de Goiás', 'BA', 62.54, 'P', 'casado', 'S', 'Liturgia', 'N', NULL, 'N', 'Parente', 'S', 'S', NULL, 'N', 'S', 3, 2, '527.981.346-09', 'uploads/fotos/inscrito_100.jpg', '1977-09-18', NULL, NULL, '2025-10-08 15:53:39', 'Hugo Mota', 1.85, 'Plano Diretor Sul', NULL, NULL, NULL, 0, NULL, NULL, NULL, 'N', 'N'),
(156, 'Kleber de Azevedo Cardoso', 'M', '(63) 99292-7110', 'Quadra ARSE 13 Alameda 2', 'Palmas', 'TO', 85.00, 'G', 'casado', 'S', NULL, 'N', NULL, 'N', 'Celio Sebastião', 'N', 'D', 'Desistente', 'N', 'N', NULL, 1, '72527994172', 'uploads/fotos_campistas/campista_72527994172_690817652629a.jpeg', '1982-07-25', NULL, '77020-102', '2025-11-02 23:45:57', NULL, 1.76, 'Plano Diretor Sul', NULL, 66, 'S', 27, 'N', 'S', 'S', 'N', 'N'),
(157, 'Kleber de Azevedo Cardoso', 'M', '(63) 99292-7110', 'Quadra ARSE 13 Alameda 2', 'Palmas', 'TO', 85.00, 'G', 'casado', 'S', NULL, 'N', NULL, 'N', 'Celio Sebastião', 'N', 'S', NULL, 'N', 'N', NULL, 2, '72527994172', 'uploads/fotos_campistas/campista_72527994172_6908183ded031.jpeg', '1982-07-25', NULL, '77020-102', '2025-11-02 23:49:33', NULL, 1.76, 'Plano Diretor Sul', NULL, 66, 'S', 27, 'N', 'S', 'S', 'N', 'N');

-- --------------------------------------------------------

--
-- Estrutura para tabela `malas`
--

CREATE TABLE `malas` (
  `id` int NOT NULL,
  `caminho_foto` varchar(150) CHARACTER SET utf8mb4 COLLATE utf8mb4_general_ci DEFAULT NULL,
  `data_chekin` datetime DEFAULT NULL,
  `status` enum('entregue','retirada') CHARACTER SET utf8mb4 COLLATE utf8mb4_general_ci DEFAULT NULL,
  `inscrito_id` int NOT NULL,
  `edicao_id` int NOT NULL
) ENGINE=InnoDB DEFAULT CHARSET=utf8mb4 COLLATE=utf8mb4_general_ci;

-- --------------------------------------------------------

--
-- Estrutura para tabela `ministerio`
--

CREATE TABLE `ministerio` (
  `id` int NOT NULL,
  `nome_ministerio` varchar(100) CHARACTER SET utf8mb4 COLLATE utf8mb4_general_ci NOT NULL,
  `tarefas` longtext CHARACTER SET utf8mb4 COLLATE utf8mb4_general_ci NOT NULL
) ENGINE=InnoDB DEFAULT CHARSET=utf8mb4 COLLATE=utf8mb4_general_ci;

--
-- Despejando dados para a tabela `ministerio`
--

INSERT INTO `ministerio` (`id`, `nome_ministerio`, `tarefas`) VALUES
(1, 'Cozinha', 'fazer flango flito'),
(2, 'Externa', ''),
(3, 'Infra e Logistica', ''),
(4, 'Manutenção', ''),
(5, 'Música', ''),
(6, 'Secretária', ''),
(7, 'Interseção', ''),
(8, 'Tenda', ''),
(9, 'Farmácia', ''),
(10, 'Casa do Pai', ''),
(11, 'Anjos', ''),
(12, 'Ordem e Serviço', ''),
(13, 'Teatro', ''),
(14, 'Condução', ''),
(15, 'Recreação', ''),
(17, 'Externa Missionária', 'Trabalho Externo');

-- --------------------------------------------------------

--
-- Estrutura para tabela `paroquia`
--

CREATE TABLE `paroquia` (
  `id` int NOT NULL,
  `nome_paroquia` varchar(100) CHARACTER SET utf8mb4 COLLATE utf8mb4_general_ci DEFAULT NULL
) ENGINE=InnoDB DEFAULT CHARSET=utf8mb4 COLLATE=utf8mb4_general_ci;

--
-- Despejando dados para a tabela `paroquia`
--

INSERT INTO `paroquia` (`id`, `nome_paroquia`) VALUES
(1, 'São José - Paraíso do Tocantins/TO'),
(2, 'São José - Palmas/TO'),
(3, 'São Judas Tadeu - Palmas/TO'),
(4, 'São Luís Orione - Palmas/TO'),
(5, 'São Paulo Apóstolo - Palmas/TO'),
(6, 'São Paulo Apóstolo - Araguaína/TO'),
(7, 'São Pedro Apóstolo - Ananás/TO'),
(8, 'São Pedro de Alcântara - Carolina/MA'),
(9, 'São Sebastião - Estreito/MA'),
(10, 'São Sebastião - Ribamar Fiquene/MA'),
(11, 'São Sebastião - Tocantínia/TO'),
(13, 'São Vicente de Paulo - Araguaína/TO'),
(14, 'Nossa Senhora de Fátima - Porto Franco/MA'),
(15, 'Nossa Senhora de Nazaré - Santa Terezinha do Tocantins/TO'),
(16, 'Nossa Senhora de Nazaré - Nazaré/TO'),
(17, 'Nossa Senhora Desatadora dos Nós - Palmas/TO'),
(18, 'Nossa Senhora do Carmo - Divinópolis do Tocantins/TO'),
(19, 'Nossa Senhora do Carmo - Carmolândia/TO'),
(20, 'Nossa Senhora do Perpétuo Socorro - João Lisboa/MA'),
(21, 'Nossa Senhora do Perpétuo Socorro - Filadélfia/TO'),
(22, 'Nossa Senhora do Perpétuo Socorro -João Lisboa -MA - Palmas/MA'),
(23, 'Nossa Senhora Imaculada Conceição - Porto Franco/MA'),
(24, 'Paróquia Bom Pastor - Palmas/TO'),
(25, 'Paróquia Coração de Maria - Palmas/TO'),
(26, 'Dom Orione - Palmas/TO'),
(27, 'Igreja Coração de Maria - Palmas/TO'),
(28, 'Igreja Reitoral Imaculado Coração de Maria - Porto Nacional/TO'),
(29, 'Imaculada Conceição - Lizarda/TO'),
(30, 'João Paulo 2 - Imperatriz/MA'),
(31, 'Mãe Rainha - Palmas/TO'),
(32, 'Matriz de Araguatins - Araguatins/MA'),
(33, 'Nossa Senhora Aparecida - Araguaína/TO'),
(34, 'Nossa Senhora Aparecida - Palmas/TO'),
(35, 'Nossa Senhora Aparecida Dom Eliseu - Dom Eliseu/PA'),
(36, 'Nossa Senhora da Consolação - Palmeiras do Tocantins/TO'),
(37, 'Nossa Senhora de Fátima - Imperatriz/MA'),
(38, 'Paróquia São Pedro - Abreulândia/TO'),
(39, 'Paróquia São Pedro Apóstolo - Ananás/TO'),
(40, 'Paróquia São Sebastião - São Sebastião do Tocantins/TO'),
(41, 'P. São José de Queluz - Belém/PA'),
(42, 'Sagrada Família ( Goiânia) - Aparecida de Goiânia/GO'),
(43, 'Sagrado Coração de Jesus - Amarante do Maranhão/MA'),
(44, 'Sagrado Coração de Jesus - Araguaína/TO'),
(45, 'Sagrado Coração de Jesus - Ananás/TO'),
(46, 'Sagrado Coração de Jesus - Olho D\'água dos Cunhãs/MA'),
(47, 'Sagrado Coração de Jesus - Araguaína/TO'),
(48, 'SANTA LUZIA - Brasília/DF'),
(49, 'Paróquia Coração de Maria - Sítio Novo do Tocantins/TO'),
(50, 'Paróquia Jesus de Nazaré - Palmas/TO'),
(51, 'Paróquia Nossa Senhora Aparecida - Wanderlândia/TO'),
(52, 'Paróquia Nossa Senhora Aparecida - Colinas do Tocantins/TO'),
(53, 'Paróquia Nossa Senhora da Conceição. - Wanderlândia/TO'),
(54, 'Paróquia Nossa Senhora da Consolação - Tocantinópolis/TO'),
(55, 'PARÓQUIA NOSSA SENHORA DO CARMO - Araguaína/TO'),
(56, 'Paróquia Nossa Senhora do Perpétuo Socorro - Marabá/PA'),
(57, 'Casa de Maria - Palmas/TO'),
(58, 'Catedral - Palmas/TO'),
(59, 'Catedral Divino Espírito Santo - Palmas/TO'),
(60, 'Catedral Nossa Senhora do Perpétuo Socorro - Marabá/PA'),
(61, 'Comida de São Paulo Apóstolo - Araguaína/TO'),
(62, 'Comunidade Bom Pastor - Abreulândia/TO'),
(63, 'Comunidade Imaculada Conceição - Araguaína/TO'),
(64, 'Comunidade Mãe de Deus - Palmeiras do Tocantins/TO'),
(65, 'Comunidade Santa Luzia - Araguaína/TO'),
(66, 'Coração de Maria - Porto Nacional/TO'),
(67, 'Cristo Salvador - Imperatriz/MA'),
(68, 'Divina Misericórdia - Imperatriz/MA'),
(69, 'Paróquia N. S. Perpétuo Socorro - Palmas/TO'),
(70, 'Paroquia N. S. Perpétuo Socorro - Araguaína/TO'),
(71, 'Paróquia Santa Cruz - Imperatriz/MA'),
(72, 'Paróquia Santa Inês - Imperatriz/MA'),
(73, 'Paróquia Santa Luzia - Porto Nacional/TO'),
(74, 'Paróquia Sant\'Ana - Montes Altos/MA'),
(75, 'Paróquia Santíssimo Sacramento - São Paulo/SP'),
(76, 'Paróquia Santo Antônio - Imperatriz/MA'),
(77, 'Paróquia Santo Antônio - Balsas/MA'),
(78, 'Paróquia São João Batista - Lagoa do Tocantins/TO'),
(79, 'Paróquia São João Batista de Lagoa - Lagoa do Tocantins/TO'),
(80, 'Paróquia São José Carpinteiro - Xinguara/PA'),
(81, 'Paróquia São Pedro - Ananás/TO');

-- --------------------------------------------------------

--
-- Estrutura para tabela `servos`
--

CREATE TABLE `servos` (
  `id` int NOT NULL,
  `cpf` varchar(14) CHARACTER SET utf8mb4 COLLATE utf8mb4_general_ci NOT NULL,
  `nome_servo` varchar(150) CHARACTER SET utf8mb4 COLLATE utf8mb4_general_ci NOT NULL,
  `tema_acampamento` varchar(150) CHARACTER SET utf8mb4 COLLATE utf8mb4_general_ci DEFAULT NULL,
  `telefone` varchar(20) CHARACTER SET utf8mb4 COLLATE utf8mb4_general_ci DEFAULT NULL,
  `data_nascimento` date DEFAULT NULL,
  `sexo` enum('M','F') CHARACTER SET utf8mb4 COLLATE utf8mb4_general_ci DEFAULT NULL,
  `altura` decimal(4,2) DEFAULT NULL,
  `profissao` varchar(100) CHARACTER SET utf8mb4 COLLATE utf8mb4_general_ci DEFAULT NULL,
  `cep` varchar(10) CHARACTER SET utf8mb4 COLLATE utf8mb4_general_ci DEFAULT NULL,
  `endereco` varchar(255) CHARACTER SET utf8mb4 COLLATE utf8mb4_general_ci DEFAULT NULL,
  `bairro` varchar(100) CHARACTER SET utf8mb4 COLLATE utf8mb4_general_ci DEFAULT NULL,
  `cidade` varchar(100) CHARACTER SET utf8mb4 COLLATE utf8mb4_general_ci DEFAULT NULL,
  `estado` char(2) CHARACTER SET utf8mb4 COLLATE utf8mb4_general_ci DEFAULT NULL,
  `batizado` enum('S','N') CHARACTER SET utf8mb4 COLLATE utf8mb4_general_ci DEFAULT NULL,
  `estado_civil` enum('solteiro','casado','viuvo','separado','divorciado') CHARACTER SET utf8mb4 COLLATE utf8mb4_general_ci DEFAULT NULL,
  `paroquia_id` int DEFAULT NULL,
  `pastoral` varchar(255) CHARACTER SET utf8mb4 COLLATE utf8mb4_general_ci DEFAULT NULL,
  `dizimista` enum('S','N') CHARACTER SET utf8mb4 COLLATE utf8mb4_general_ci DEFAULT NULL,
  `tam_camiseta` enum('PP','P','M','G','GG','EXG','EXGG','0','2','4','6','9') CHARACTER SET utf8mb4 COLLATE utf8mb4_general_ci DEFAULT NULL,
  `foto` varchar(255) CHARACTER SET utf8mb4 COLLATE utf8mb4_general_ci DEFAULT NULL,
  `problema_saude` enum('S','N') CHARACTER SET utf8mb4 COLLATE utf8mb4_general_ci DEFAULT NULL,
  `qual_prob_saude` varchar(255) CHARACTER SET utf8mb4 COLLATE utf8mb4_general_ci DEFAULT NULL,
  `medicacao` enum('S','N') CHARACTER SET utf8mb4 COLLATE utf8mb4_general_ci DEFAULT NULL,
  `qual_medicacao` varchar(255) CHARACTER SET utf8mb4 COLLATE utf8mb4_general_ci DEFAULT NULL,
  `disponibilidade` enum('S','N') CHARACTER SET utf8mb4 COLLATE utf8mb4_general_ci DEFAULT NULL,
  `confirma_dados` enum('S','N') CHARACTER SET utf8mb4 COLLATE utf8mb4_general_ci DEFAULT NULL,
  `nome_acampamento_id` int NOT NULL,
  `selecionado` enum('S','N') CHARACTER SET utf8mb4 COLLATE utf8mb4_general_ci DEFAULT NULL,
  `confirmado` enum('S','N') CHARACTER SET utf8mb4 COLLATE utf8mb4_general_ci DEFAULT NULL,
  `ministerio_a_servir` int DEFAULT NULL,
  `taxa` enum('S','N') CHARACTER SET utf8mb4 COLLATE utf8mb4_general_ci DEFAULT NULL,
  `numero` int DEFAULT NULL
) ENGINE=InnoDB DEFAULT CHARSET=utf8mb4 COLLATE=utf8mb4_general_ci;

--
-- Despejando dados para a tabela `servos`
--

INSERT INTO `servos` (`id`, `cpf`, `nome_servo`, `tema_acampamento`, `telefone`, `data_nascimento`, `sexo`, `altura`, `profissao`, `cep`, `endereco`, `bairro`, `cidade`, `estado`, `batizado`, `estado_civil`, `paroquia_id`, `pastoral`, `dizimista`, `tam_camiseta`, `foto`, `problema_saude`, `qual_prob_saude`, `medicacao`, `qual_medicacao`, `disponibilidade`, `confirma_dados`, `nome_acampamento_id`, `selecionado`, `confirmado`, `ministerio_a_servir`, `taxa`, `numero`) VALUES
(22, '999.888.777-22', 'Rafaela Peixoto Reis', 'A Força do Perdão', '(21) 92222-4444', '1977-07-06', 'F', 1.68, 'Aeronauta', '25010-000', 'Avenida da Caridade, 160', 'Jardim Gramacho', 'Duque de Caxias', 'RJ', 'S', 'casado', 1, 'Translado', 'S', 'M', 'uploads/fotos_servos/inscrito_6.png', 'N', NULL, 'N', NULL, 'S', 'S', 2, 'S', 'S', 5, NULL, NULL),
(23, '999.888.777-23', 'Amanda Queiroz Dantas', 'Testemunho e Vida', '(31) 93333-5555', '1996-01-21', 'F', 1.75, 'Vendedora', '32010-000', 'Rua da Esperança, 170', 'Eldorado', 'Contagem', 'MG', 'S', 'solteiro', 1, 'Artesanato', 'S', 'P', 'uploads/fotos_servos/inscrito_6.png', 'N', NULL, 'N', NULL, 'S', 'S', 2, 'S', 'S', 7, 'S', NULL),
(24, '999.888.777-24', 'Lígia Ribeiro Pires', 'O Elo da Paz', '(61) 94444-6666', '1981-06-13', 'F', 1.62, 'Bibliotecária', '72010-000', 'Quadra da União, 180', 'Taguatinga Sul', 'Brasília', 'DF', 'S', 'casado', 1, 'Arquivo', 'S', 'G', 'uploads/fotos_servos/inscrito_6.png', 'N', NULL, 'N', NULL, 'S', 'S', 2, 'S', 'S', 15, NULL, NULL),
(25, '999.888.777-25', 'Juliana Nunes Mello', 'Caminho, Verdade e Vida', '(71) 95555-7777', '1993-10-24', 'F', 1.69, 'Turismóloga', '42010-000', 'Rua do Destino, 190', 'Centro', 'Camaçari', 'BA', 'S', 'solteiro', 1, 'Recepção', 'S', 'M', 'uploads/fotos_servos/inscrito_6.png', 'N', NULL, 'N', NULL, 'S', 'S', 2, 'S', 'S', 11, NULL, NULL),
(26, '999.888.777-26', 'João Pedro Neves', 'A Voz do Mestre', '(11) 98765-1111', '1990-07-20', 'M', 1.80, 'Engenheiro Civil', '02001-001', 'Avenida dos Milagres, 200', 'Santana', 'São Paulo', 'SP', 'S', 'casado', 1, 'Obras', 'S', 'G', 'uploads/fotos_servos/inscrito_6.png', 'N', NULL, 'N', NULL, 'S', 'S', 2, 'S', 'S', 11, NULL, NULL),
(27, '999.888.777-27', 'Miguel de Almeida', 'A Força do Espírito', '(21) 99876-2222', '1987-04-12', 'M', 1.75, 'Professor de História', '21040-000', 'Rua da Sabedoria, 210', 'Bonsucesso', 'Rio de Janeiro', 'RJ', 'S', 'solteiro', 1, 'Formação', 'S', 'M', 'uploads/fotos_servos/inscrito_6.png', 'N', NULL, 'N', NULL, 'S', 'S', 2, 'S', 'S', 2, NULL, NULL),
(28, '999.888.777-28', 'Davi Luiz Santos', 'Pão da Vida', '(31) 97654-3333', '2001-09-02', 'M', 1.85, 'Programador', '33010-000', 'Rua da Inovação, 220', 'Industrial', 'Contagem', 'MG', 'S', 'solteiro', 1, 'Tecnologia', 'N', 'M', 'uploads/fotos_servos/inscrito_6.png', 'N', NULL, 'N', NULL, 'S', 'S', 2, 'S', 'S', 11, NULL, NULL),
(29, '999.888.777-29', 'Arthur Mendes', 'Caminho de Santidade', '(61) 96543-4444', '1970-12-05', 'M', 1.78, 'Geólogo', '73010-000', 'Quadra da Terra, 230', 'Sobradinho', 'Brasília', 'DF', 'S', 'casado', 1, 'Ecologia', 'S', 'G', 'uploads/fotos_servos/inscrito_6.png', 'S', 'Lombalgia', 'S', 'Analgésico', 'S', 'S', 2, 'S', 'S', 9, 'S', NULL),
(30, '999.888.777-30', 'Pedro Henrique Dias', 'Com Maria e Jesus', '(71) 95432-5555', '1993-06-21', 'M', 1.73, 'Eletricista', '45010-000', 'Rua da Luz, 240', 'Centro', 'Vitória da Conquista', 'BA', 'S', 'divorciado', 1, 'Manutenção', 'S', 'P', 'uploads/fotos_servos/inscrito_6.png', 'N', NULL, 'N', NULL, 'S', 'S', 2, 'S', 'S', 2, NULL, NULL),
(31, '999.888.777-31', 'Gabriel Ferreira Guedes', 'O Amor de Deus', '(81) 94321-6666', '1984-03-17', 'M', 1.82, 'Mecânico', '52010-000', 'Avenida do Motor, 250', 'Graças', 'Recife', 'PE', 'S', 'casado', 1, 'Logística', 'S', 'M', 'uploads/fotos_servos/inscrito_6.png', 'N', NULL, 'N', NULL, 'S', 'S', 2, 'S', 'S', 11, NULL, NULL),
(32, '999.888.777-32', 'Matheus Cavalcanti', 'Sede de Deus', '(92) 93210-7777', '1997-10-30', 'M', 1.76, 'Técnico de Segurança', '69030-000', 'Rua da Proteção, 260', 'Redenção', 'Manaus', 'AM', 'S', 'solteiro', 1, 'Segurança', 'N', 'G', 'uploads/fotos_servos/inscrito_6.png', 'N', NULL, 'N', NULL, 'S', 'S', 2, 'S', 'S', 2, NULL, NULL),
(33, '999.888.777-33', 'Lucas Barbosa Costa', 'Alegria do Evangelho', '(51) 92109-8888', '1979-05-11', 'M', 1.74, 'Comerciante', '92010-000', 'Travessa da Venda, 270', 'Centro', 'Canoas', 'RS', 'S', 'casado', 1, 'Promoção de Eventos', 'S', 'M', 'uploads/fotos_servos/inscrito_6.png', 'N', NULL, 'N', NULL, 'S', 'S', 2, 'S', 'S', 15, NULL, NULL),
(34, '999.888.777-34', 'Samuel Pires Lima', 'O Chamado de Cristo', '(85) 91098-9999', '1991-01-26', 'M', 1.83, 'Músico', '62010-000', 'Rua do Som, 280', 'Centro', 'Sobral', 'CE', 'S', 'solteiro', 1, 'Música', 'S', 'P', 'uploads/fotos_servos/inscrito_6.png', 'N', NULL, 'N', NULL, 'S', 'S', 2, 'S', 'S', 5, NULL, NULL),
(35, '999.888.777-35', 'Daniel Rocha', 'O Bom Pastor', '(41) 90987-0000', '1986-08-03', 'M', 1.88, 'Analista de Sistemas', '82010-000', 'Avenida do Código, 290', 'Santa Felicidade', 'Curitiba', 'PR', 'S', 'casado', 1, 'TI', 'S', 'G', 'uploads/fotos_servos/inscrito_6.png', 'N', NULL, 'N', NULL, 'S', 'S', 2, 'S', 'S', 11, NULL, NULL),
(36, '999.888.777-36', 'Rafael Nunes', 'Coragem e Fé', '(11) 91234-5678', '1975-11-19', 'M', 1.77, 'Motorista', '03001-000', 'Rua da Viagem, 300', 'Brás', 'São Paulo', 'SP', 'S', 'casado', 1, 'Transporte', 'S', 'M', 'uploads/fotos_servos/inscrito_6.png', 'N', NULL, 'N', NULL, 'S', 'S', 2, 'S', 'S', 2, NULL, NULL),
(37, '999.888.777-37', 'Enzo Gabriel Santos', 'A Mensagem da Cruz', '(21) 93456-7890', '1998-02-14', 'M', 1.81, 'Eletricista', '23010-000', 'Rua da Força, 310', 'Campo Grande', 'Rio de Janeiro', 'RJ', 'S', 'solteiro', 1, 'Eletricidade', 'N', 'G', 'uploads/fotos_servos/inscrito_6.png', 'N', NULL, 'N', NULL, 'S', 'S', 2, 'S', 'S', 11, NULL, NULL),
(38, '999.888.777-38', 'Guilherme Peixoto', 'A Missão de João', '(31) 94567-8901', '1981-04-28', 'M', 1.72, 'Corretor de Imóveis', '34010-000', 'Avenida da Propriedade, 320', 'Centro', 'Nova Lima', 'MG', 'S', 'casado', 1, 'Patrimônio', 'S', 'P', 'uploads/fotos_servos/inscrito_6.png', 'N', NULL, 'N', NULL, 'S', 'S', 2, 'S', 'S', 11, NULL, NULL),
(39, '999.888.777-39', 'Bruno Alves Farias', 'O Fogo do Amor', '(61) 95678-9012', '1994-09-08', 'M', 1.86, 'Bombeiro Civil', '74010-000', 'Quadra do Resgate, 330', 'Centro', 'Goiânia', 'GO', 'S', 'solteiro', 1, 'Prevenção de Incêndio', 'S', 'EXG', 'uploads/fotos_servos/inscrito_6.png', 'N', NULL, 'N', NULL, 'S', 'S', 2, 'S', 'S', 12, 'S', NULL),
(40, '999.888.777-40', 'Gustavo Gomes Lins', 'Pela Intercessão', '(71) 96789-0123', '1972-01-07', 'M', 1.79, 'Aposentado', '46010-000', 'Rua da Oração, 340', 'Centro', 'Jequié', 'BA', 'S', 'viuvo', 1, 'Intercessão', 'S', 'G', 'uploads/fotos_servos/inscrito_6.png', 'S', 'Artrite', 'S', 'Anti-inflamatório', 'S', 'S', 2, 'S', 'S', 11, NULL, NULL),
(41, '999.888.777-41', 'Felipe Costa', 'A Eucaristia nos Une', '(81) 97890-1234', '1989-11-23', 'M', 1.70, 'Gesseiro', '53010-000', 'Avenida do Gesso, 350', 'Varadouro', 'Olinda', 'PE', 'S', 'casado', 1, 'Decoração', 'S', 'M', 'uploads/fotos_servos/inscrito_6.png', 'N', NULL, 'N', NULL, 'S', 'S', 2, 'S', 'S', 11, NULL, NULL),
(42, '999.888.777-42', 'Ricardo Martins', 'O Poder do Louvor', '(92) 98901-2345', '1995-05-18', 'M', 1.75, 'Vigilante', '69040-000', 'Rua da Vigília, 360', 'Tarumã', 'Manaus', 'AM', 'S', 'solteiro', 1, 'Segurança', 'N', 'G', 'uploads/fotos_servos/inscrito_6.png', 'N', NULL, 'N', NULL, 'S', 'S', 2, 'S', 'S', 5, NULL, NULL),
(43, '999.888.777-43', 'Eduardo Ribeiro', 'A Missão dos Jovens', '(51) 99012-3456', '2002-08-04', 'M', 1.84, 'Estudante', '93010-000', 'Travessa da Juventude, 370', 'Centro', 'São Leopoldo', 'RS', 'S', 'solteiro', 1, 'Grupo de Oração', 'N', 'P', 'uploads/fotos_servos/inscrito_6.png', 'N', NULL, 'N', NULL, 'S', 'S', 2, 'S', 'S', 11, NULL, NULL),
(44, '999.888.777-44', 'Alexandre Souza', 'O Sabor da Partilha', '(85) 90123-4567', '1983-02-09', 'M', 1.78, 'Cozinheiro', '63010-000', 'Rua da Cozinha, 380', 'Centro', 'Juazeiro do Norte', 'CE', 'S', 'casado', 1, 'Alimentação', 'S', 'M', 'uploads/fotos_servos/inscrito_6.png', 'N', NULL, 'N', NULL, 'S', 'S', 2, 'S', 'S', 1, 'S', NULL),
(45, '999.888.777-45', 'Carlos Eduardo', 'O Milagre da Vida', '(41) 91234-5678', '1974-06-25', 'M', 1.80, 'Médico', '83010-000', 'Avenida da Saúde, 390', 'Centro', 'São José dos Pinhais', 'PR', 'S', 'casado', 1, 'Primeiros Socorros', 'S', 'G', 'uploads/fotos_servos/inscrito_6.png', 'S', 'Alergia a Poeira', 'N', NULL, 'S', 'S', 2, 'S', 'S', 12, 'S', NULL),
(46, '999.888.777-46', 'Vicente Ferreira', 'A Misericórdia Vence', '(11) 92345-6789', '1996-03-01', 'M', 1.76, 'Bombeiro Civil', '04000-200', 'Rua do Cuidado, 400', 'Moema', 'São Paulo', 'SP', 'S', 'solteiro', 1, 'Segurança', 'N', 'M', 'uploads/fotos_servos/inscrito_6.png', 'N', NULL, 'N', NULL, 'S', 'S', 2, 'S', 'S', 5, 'S', NULL),
(47, '999.888.777-47', 'Leonardo Pereira', 'A Verdade Liberta', '(21) 93456-7890', '1985-10-10', 'M', 1.83, 'Engenheiro Eletricista', '24010-000', 'Avenida do Saber, 410', 'Icaraí', 'Niterói', 'RJ', 'S', 'casado', 1, 'Multimídia', 'S', 'G', 'uploads/fotos_servos/inscrito_6.png', 'N', NULL, 'N', NULL, 'S', 'S', 2, 'S', 'S', 6, NULL, NULL),
(48, '999.888.777-48', 'Antônio José Lima', 'A Esperança em Cristo', '(31) 94567-8901', '1978-07-29', 'M', 1.71, 'Pedreiro', '35010-000', 'Rua da Construção, 420', 'Centro', 'Governador Valadares', 'MG', 'S', 'casado', 1, 'Estrutura', 'S', 'GG', 'uploads/fotos_servos/inscrito_6.png', 'N', NULL, 'N', NULL, 'S', 'S', 2, 'S', 'S', 10, 'S', NULL),
(49, '999.888.777-49', 'Erick Soares', 'O Amor que Transborda', '(61) 95678-9012', '1999-12-12', 'M', 1.74, 'Publicitário', '75010-000', 'Quadra da Divulgação, 430', 'Centro', 'Anápolis', 'GO', 'S', 'solteiro', 1, 'Redes Sociais', 'N', 'P', 'uploads/fotos_servos/inscrito_6.png', 'N', NULL, 'N', NULL, 'S', 'S', 2, 'S', 'S', 11, NULL, NULL),
(50, '999.888.777-50', 'Roberto Almeida', 'A Graça de Deus', '(71) 96789-0123', '1982-04-03', 'M', 1.80, 'Segurança', '47010-000', 'Rua do Portão, 440', 'Centro', 'Feira de Santana', 'BA', 'S', 'casado', 1, 'Segurança', 'S', 'M', 'uploads/fotos_servos/inscrito_6.png', 'N', NULL, 'N', NULL, 'S', 'S', 2, 'S', 'S', 5, NULL, NULL),
(51, '007.565.871-23', 'Lorena Cardoso', 'Encontrei Meu Lugar', '(63)99209-0555', '1986-04-21', 'F', 1.65, 'Cabelereira', '77.020-102', '108 Sul Alameda 2 N 66', 'Plano Diretor Sul', 'Palmas', 'TO', 'S', 'casado', 25, 'Nenhuma', 'N', 'M', 'uploads/fotos_servos/inscrito_6.png', 'N', 'Nenhum', 'N', 'Não', 'S', 'S', 2, 'S', 'S', 15, NULL, NULL),
(64, '121.911.081-72', 'Sanzio Láercio', 'Tua Graça Me basta', '(62) 99324-4491', '1955-07-18', 'M', 1.74, 'Promotor de Vendas', '74635-120', 'Rua D', 'Vila Viana', 'Goiânia', 'GO', 'S', 'casado', 25, 'Não', 'N', 'G', 'uploads/fotos_servos/inscrito_6.png', 'S', 'Cardiopata', 'S', 'Vários', 'S', 'S', 2, 'S', 'S', 2, NULL, NULL),
(65, '088.958.111-86', 'Benjamin Costa Cardoso', 'Tua Graça Me basta', '(63) 99292-7110', '2017-08-15', 'M', 1.50, 'Estudante', '77020-102', 'Quadra ARSE 13 Alameda 2', 'Plano Diretor Sul', 'Palmas', 'TO', 'S', 'solteiro', NULL, 'Não', 'N', 'P', 'uploads/fotos_servos/inscrito_6.png', 'N', NULL, 'N', NULL, 'S', 'S', 2, 'S', 'S', 4, 'S', NULL),
(66, '099.544.031-08', 'Luna Costa Cardoso', 'Tua Graça Me basta', '(63) 99292-7110', '2019-03-06', 'F', 1.40, 'Estudante', '77020-102', 'Quadra ARSE 13 Alameda 2', 'Plano Diretor Sul', 'Palmas', 'TO', 'N', 'solteiro', NULL, 'Não', 'N', 'PP', 'uploads/fotos_servos/inscrito_6.png', 'N', NULL, 'N', NULL, 'S', 'S', 2, 'S', 'S', 15, NULL, NULL),
(67, '112.556.371-02', 'Lavínia Costa Cardoso', 'Tua Graça Me basta', '(63) 99292-7110', '2021-08-03', 'F', 1.30, 'Estudante', '77020-102', 'Quadra ARSE 13 Alameda 2', 'Plano Diretor Sul', 'Palmas', 'TO', 'N', 'solteiro', 27, 'Não', 'N', '6', 'uploads/fotos_servos/inscrito_6.png', 'N', NULL, 'N', NULL, 'S', 'S', 2, 'S', 'S', 6, NULL, NULL);

-- --------------------------------------------------------

--
-- Estrutura para tabela `servos_camisetas_extras`
--

CREATE TABLE `servos_camisetas_extras` (
  `id` int NOT NULL,
  `tamanho` enum('PP','P','M','G','GG','EXG','EXGG','0','2','4','6','9') CHARACTER SET utf8mb4 COLLATE utf8mb4_0900_ai_ci NOT NULL,
  `servos_id` int DEFAULT NULL
) ENGINE=InnoDB DEFAULT CHARSET=utf8mb4 COLLATE=utf8mb4_general_ci;

-- --------------------------------------------------------

--
-- Estrutura para tabela `servo_ministerios`
--

CREATE TABLE `servo_ministerios` (
  `id` int NOT NULL,
  `servo_id` int NOT NULL,
  `quantidade` int NOT NULL DEFAULT '1',
  `ministerio_id` int DEFAULT NULL,
  `edicao_id` int NOT NULL
) ENGINE=InnoDB DEFAULT CHARSET=utf8mb4 COLLATE=utf8mb4_general_ci;

--
-- Despejando dados para a tabela `servo_ministerios`
--

INSERT INTO `servo_ministerios` (`id`, `servo_id`, `quantidade`, `ministerio_id`, `edicao_id`) VALUES
(22, 22, 3, 7, 0),
(23, 23, 1, 1, 0),
(24, 24, 2, 5, 0),
(25, 25, 1, 1, 0),
(26, 26, 3, 4, 0),
(27, 27, 2, 10, 0),
(28, 28, 1, 6, 0),
(29, 29, 3, 7, 0),
(30, 30, 2, 4, 0),
(31, 31, 1, 7, 0),
(32, 32, 3, 7, 0),
(33, 33, 2, 9, 0),
(34, 34, 1, 2, 0),
(35, 35, 3, 6, 0),
(36, 36, 2, 7, 0),
(37, 37, 1, 4, 0),
(38, 38, 3, 9, 0),
(39, 39, 2, 7, 0),
(40, 40, 1, 8, 0),
(41, 41, 3, 4, 0),
(42, 42, 2, 7, 0),
(43, 43, 1, 10, 0),
(44, 44, 3, 3, 0),
(45, 45, 2, 7, 0),
(46, 46, 1, 7, 0),
(47, 47, 3, 6, 0),
(48, 48, 2, 4, 0),
(49, 49, 1, 6, 0),
(50, 50, 3, 7, 0),
(52, 44, 1, 11, 0);

-- --------------------------------------------------------

--
-- Estrutura para tabela `tentativas_inscricao`
--

CREATE TABLE `tentativas_inscricao` (
  `id` int NOT NULL,
  `status_tentativa` enum('S','N','P','L','D') CHARACTER SET latin1 COLLATE latin1_general_ci NOT NULL,
  `data_registro` datetime DEFAULT NULL,
  `inscrito_id` int NOT NULL,
  `edicao_id` int NOT NULL
) ENGINE=InnoDB DEFAULT CHARSET=utf8mb4 COLLATE=utf8mb4_general_ci;

--
-- Despejando dados para a tabela `tentativas_inscricao`
--

INSERT INTO `tentativas_inscricao` (`id`, `status_tentativa`, `data_registro`, `inscrito_id`, `edicao_id`) VALUES
(2, 'D', NULL, 156, 1),
(3, 'P', NULL, 157, 2);

-- --------------------------------------------------------

--
-- Estrutura para tabela `tribos`
--

CREATE TABLE `tribos` (
  `id` int NOT NULL,
  `nome_tribo` varchar(50) CHARACTER SET utf8mb4 COLLATE utf8mb4_general_ci NOT NULL,
  `cor` varchar(20) CHARACTER SET utf8mb4 COLLATE utf8mb4_general_ci DEFAULT NULL,
  `desc_cor` varchar(45) CHARACTER SET utf8mb4 COLLATE utf8mb4_general_ci DEFAULT NULL,
  `passaporte` varchar(45) CHARACTER SET utf8mb4 COLLATE utf8mb4_general_ci DEFAULT NULL
) ENGINE=InnoDB DEFAULT CHARSET=utf8mb4 COLLATE=utf8mb4_general_ci;

--
-- Despejando dados para a tabela `tribos`
--

INSERT INTO `tribos` (`id`, `nome_tribo`, `cor`, `desc_cor`, `passaporte`) VALUES
(1, 'BENJAMIM', '#702FA0', 'Roxo', NULL),
(2, 'DÃ', '#FF9A00', 'Laranja', NULL),
(3, 'EFRAIM', '#00B0F0', 'Azul Claro', NULL),
(4, 'GAD', '#262726', 'Preto', NULL),
(5, 'JOSÉ', '#FE00FF', 'Rosa Pink', NULL),
(6, 'JUDÁ', '#FE0000', 'Vermelho', NULL),
(7, 'LEVI', '#FFCCFF', 'Rosa', NULL),
(8, 'MANASSÉS', '#0505D1', 'Azul Escuro', NULL),
(9, 'NEFTALI', '#996634', 'Marrom', NULL),
(10, 'RUBEM', '#FFFE00', 'Amarelo', NULL),
(11, 'SIMEÃO', '#00AF50', 'Verde Escuro', NULL),
(12, 'ZABULON', '#93CF50', 'Verde Claro', NULL);

--
-- Índices para tabelas despejadas
--

--
-- Índices de tabela `anjo_tribo`
--
ALTER TABLE `anjo_tribo`
  ADD PRIMARY KEY (`id`),
  ADD KEY `fk_anjo_tribo_servos1_idx` (`servos_id`),
  ADD KEY `fk_anjo_tribo_tribos1_idx` (`tribos_id`),
  ADD KEY `fk_anjo_tribo_edicao1_idx` (`edicao_id`);

--
-- Índices de tabela `contatos`
--
ALTER TABLE `contatos`
  ADD PRIMARY KEY (`idcontatos`),
  ADD KEY `fk_contatos_inscritos1_idx` (`inscrito_id`);

--
-- Índices de tabela `coordenador`
--
ALTER TABLE `coordenador`
  ADD PRIMARY KEY (`id`),
  ADD KEY `fk_coordenador_ministerio1_idx` (`ministerio_id`),
  ADD KEY `fk_coordenador_edicao1_idx` (`edicao_id`);

--
-- Índices de tabela `edicao`
--
ALTER TABLE `edicao`
  ADD PRIMARY KEY (`id`);

--
-- Índices de tabela `inscritos`
--
ALTER TABLE `inscritos`
  ADD PRIMARY KEY (`id`),
  ADD KEY `fk_tribos_inscritos` (`tribos_id`),
  ADD KEY `fk_inscritos_nome_acampamento1_idx` (`nome_acampamento_id`),
  ADD KEY `fk_inscritos_paroquia2_idx` (`paroquia_id`);

--
-- Índices de tabela `malas`
--
ALTER TABLE `malas`
  ADD PRIMARY KEY (`id`),
  ADD KEY `fk_malas_inscritos1_idx` (`inscrito_id`),
  ADD KEY `fk_malas_edicao1_idx` (`edicao_id`);

--
-- Índices de tabela `ministerio`
--
ALTER TABLE `ministerio`
  ADD PRIMARY KEY (`id`);

--
-- Índices de tabela `paroquia`
--
ALTER TABLE `paroquia`
  ADD PRIMARY KEY (`id`);

--
-- Índices de tabela `servos`
--
ALTER TABLE `servos`
  ADD PRIMARY KEY (`id`),
  ADD UNIQUE KEY `cpf` (`cpf`),
  ADD KEY `paroquia_id` (`paroquia_id`),
  ADD KEY `fk_servos_edicao1_idx` (`nome_acampamento_id`),
  ADD KEY `fk_servos_ministerio1_idx` (`ministerio_a_servir`);

--
-- Índices de tabela `servos_camisetas_extras`
--
ALTER TABLE `servos_camisetas_extras`
  ADD PRIMARY KEY (`id`),
  ADD KEY `fk_servos_camisetas_extras_servos1_idx` (`servos_id`);

--
-- Índices de tabela `servo_ministerios`
--
ALTER TABLE `servo_ministerios`
  ADD PRIMARY KEY (`id`),
  ADD KEY `servo_id` (`servo_id`),
  ADD KEY `fk_servo_ministerios_ministerio1_idx` (`ministerio_id`),
  ADD KEY `fk_servo_ministerios_edicao1_idx` (`edicao_id`);

--
-- Índices de tabela `tentativas_inscricao`
--
ALTER TABLE `tentativas_inscricao`
  ADD PRIMARY KEY (`id`),
  ADD KEY `fk_tentativas_inscricao_inscritos1_idx` (`inscrito_id`),
  ADD KEY `fk_tentativas_inscricao_edicao1_idx` (`edicao_id`);

--
-- Índices de tabela `tribos`
--
ALTER TABLE `tribos`
  ADD PRIMARY KEY (`id`);

--
-- AUTO_INCREMENT para tabelas despejadas
--

--
-- AUTO_INCREMENT de tabela `anjo_tribo`
--
ALTER TABLE `anjo_tribo`
  MODIFY `id` int NOT NULL AUTO_INCREMENT, AUTO_INCREMENT=4;

--
-- AUTO_INCREMENT de tabela `contatos`
--
ALTER TABLE `contatos`
  MODIFY `idcontatos` int NOT NULL AUTO_INCREMENT, AUTO_INCREMENT=13;

--
-- AUTO_INCREMENT de tabela `coordenador`
--
ALTER TABLE `coordenador`
  MODIFY `id` int NOT NULL AUTO_INCREMENT, AUTO_INCREMENT=9;

--
-- AUTO_INCREMENT de tabela `edicao`
--
ALTER TABLE `edicao`
  MODIFY `id` int NOT NULL AUTO_INCREMENT, AUTO_INCREMENT=5;

--
-- AUTO_INCREMENT de tabela `inscritos`
--
ALTER TABLE `inscritos`
  MODIFY `id` int NOT NULL AUTO_INCREMENT, AUTO_INCREMENT=158;

--
-- AUTO_INCREMENT de tabela `malas`
--
ALTER TABLE `malas`
  MODIFY `id` int NOT NULL AUTO_INCREMENT;

--
-- AUTO_INCREMENT de tabela `ministerio`
--
ALTER TABLE `ministerio`
  MODIFY `id` int NOT NULL AUTO_INCREMENT, AUTO_INCREMENT=18;

--
-- AUTO_INCREMENT de tabela `paroquia`
--
ALTER TABLE `paroquia`
  MODIFY `id` int NOT NULL AUTO_INCREMENT, AUTO_INCREMENT=82;

--
-- AUTO_INCREMENT de tabela `servos`
--
ALTER TABLE `servos`
  MODIFY `id` int NOT NULL AUTO_INCREMENT, AUTO_INCREMENT=73;

--
-- AUTO_INCREMENT de tabela `servos_camisetas_extras`
--
ALTER TABLE `servos_camisetas_extras`
  MODIFY `id` int NOT NULL AUTO_INCREMENT, AUTO_INCREMENT=3;

--
-- AUTO_INCREMENT de tabela `servo_ministerios`
--
ALTER TABLE `servo_ministerios`
  MODIFY `id` int NOT NULL AUTO_INCREMENT, AUTO_INCREMENT=63;

--
-- AUTO_INCREMENT de tabela `tentativas_inscricao`
--
ALTER TABLE `tentativas_inscricao`
  MODIFY `id` int NOT NULL AUTO_INCREMENT, AUTO_INCREMENT=4;

--
-- AUTO_INCREMENT de tabela `tribos`
--
ALTER TABLE `tribos`
  MODIFY `id` int NOT NULL AUTO_INCREMENT, AUTO_INCREMENT=13;

--
-- Restrições para tabelas despejadas
--

--
-- Restrições para tabelas `anjo_tribo`
--
ALTER TABLE `anjo_tribo`
  ADD CONSTRAINT `fk_anjo_tribo_edicao1` FOREIGN KEY (`edicao_id`) REFERENCES `edicao` (`id`),
  ADD CONSTRAINT `fk_anjo_tribo_servos1` FOREIGN KEY (`servos_id`) REFERENCES `servos` (`id`),
  ADD CONSTRAINT `fk_anjo_tribo_tribos1` FOREIGN KEY (`tribos_id`) REFERENCES `tribos` (`id`);

--
-- Restrições para tabelas `contatos`
--
ALTER TABLE `contatos`
  ADD CONSTRAINT `fk_contatos_inscritos1` FOREIGN KEY (`inscrito_id`) REFERENCES `inscritos` (`id`);

--
-- Restrições para tabelas `coordenador`
--
ALTER TABLE `coordenador`
  ADD CONSTRAINT `fk_coordenador_edicao1` FOREIGN KEY (`edicao_id`) REFERENCES `edicao` (`id`),
  ADD CONSTRAINT `fk_coordenador_ministerio1` FOREIGN KEY (`ministerio_id`) REFERENCES `ministerio` (`id`);

--
-- Restrições para tabelas `inscritos`
--
ALTER TABLE `inscritos`
  ADD CONSTRAINT `fk_inscritos_nome_acampamento1` FOREIGN KEY (`nome_acampamento_id`) REFERENCES `edicao` (`id`),
  ADD CONSTRAINT `fk_inscritos_paroquia2` FOREIGN KEY (`paroquia_id`) REFERENCES `paroquia` (`id`),
  ADD CONSTRAINT `fk_tribos_inscritos` FOREIGN KEY (`tribos_id`) REFERENCES `tribos` (`id`);

--
-- Restrições para tabelas `malas`
--
ALTER TABLE `malas`
  ADD CONSTRAINT `fk_malas_edicao1` FOREIGN KEY (`edicao_id`) REFERENCES `edicao` (`id`),
  ADD CONSTRAINT `fk_malas_inscritos1` FOREIGN KEY (`inscrito_id`) REFERENCES `inscritos` (`id`);

--
-- Restrições para tabelas `servos`
--
ALTER TABLE `servos`
  ADD CONSTRAINT `fk_servos_edicao1` FOREIGN KEY (`nome_acampamento_id`) REFERENCES `edicao` (`id`),
  ADD CONSTRAINT `fk_servos_ministerio1` FOREIGN KEY (`ministerio_a_servir`) REFERENCES `ministerio` (`id`),
  ADD CONSTRAINT `servos_ibfk_1` FOREIGN KEY (`paroquia_id`) REFERENCES `paroquia` (`id`);

--
-- Restrições para tabelas `servos_camisetas_extras`
--
ALTER TABLE `servos_camisetas_extras`
  ADD CONSTRAINT `fk_servos_camisetas_extras_servos1` FOREIGN KEY (`servos_id`) REFERENCES `servos` (`id`) ON DELETE CASCADE ON UPDATE CASCADE;

--
-- Restrições para tabelas `servo_ministerios`
--
ALTER TABLE `servo_ministerios`
  ADD CONSTRAINT `fk_servo_ministerios_edicao1` FOREIGN KEY (`edicao_id`) REFERENCES `edicao` (`id`),
  ADD CONSTRAINT `fk_servo_ministerios_ministerio1` FOREIGN KEY (`ministerio_id`) REFERENCES `ministerio` (`id`),
  ADD CONSTRAINT `servo_ministerios_ibfk_1` FOREIGN KEY (`servo_id`) REFERENCES `servos` (`id`) ON DELETE CASCADE;

--
-- Restrições para tabelas `tentativas_inscricao`
--
ALTER TABLE `tentativas_inscricao`
  ADD CONSTRAINT `fk_tentativas_inscricao_edicao1` FOREIGN KEY (`edicao_id`) REFERENCES `edicao` (`id`),
  ADD CONSTRAINT `fk_tentativas_inscricao_inscritos1` FOREIGN KEY (`inscrito_id`) REFERENCES `inscritos` (`id`);
COMMIT;

